{"version":"1.0","provider_name":"Instytut Polski w Sztokholmie","provider_url":"https:\/\/instytutpolski.pl\/stockholm","author_name":"treichelp","author_url":"https:\/\/instytutpolski.pl\/stockholm\/author\/treichelp\/","title":"MOTHERS. A SONG FOR WARTIME p\u00e5 REACT-festivalen - Instytut Polski w Sztokholmie","type":"rich","width":600,"height":338,"html":"<blockquote class=\"wp-embedded-content\" data-secret=\"1S2mPHcbWf\"><a href=\"https:\/\/instytutpolski.pl\/stockholm\/2026\/01\/12\/mothers-a-song-for-wartime-pa-react-festivalen\/\">MOTHERS. A SONG FOR WARTIME p\u00e5 REACT-festivalen<\/a><\/blockquote><iframe sandbox=\"allow-scripts\" security=\"restricted\" src=\"https:\/\/instytutpolski.pl\/stockholm\/2026\/01\/12\/mothers-a-song-for-wartime-pa-react-festivalen\/embed\/#?secret=1S2mPHcbWf\" width=\"600\" height=\"338\" title=\"&#8222;MOTHERS. A SONG FOR WARTIME p\u00e5 REACT-festivalen&#8221; &#8212; Instytut Polski w Sztokholmie\" data-secret=\"1S2mPHcbWf\" frameborder=\"0\" marginwidth=\"0\" marginheight=\"0\" scrolling=\"no\" class=\"wp-embedded-content\"><\/iframe><script type=\"text\/javascript\">\n\/* <![CDATA[ *\/\n\/*! This file is auto-generated *\/\n!function(d,l){\"use strict\";l.querySelector&&d.addEventListener&&\"undefined\"!=typeof URL&&(d.wp=d.wp||{},d.wp.receiveEmbedMessage||(d.wp.receiveEmbedMessage=function(e){var t=e.data;if((t||t.secret||t.message||t.value)&&!\/[^a-zA-Z0-9]\/.test(t.secret)){for(var s,r,n,a=l.querySelectorAll('iframe[data-secret=\"'+t.secret+'\"]'),o=l.querySelectorAll('blockquote[data-secret=\"'+t.secret+'\"]'),c=new RegExp(\"^https?:$\",\"i\"),i=0;i<o.length;i++)o[i].style.display=\"none\";for(i=0;i<a.length;i++)s=a[i],e.source===s.contentWindow&&(s.removeAttribute(\"style\"),\"height\"===t.message?(1e3<(r=parseInt(t.value,10))?r=1e3:~~r<200&&(r=200),s.height=r):\"link\"===t.message&&(r=new URL(s.getAttribute(\"src\")),n=new URL(t.value),c.test(n.protocol))&&n.host===r.host&&l.activeElement===s&&(d.top.location.href=t.value))}},d.addEventListener(\"message\",d.wp.receiveEmbedMessage,!1),l.addEventListener(\"DOMContentLoaded\",function(){for(var e,t,s=l.querySelectorAll(\"iframe.wp-embedded-content\"),r=0;r<s.length;r++)(t=(e=s[r]).getAttribute(\"data-secret\"))||(t=Math.random().toString(36).substring(2,12),e.src+=\"#?secret=\"+t,e.setAttribute(\"data-secret\",t)),e.contentWindow.postMessage({message:\"ready\",secret:t},\"*\")},!1)))}(window,document);\n\/* ]]> *\/\n<\/script>\n","thumbnail_url":"https:\/\/instytutpolski.pl\/stockholm\/wp-content\/uploads\/sites\/17\/2026\/01\/Hemsida_banners.jpg","thumbnail_width":1120,"thumbnail_height":630,"description":"Riksteaterns nya internationella turnerande festival, REACT, presenterar n\u00e5gra av v\u00e4rldens mest kompromissl\u00f6sa och angel\u00e4gna konstn\u00e4rskap. Festivalen ska vara \u00e5terkommande varje v\u00e5r och erbjuda publik fr\u00e5n norr till s\u00f6der p\u00e5 internationella scenkonstsucc\u00e9er av h\u00f6gsta kvalitet. REACT &#8211; Riksteaterns internationella festival sl\u00e5r upp portarna v\u00e5ren 2026. BILJETTERNA Under REACT-festivalen i Stockholm m\u00f6ter Riksteaterns teaterchef och konstn\u00e4rliga ledare [&hellip;]"}

MOTHERS. A SONG FOR WARTIME på REACT-festivalen - Instytut Polski w Sztokholmie

<blockquote class="wp-embedded-content" data-secret="1S2mPHcbWf"><a href="https://instytutpolski.pl/stockholm/2026/01/12/mothers-a-song-for-wartime-pa-react-festivalen/">MOTHERS. A SONG FOR WARTIME på REACT-festivalen</a></blockquote><iframe sandbox="allow-scripts" security="restricted" src="https://instytutpolski.pl/stockholm/2026/01/12/mothers-a-song-for-wartime-pa-react-festivalen/embed/#?secret=1S2mPHcbWf" width="600" height="338" title="&#8222;MOTHERS. A SONG FOR WARTIME på REACT-festivalen&#8221; &#8212; Instytut Polski w Sztokholmie" data-secret="1S2mPHcbWf" frameborder="0" marginwidth="0" marginheight="0" scrolling="no" class="wp-embedded-content"></iframe><script type="text/javascript">
/* <![CDATA[ */
/*! This file is auto-generated */
!function(d,l){"use strict";l.querySelector&&d.addEventListener&&"undefined"!=typeof URL&&(d.wp=d.wp||{},d.wp.receiveEmbedMessage||(d.wp.receiveEmbedMessage=function(e){var t=e.data;if((t||t.secret||t.message||t.value)&&!/[^a-zA-Z0-9]/.test(t.secret)){for(var s,r,n,a=l.querySelectorAll('iframe[data-secret="'+t.secret+'"]'),o=l.querySelectorAll('blockquote[data-secret="'+t.secret+'"]'),c=new RegExp("^https?:$","i"),i=0;i<o.length;i++)o[i].style.display="none";for(i=0;i<a.length;i++)s=a[i],e.source===s.contentWindow&&(s.removeAttribute("style"),"height"===t.message?(1e3<(r=parseInt(t.value,10))?r=1e3:~~r<200&&(r=200),s.height=r):"link"===t.message&&(r=new URL(s.getAttribute("src")),n=new URL(t.value),c.test(n.protocol))&&n.host===r.host&&l.activeElement===s&&(d.top.location.href=t.value))}},d.addEventListener("message",d.wp.receiveEmbedMessage,!1),l.addEventListener("DOMContentLoaded",function(){for(var e,t,s=l.querySelectorAll("iframe.wp-embedded-content"),r=0;r<s.length;r++)(t=(e=s[r]).getAttribute("data-secret"))||(t=Math.random().toString(36).substring(2,12),e.src+="#?secret="+t,e.setAttribute("data-secret",t)),e.contentWindow.postMessage({message:"ready",secret:t},"*")},!1)))}(window,document);
/* ]]> */
</script>

Riksteaterns nya internationella turnerande festival, REACT, presenterar några av världens mest kompromisslösa och angelägna konstnärskap. Festivalen ska vara återkommande varje vår och erbjuda publik från norr till söder på internationella scenkonstsuccéer av högsta kvalitet. REACT &#8211; Riksteaterns internationella festival slår upp portarna våren 2026. BILJETTERNA Under REACT-festivalen i Stockholm möter Riksteaterns teaterchef och konstnärliga ledare [&hellip;]
