{"version":"1.0","provider_name":"Instytut Polski w Sztokholmie","provider_url":"https:\/\/instytutpolski.pl\/stockholm","author_name":"treichelp","author_url":"https:\/\/instytutpolski.pl\/stockholm\/author\/treichelp\/","title":"Literacki lunch noblowski na Medborgarplatsen - Instytut Polski w Sztokholmie","type":"rich","width":600,"height":338,"html":"<blockquote class=\"wp-embedded-content\" data-secret=\"9mxeYsScYn\"><a href=\"https:\/\/instytutpolski.pl\/stockholm\/pl\/2025\/04\/15\/literacki-lunch-noblowski-na-medborgarplatsen\/\">Literacki lunch noblowski na Medborgarplatsen<\/a><\/blockquote><iframe sandbox=\"allow-scripts\" security=\"restricted\" src=\"https:\/\/instytutpolski.pl\/stockholm\/pl\/2025\/04\/15\/literacki-lunch-noblowski-na-medborgarplatsen\/embed\/#?secret=9mxeYsScYn\" width=\"600\" height=\"338\" title=\"&#8222;Literacki lunch noblowski na Medborgarplatsen&#8221; &#8212; Instytut Polski w Sztokholmie\" data-secret=\"9mxeYsScYn\" frameborder=\"0\" marginwidth=\"0\" marginheight=\"0\" scrolling=\"no\" class=\"wp-embedded-content\"><\/iframe><script type=\"text\/javascript\">\n\/* <![CDATA[ *\/\n\/*! This file is auto-generated *\/\n!function(d,l){\"use strict\";l.querySelector&&d.addEventListener&&\"undefined\"!=typeof URL&&(d.wp=d.wp||{},d.wp.receiveEmbedMessage||(d.wp.receiveEmbedMessage=function(e){var t=e.data;if((t||t.secret||t.message||t.value)&&!\/[^a-zA-Z0-9]\/.test(t.secret)){for(var s,r,n,a=l.querySelectorAll('iframe[data-secret=\"'+t.secret+'\"]'),o=l.querySelectorAll('blockquote[data-secret=\"'+t.secret+'\"]'),c=new RegExp(\"^https?:$\",\"i\"),i=0;i<o.length;i++)o[i].style.display=\"none\";for(i=0;i<a.length;i++)s=a[i],e.source===s.contentWindow&&(s.removeAttribute(\"style\"),\"height\"===t.message?(1e3<(r=parseInt(t.value,10))?r=1e3:~~r<200&&(r=200),s.height=r):\"link\"===t.message&&(r=new URL(s.getAttribute(\"src\")),n=new URL(t.value),c.test(n.protocol))&&n.host===r.host&&l.activeElement===s&&(d.top.location.href=t.value))}},d.addEventListener(\"message\",d.wp.receiveEmbedMessage,!1),l.addEventListener(\"DOMContentLoaded\",function(){for(var e,t,s=l.querySelectorAll(\"iframe.wp-embedded-content\"),r=0;r<s.length;r++)(t=(e=s[r]).getAttribute(\"data-secret\"))||(t=Math.random().toString(36).substring(2,12),e.src+=\"#?secret=\"+t,e.setAttribute(\"data-secret\",t)),e.contentWindow.postMessage({message:\"ready\",secret:t},\"*\")},!1)))}(window,document);\n\/* ]]> *\/\n<\/script>\n","thumbnail_url":"https:\/\/instytutpolski.pl\/stockholm\/wp-content\/uploads\/sites\/17\/2025\/04\/Podsumowanie_Nobellunch_Medis_DeAderton.jpg","thumbnail_width":1120,"thumbnail_height":630,"description":"Dzi\u0119ki producentce Elise Cervin oraz aktorom Nathalie Czarnecki i Micha\u0142owi Axelowi Piotrowskiemu (kt\u00f3ry zast\u0105pi\u0142 Dan\u0119 Rechowicz), a tak\u017ce Ami Kim z Korea\u0144skiego Centrum Kultury i Alice Thorburn z Biblioteki Transtr\u00f6mera \u2013 us\u0142yszeli\u015bmy wiersze Chmury i Mapa Wis\u0142awy Szymborskiej, fragment powie\u015bci Prowad\u017a sw\u00f3j p\u0142ug przez ko\u015bci umar\u0142ych Olgi Tokarczuk oraz fragment powie\u015bci Nadchodzi ch\u0142opiec Han Kang [&hellip;]"}

Dzięki producentce Elise Cervin oraz aktorom Nathalie Czarnecki i Michałowi Axelowi Piotrowskiemu (który zastąpił Danę Rechowicz), a także Ami Kim z Koreańskiego Centrum Kultury i Alice Thorburn z Biblioteki Tranströmera – usłyszeliśmy wiersze Chmury i Mapa Wisławy Szymborskiej, fragment powieści Prowadź swój pług przez kości umarłych Olgi Tokarczuk oraz fragment powieści Nadchodzi chłopiec Han Kang [&hellip;]
