{"id":183,"date":"2019-06-05T08:53:47","date_gmt":"2019-06-05T06:53:47","guid":{"rendered":"https:\/\/instytutpolski.pl\/sztokholm\/?page_id=183"},"modified":"2025-12-01T11:55:33","modified_gmt":"2025-12-01T10:55:33","slug":"kontakt-2","status":"publish","type":"page","link":"https:\/\/instytutpolski.pl\/stockholm\/pl\/kontakt-2\/","title":{"rendered":"Kontakt"},"content":{"rendered":"\n<p><strong>Instytut Polski w  Sztokholmie<\/strong><\/p>\n\n\n\n<p><br><strong>Adres:<\/strong><br>Friggagatan 4<br>114 27 Sztokholm<br>Szwecja<br><strong><br>Telefony oraz godziny pracy:<\/strong><br>poniedzia\u0142ek &#8211; pi\u0105tek<br>9:00 &#8211; 17:00<br>(0046) 8 50 57 50 80<br><a href=\"mailto:sztokholm@instytutpolski.pl\" target=\"_blank\" rel=\"noreferrer noopener\">sztokholm@instytutpolski.pl<\/a><\/p>\n\n\n\n<p class=\"has-vivid-red-color has-text-color has-link-color wp-elements-6cc7c557022e8f38c080c03e1708f88a\">Uprzejmie informujemy, \u017ce adres e-mail: <em>sztokholm.instytutpolski.pl@hotmail.com<\/em>&nbsp;<strong><span style=\"text-decoration: underline\">nie jest<\/span><\/strong> oficjalnym adresem Instytutu Polskiego w Sztokholmie.<\/p>\n\n\n\n<p><br><em>Wizyty, tylko po wcze\u015bniejszym um\u00f3wieniu si\u0119. Aby um\u00f3wi\u0107 spotkanie, prosimy o wcze\u015bniejszy kontakt telefoniczny w godzinach pracy Instytutu.<\/em><\/p>\n","protected":false},"excerpt":{"rendered":"<p>Instytut Polski w Sztokholmie Adres:Friggagatan 4114 27 SztokholmSzwecjaTelefony oraz godziny pracy:poniedzia\u0142ek &#8211; pi\u0105tek9:00 &#8211; 17:00(0046) 8 50 57 50 80sztokholm@instytutpolski.pl Uprzejmie informujemy, \u017ce adres e-mail: sztokholm.instytutpolski.pl@hotmail.com&nbsp;nie jest oficjalnym adresem Instytutu Polskiego w Sztokholmie. Wizyty, tylko po wcze\u015bniejszym um\u00f3wieniu si\u0119. Aby um\u00f3wi\u0107 spotkanie, prosimy o wcze\u015bniejszy kontakt telefoniczny w godzinach pracy Instytutu.<\/p>\n","protected":false},"author":9,"featured_media":2719,"parent":0,"menu_order":0,"comment_status":"closed","ping_status":"closed","template":"","meta":{"inline_featured_image":false,"_monsterinsights_skip_tracking":false,"_monsterinsights_sitenote_active":false,"_monsterinsights_sitenote_note":"","_monsterinsights_sitenote_category":0,"footnotes":""},"class_list":["post-183","page","type-page","status-publish","has-post-thumbnail","hentry"],"yoast_head":"<!-- This site is optimized with the Yoast SEO plugin v24.6 - https:\/\/yoast.com\/wordpress\/plugins\/seo\/ -->\n<title>Kontakt - Instytut Polski w Sztokholmie<\/title>\n<meta name=\"robots\" content=\"index, follow, max-snippet:-1, max-image-preview:large, max-video-preview:-1\" \/>\n<link rel=\"canonical\" href=\"https:\/\/instytutpolski.pl\/stockholm\/pl\/kontakt-2\/\" \/>\n<meta property=\"og:locale\" content=\"pl_PL\" \/>\n<meta property=\"og:type\" content=\"article\" \/>\n<meta property=\"og:title\" content=\"Kontakt - Instytut Polski w Sztokholmie\" \/>\n<meta property=\"og:description\" content=\"Instytut Polski w Sztokholmie Adres:Friggagatan 4114 27 SztokholmSzwecjaTelefony oraz godziny pracy:poniedzia\u0142ek &#8211; pi\u0105tek9:00 &#8211; 17:00(0046) 8 50 57 50 80sztokholm@instytutpolski.pl Uprzejmie informujemy, \u017ce adres e-mail: sztokholm.instytutpolski.pl@hotmail.com&nbsp;nie jest oficjalnym adresem Instytutu Polskiego w Sztokholmie. Wizyty, tylko po wcze\u015bniejszym um\u00f3wieniu si\u0119. Aby um\u00f3wi\u0107 spotkanie, prosimy o wcze\u015bniejszy kontakt telefoniczny w godzinach pracy Instytutu.\" \/>\n<meta property=\"og:url\" content=\"https:\/\/instytutpolski.pl\/stockholm\/pl\/kontakt-2\/\" \/>\n<meta property=\"og:site_name\" content=\"Instytut Polski w Sztokholmie\" \/>\n<meta property=\"article:modified_time\" content=\"2025-12-01T10:55:33+00:00\" \/>\n<meta property=\"og:image\" content=\"https:\/\/instytutpolski.pl\/stockholm\/wp-content\/uploads\/sites\/17\/2020\/06\/corinne-kutz-tMI2_-r5Nfo-unsplash.jpg\" \/>\n\t<meta property=\"og:image:width\" content=\"2000\" \/>\n\t<meta property=\"og:image:height\" content=\"1333\" \/>\n\t<meta property=\"og:image:type\" content=\"image\/jpeg\" \/>\n<meta name=\"twitter:card\" content=\"summary_large_image\" \/>\n<meta name=\"twitter:label1\" content=\"Szacowany czas czytania\" \/>\n\t<meta name=\"twitter:data1\" content=\"1 minuta\" \/>\n<script type=\"application\/ld+json\" class=\"yoast-schema-graph\">{\"@context\":\"https:\/\/schema.org\",\"@graph\":[{\"@type\":\"WebPage\",\"@id\":\"https:\/\/instytutpolski.pl\/stockholm\/pl\/kontakt-2\/\",\"url\":\"https:\/\/instytutpolski.pl\/stockholm\/pl\/kontakt-2\/\",\"name\":\"Kontakt - Instytut Polski w Sztokholmie\",\"isPartOf\":{\"@id\":\"https:\/\/instytutpolski.pl\/stockholm\/#website\"},\"primaryImageOfPage\":{\"@id\":\"https:\/\/instytutpolski.pl\/stockholm\/pl\/kontakt-2\/#primaryimage\"},\"image\":{\"@id\":\"https:\/\/instytutpolski.pl\/stockholm\/pl\/kontakt-2\/#primaryimage\"},\"thumbnailUrl\":\"https:\/\/instytutpolski.pl\/stockholm\/wp-content\/uploads\/sites\/17\/2020\/06\/corinne-kutz-tMI2_-r5Nfo-unsplash.jpg\",\"datePublished\":\"2019-06-05T06:53:47+00:00\",\"dateModified\":\"2025-12-01T10:55:33+00:00\",\"breadcrumb\":{\"@id\":\"https:\/\/instytutpolski.pl\/stockholm\/pl\/kontakt-2\/#breadcrumb\"},\"inLanguage\":\"pl-PL\",\"potentialAction\":[{\"@type\":\"ReadAction\",\"target\":[\"https:\/\/instytutpolski.pl\/stockholm\/pl\/kontakt-2\/\"]}]},{\"@type\":\"ImageObject\",\"inLanguage\":\"pl-PL\",\"@id\":\"https:\/\/instytutpolski.pl\/stockholm\/pl\/kontakt-2\/#primaryimage\",\"url\":\"https:\/\/instytutpolski.pl\/stockholm\/wp-content\/uploads\/sites\/17\/2020\/06\/corinne-kutz-tMI2_-r5Nfo-unsplash.jpg\",\"contentUrl\":\"https:\/\/instytutpolski.pl\/stockholm\/wp-content\/uploads\/sites\/17\/2020\/06\/corinne-kutz-tMI2_-r5Nfo-unsplash.jpg\",\"width\":2000,\"height\":1333},{\"@type\":\"BreadcrumbList\",\"@id\":\"https:\/\/instytutpolski.pl\/stockholm\/pl\/kontakt-2\/#breadcrumb\",\"itemListElement\":[{\"@type\":\"ListItem\",\"position\":1,\"name\":\"Home\",\"item\":\"https:\/\/instytutpolski.pl\/stockholm\/\"},{\"@type\":\"ListItem\",\"position\":2,\"name\":\"Kontakt\"}]},{\"@type\":\"WebSite\",\"@id\":\"https:\/\/instytutpolski.pl\/stockholm\/#website\",\"url\":\"https:\/\/instytutpolski.pl\/stockholm\/\",\"name\":\"Instytut Polski w Sztokholmie\",\"description\":\"Instytuty Polskie\",\"potentialAction\":[{\"@type\":\"SearchAction\",\"target\":{\"@type\":\"EntryPoint\",\"urlTemplate\":\"https:\/\/instytutpolski.pl\/stockholm\/?s={search_term_string}\"},\"query-input\":{\"@type\":\"PropertyValueSpecification\",\"valueRequired\":true,\"valueName\":\"search_term_string\"}}],\"inLanguage\":\"pl-PL\"}]}<\/script>\n<!-- \/ Yoast SEO plugin. -->","yoast_head_json":{"title":"Kontakt - Instytut Polski w Sztokholmie","robots":{"index":"index","follow":"follow","max-snippet":"max-snippet:-1","max-image-preview":"max-image-preview:large","max-video-preview":"max-video-preview:-1"},"canonical":"https:\/\/instytutpolski.pl\/stockholm\/pl\/kontakt-2\/","og_locale":"pl_PL","og_type":"article","og_title":"Kontakt - Instytut Polski w Sztokholmie","og_description":"Instytut Polski w Sztokholmie Adres:Friggagatan 4114 27 SztokholmSzwecjaTelefony oraz godziny pracy:poniedzia\u0142ek &#8211; pi\u0105tek9:00 &#8211; 17:00(0046) 8 50 57 50 80sztokholm@instytutpolski.pl Uprzejmie informujemy, \u017ce adres e-mail: sztokholm.instytutpolski.pl@hotmail.com&nbsp;nie jest oficjalnym adresem Instytutu Polskiego w Sztokholmie. Wizyty, tylko po wcze\u015bniejszym um\u00f3wieniu si\u0119. Aby um\u00f3wi\u0107 spotkanie, prosimy o wcze\u015bniejszy kontakt telefoniczny w godzinach pracy Instytutu.","og_url":"https:\/\/instytutpolski.pl\/stockholm\/pl\/kontakt-2\/","og_site_name":"Instytut Polski w Sztokholmie","article_modified_time":"2025-12-01T10:55:33+00:00","og_image":[{"width":2000,"height":1333,"url":"https:\/\/instytutpolski.pl\/stockholm\/wp-content\/uploads\/sites\/17\/2020\/06\/corinne-kutz-tMI2_-r5Nfo-unsplash.jpg","type":"image\/jpeg"}],"twitter_card":"summary_large_image","twitter_misc":{"Szacowany czas czytania":"1 minuta"},"schema":{"@context":"https:\/\/schema.org","@graph":[{"@type":"WebPage","@id":"https:\/\/instytutpolski.pl\/stockholm\/pl\/kontakt-2\/","url":"https:\/\/instytutpolski.pl\/stockholm\/pl\/kontakt-2\/","name":"Kontakt - Instytut Polski w Sztokholmie","isPartOf":{"@id":"https:\/\/instytutpolski.pl\/stockholm\/#website"},"primaryImageOfPage":{"@id":"https:\/\/instytutpolski.pl\/stockholm\/pl\/kontakt-2\/#primaryimage"},"image":{"@id":"https:\/\/instytutpolski.pl\/stockholm\/pl\/kontakt-2\/#primaryimage"},"thumbnailUrl":"https:\/\/instytutpolski.pl\/stockholm\/wp-content\/uploads\/sites\/17\/2020\/06\/corinne-kutz-tMI2_-r5Nfo-unsplash.jpg","datePublished":"2019-06-05T06:53:47+00:00","dateModified":"2025-12-01T10:55:33+00:00","breadcrumb":{"@id":"https:\/\/instytutpolski.pl\/stockholm\/pl\/kontakt-2\/#breadcrumb"},"inLanguage":"pl-PL","potentialAction":[{"@type":"ReadAction","target":["https:\/\/instytutpolski.pl\/stockholm\/pl\/kontakt-2\/"]}]},{"@type":"ImageObject","inLanguage":"pl-PL","@id":"https:\/\/instytutpolski.pl\/stockholm\/pl\/kontakt-2\/#primaryimage","url":"https:\/\/instytutpolski.pl\/stockholm\/wp-content\/uploads\/sites\/17\/2020\/06\/corinne-kutz-tMI2_-r5Nfo-unsplash.jpg","contentUrl":"https:\/\/instytutpolski.pl\/stockholm\/wp-content\/uploads\/sites\/17\/2020\/06\/corinne-kutz-tMI2_-r5Nfo-unsplash.jpg","width":2000,"height":1333},{"@type":"BreadcrumbList","@id":"https:\/\/instytutpolski.pl\/stockholm\/pl\/kontakt-2\/#breadcrumb","itemListElement":[{"@type":"ListItem","position":1,"name":"Home","item":"https:\/\/instytutpolski.pl\/stockholm\/"},{"@type":"ListItem","position":2,"name":"Kontakt"}]},{"@type":"WebSite","@id":"https:\/\/instytutpolski.pl\/stockholm\/#website","url":"https:\/\/instytutpolski.pl\/stockholm\/","name":"Instytut Polski w Sztokholmie","description":"Instytuty Polskie","potentialAction":[{"@type":"SearchAction","target":{"@type":"EntryPoint","urlTemplate":"https:\/\/instytutpolski.pl\/stockholm\/?s={search_term_string}"},"query-input":{"@type":"PropertyValueSpecification","valueRequired":true,"valueName":"search_term_string"}}],"inLanguage":"pl-PL"}]}},"_links":{"self":[{"href":"https:\/\/instytutpolski.pl\/stockholm\/wp-json\/wp\/v2\/pages\/183","targetHints":{"allow":["GET"]}}],"collection":[{"href":"https:\/\/instytutpolski.pl\/stockholm\/wp-json\/wp\/v2\/pages"}],"about":[{"href":"https:\/\/instytutpolski.pl\/stockholm\/wp-json\/wp\/v2\/types\/page"}],"author":[{"embeddable":true,"href":"https:\/\/instytutpolski.pl\/stockholm\/wp-json\/wp\/v2\/users\/9"}],"replies":[{"embeddable":true,"href":"https:\/\/instytutpolski.pl\/stockholm\/wp-json\/wp\/v2\/comments?post=183"}],"version-history":[{"count":21,"href":"https:\/\/instytutpolski.pl\/stockholm\/wp-json\/wp\/v2\/pages\/183\/revisions"}],"predecessor-version":[{"id":14728,"href":"https:\/\/instytutpolski.pl\/stockholm\/wp-json\/wp\/v2\/pages\/183\/revisions\/14728"}],"wp:featuredmedia":[{"embeddable":true,"href":"https:\/\/instytutpolski.pl\/stockholm\/wp-json\/wp\/v2\/media\/2719"}],"wp:attachment":[{"href":"https:\/\/instytutpolski.pl\/stockholm\/wp-json\/wp\/v2\/media?parent=183"}],"curies":[{"name":"wp","href":"https:\/\/api.w.org\/{rel}","templated":true}]}}