{"id":2379,"date":"2020-06-02T19:48:34","date_gmt":"2020-06-02T17:48:34","guid":{"rendered":"https:\/\/instytutpolski.pl\/stockholm\/?page_id=2379"},"modified":"2020-06-02T19:48:35","modified_gmt":"2020-06-02T17:48:35","slug":"cookiepolicy","status":"publish","type":"page","link":"https:\/\/instytutpolski.pl\/stockholm\/cookiepolicy\/","title":{"rendered":"Cookiepolicy"},"content":{"rendered":"\n<p>F\u00f6r att kunna erbjuda tj\u00e4nster av h\u00f6gsta klass anv\u00e4nder vi <strong>cookies.<\/strong> Om du g\u00e5r in p\u00e5 v\u00e5r hemsida betyder det att cookies sparas p\u00e5 din enhet. N\u00e4r som helst kan du \u00e4ndra din webbl\u00e4sares cookieinst\u00e4llningar.<\/p>\n<p><strong>Portalen instytutpolski.pl<\/strong>, som tillh\u00f6r Polens utrikesministerium, anv\u00e4nder cookies f\u00f6r <strong>att anpassa tj\u00e4nsterna till anv\u00e4ndarens behov<\/strong>, samt f\u00f6r statistiska \u00e4ndam\u00e5l.<\/p>\n<p>Cookies (\u00e4ven kallade kakor) \u00e4r <strong>sm\u00e5 textfiler som en hemsida <\/strong>sparar p\u00e5 anv\u00e4ndarens enhet (dator, smartphone osv). De inneh\u00e5ller inga personuppgifter.<\/p>\n<p>instytutpolski.pl anv\u00e4nder tv\u00e5 sorters cookies:<\/p>\n<ol>\n<li>Anv\u00e4ndarcookies (samlar information om hur bes\u00f6karna anv\u00e4nder sidan, t ex vilka sidor de oftast bes\u00f6ker, felmeddelanden, osv)<\/li>\n<li>Funktionella cookies (sparar anv\u00e4ndarens inst\u00e4llningar, t ex spr\u00e5k, medgivanden osv), d\u00e4ribland:<\/li>\n<\/ol>\n<p>* cookies fr\u00e5n google-analytics.com. Anv\u00e4nds f\u00f6r att f\u00f6ra statistik \u00f6ver portalen instytutpolski.pl. Detaljerad information om deras funktionss\u00e4tt och om Google Analytics personuppgiftspolicy finns p\u00e5 adressen \u00a0<a href=\"http:\/\/www.google.com\/analytics\/learn\/privacy.html\">http:\/\/www.google.com\/analytics\/learn\/privacy.html<\/a><\/p>\n<p>* sessionscookies. Detta \u00e4r tillf\u00e4lliga informationer som sparas i webbl\u00e4sarens minne tills sessionen \u00e4r avslutad<\/p>\n<p>Andra hemsidor som instytutpolski.pl l\u00e4nkar till kan \u00e4ven anv\u00e4nda andra cookies \u00e4n de som n\u00e4mnts ovan, s\u00e4rskilt filer som m\u00f6jligg\u00f6r inloggning och som anpassar reklamen till anv\u00e4ndarens smak och upptr\u00e4dande. Det kan t ex vara:<\/p>\n<p>* p\u00e5 youtube.com. Inneh\u00e5ller anv\u00e4ndarens preferenser och klickstatistik. Youtubes personuppgiftspolicy beskrivs p\u00e5 adressen \u00a0<a href=\"http:\/\/www.google.pl\/intl\/pl\/policies\/privacy\/\">http:\/\/www.google.pl\/intl\/pl\/policies\/privacy\/<\/a><\/p>\n<p>* p\u00e5 player.vimeo.com och av.vimeo.com. Cookies som m\u00f6jligg\u00f6r inloggning, dessutom cookies fr\u00e5n reklambest\u00e4llarna som anpassar reklamens form och inneh\u00e5ll. Vimeos personuppgiftspolicy finns p\u00e5 adressen <a href=\"http:\/\/vimeo.com\/cookie_policy\">http:\/\/vimeo.com\/cookie_policy<\/a>.<\/p>\n<p>\u00a0<\/p>\n<p><strong>I de flesta webbl\u00e4sare kan man ta bort cookies fr\u00e5n datorns h\u00e5rddisk (genom att \u00e4ndra webbl\u00e4sarens inst\u00e4llningar), blockera alla f\u00f6rs\u00f6k att spara cookies p\u00e5 enheten eller f\u00e5 en varning innan de sparas.<\/strong><\/p>\n<p>Det \u00e4r viktigt att veta att \u00e4ndringar av inst\u00e4llningarna som begr\u00e4nsar anv\u00e4ndningen av cookies kan p\u00e5verka vissa funktioner p\u00e5 bes\u00f6kta hemsidor, det kan t ex bli om\u00f6jligt att logga in p\u00e5 sitt e-postkonto. <strong>Att inte \u00e4ndra inst\u00e4llningarna inneb\u00e4r automatiskt att du accepterar cookies.<\/strong><\/p>\n<p><strong>H\u00e4r visar vi hur man \u00e4ndrar cookieinst\u00e4llningarna p\u00e5 de mest anv\u00e4nda webbl\u00e4sarna:<\/strong><\/p>\n<p><strong>Google Chrome<\/strong><br \/>Meny &gt; Inst\u00e4llningar &gt; Visa avancerade inst\u00e4llningar\u00a0 &gt; Integritet &gt; Inneh\u00e5llsinst\u00e4llningar\u00a0 &gt; Cookies \u00a0\u2013 v\u00e4lj l\u00e4mpligt alternativ.<\/p>\n<p><strong>Internet Explorer<\/strong><br \/>Meny &gt; Verktyg &gt; Internetalternativ &gt; Integritet \u2013 v\u00e4lj l\u00e4mpligt alternativ.<\/p>\n<p><strong>Mozilla Firefox<\/strong><br \/>Meny &gt; Inst\u00e4llningar &gt; Integritet &gt; Historia \u2013 v\u00e4lj l\u00e4mpligt alternativ.<\/p>\n<p><strong>Opera<\/strong><br \/>Meny &gt; Inst\u00e4llningar &gt; Avancerat &gt; Cookies \u2013 v\u00e4lj l\u00e4mpligt alternativ.<\/p>\n<p><strong>Safari<\/strong><br \/>Meny &gt; Inst\u00e4llningar &gt; Integritet &gt; Cookies \u2013 v\u00e4lj l\u00e4mpligt alternativ.<\/p>\n","protected":false},"excerpt":{"rendered":"<p>F\u00f6r att kunna erbjuda tj\u00e4nster av h\u00f6gsta klass anv\u00e4nder vi cookies. Om du g\u00e5r in p\u00e5 v\u00e5r hemsida betyder det att cookies sparas p\u00e5 din enhet. N\u00e4r som helst kan du \u00e4ndra din webbl\u00e4sares cookieinst\u00e4llningar. Portalen instytutpolski.pl, som tillh\u00f6r Polens utrikesministerium, anv\u00e4nder cookies f\u00f6r att anpassa tj\u00e4nsterna till anv\u00e4ndarens behov, samt f\u00f6r statistiska \u00e4ndam\u00e5l. Cookies [&hellip;]<\/p>\n","protected":false},"author":26,"featured_media":2380,"parent":0,"menu_order":0,"comment_status":"closed","ping_status":"closed","template":"","meta":{"inline_featured_image":false,"_monsterinsights_skip_tracking":false,"_monsterinsights_sitenote_active":false,"_monsterinsights_sitenote_note":"","_monsterinsights_sitenote_category":0,"footnotes":""},"class_list":["post-2379","page","type-page","status-publish","has-post-thumbnail","hentry"],"yoast_head":"<!-- This site is optimized with the Yoast SEO plugin v24.6 - https:\/\/yoast.com\/wordpress\/plugins\/seo\/ -->\n<title>Cookiepolicy - Instytut Polski w Sztokholmie<\/title>\n<meta name=\"robots\" content=\"index, follow, max-snippet:-1, max-image-preview:large, max-video-preview:-1\" \/>\n<link rel=\"canonical\" href=\"https:\/\/instytutpolski.pl\/stockholm\/cookiepolicy\/\" \/>\n<meta property=\"og:locale\" content=\"pl_PL\" \/>\n<meta property=\"og:type\" content=\"article\" \/>\n<meta property=\"og:title\" content=\"Cookiepolicy - Instytut Polski w Sztokholmie\" \/>\n<meta property=\"og:description\" content=\"F\u00f6r att kunna erbjuda tj\u00e4nster av h\u00f6gsta klass anv\u00e4nder vi cookies. Om du g\u00e5r in p\u00e5 v\u00e5r hemsida betyder det att cookies sparas p\u00e5 din enhet. N\u00e4r som helst kan du \u00e4ndra din webbl\u00e4sares cookieinst\u00e4llningar. Portalen instytutpolski.pl, som tillh\u00f6r Polens utrikesministerium, anv\u00e4nder cookies f\u00f6r att anpassa tj\u00e4nsterna till anv\u00e4ndarens behov, samt f\u00f6r statistiska \u00e4ndam\u00e5l. Cookies [&hellip;]\" \/>\n<meta property=\"og:url\" content=\"https:\/\/instytutpolski.pl\/stockholm\/cookiepolicy\/\" \/>\n<meta property=\"og:site_name\" content=\"Instytut Polski w Sztokholmie\" \/>\n<meta property=\"article:modified_time\" content=\"2020-06-02T17:48:35+00:00\" \/>\n<meta property=\"og:image\" content=\"https:\/\/instytutpolski.pl\/stockholm\/wp-content\/uploads\/sites\/17\/2020\/06\/Krokusy-2.jpg\" \/>\n\t<meta property=\"og:image:width\" content=\"2048\" \/>\n\t<meta property=\"og:image:height\" content=\"1365\" \/>\n\t<meta property=\"og:image:type\" content=\"image\/jpeg\" \/>\n<meta name=\"twitter:card\" content=\"summary_large_image\" \/>\n<meta name=\"twitter:label1\" content=\"Szacowany czas czytania\" \/>\n\t<meta name=\"twitter:data1\" content=\"2 minuty\" \/>\n<script type=\"application\/ld+json\" class=\"yoast-schema-graph\">{\"@context\":\"https:\/\/schema.org\",\"@graph\":[{\"@type\":\"WebPage\",\"@id\":\"https:\/\/instytutpolski.pl\/stockholm\/cookiepolicy\/\",\"url\":\"https:\/\/instytutpolski.pl\/stockholm\/cookiepolicy\/\",\"name\":\"Cookiepolicy - Instytut Polski w Sztokholmie\",\"isPartOf\":{\"@id\":\"https:\/\/instytutpolski.pl\/stockholm\/#website\"},\"primaryImageOfPage\":{\"@id\":\"https:\/\/instytutpolski.pl\/stockholm\/cookiepolicy\/#primaryimage\"},\"image\":{\"@id\":\"https:\/\/instytutpolski.pl\/stockholm\/cookiepolicy\/#primaryimage\"},\"thumbnailUrl\":\"https:\/\/instytutpolski.pl\/stockholm\/wp-content\/uploads\/sites\/17\/2020\/06\/Krokusy-2.jpg\",\"datePublished\":\"2020-06-02T17:48:34+00:00\",\"dateModified\":\"2020-06-02T17:48:35+00:00\",\"breadcrumb\":{\"@id\":\"https:\/\/instytutpolski.pl\/stockholm\/cookiepolicy\/#breadcrumb\"},\"inLanguage\":\"pl-PL\",\"potentialAction\":[{\"@type\":\"ReadAction\",\"target\":[\"https:\/\/instytutpolski.pl\/stockholm\/cookiepolicy\/\"]}]},{\"@type\":\"ImageObject\",\"inLanguage\":\"pl-PL\",\"@id\":\"https:\/\/instytutpolski.pl\/stockholm\/cookiepolicy\/#primaryimage\",\"url\":\"https:\/\/instytutpolski.pl\/stockholm\/wp-content\/uploads\/sites\/17\/2020\/06\/Krokusy-2.jpg\",\"contentUrl\":\"https:\/\/instytutpolski.pl\/stockholm\/wp-content\/uploads\/sites\/17\/2020\/06\/Krokusy-2.jpg\",\"width\":2048,\"height\":1365},{\"@type\":\"BreadcrumbList\",\"@id\":\"https:\/\/instytutpolski.pl\/stockholm\/cookiepolicy\/#breadcrumb\",\"itemListElement\":[{\"@type\":\"ListItem\",\"position\":1,\"name\":\"Home\",\"item\":\"https:\/\/instytutpolski.pl\/stockholm\/\"},{\"@type\":\"ListItem\",\"position\":2,\"name\":\"Cookiepolicy\"}]},{\"@type\":\"WebSite\",\"@id\":\"https:\/\/instytutpolski.pl\/stockholm\/#website\",\"url\":\"https:\/\/instytutpolski.pl\/stockholm\/\",\"name\":\"Instytut Polski w Sztokholmie\",\"description\":\"Instytuty Polskie\",\"potentialAction\":[{\"@type\":\"SearchAction\",\"target\":{\"@type\":\"EntryPoint\",\"urlTemplate\":\"https:\/\/instytutpolski.pl\/stockholm\/?s={search_term_string}\"},\"query-input\":{\"@type\":\"PropertyValueSpecification\",\"valueRequired\":true,\"valueName\":\"search_term_string\"}}],\"inLanguage\":\"pl-PL\"}]}<\/script>\n<!-- \/ Yoast SEO plugin. -->","yoast_head_json":{"title":"Cookiepolicy - Instytut Polski w Sztokholmie","robots":{"index":"index","follow":"follow","max-snippet":"max-snippet:-1","max-image-preview":"max-image-preview:large","max-video-preview":"max-video-preview:-1"},"canonical":"https:\/\/instytutpolski.pl\/stockholm\/cookiepolicy\/","og_locale":"pl_PL","og_type":"article","og_title":"Cookiepolicy - Instytut Polski w Sztokholmie","og_description":"F\u00f6r att kunna erbjuda tj\u00e4nster av h\u00f6gsta klass anv\u00e4nder vi cookies. Om du g\u00e5r in p\u00e5 v\u00e5r hemsida betyder det att cookies sparas p\u00e5 din enhet. N\u00e4r som helst kan du \u00e4ndra din webbl\u00e4sares cookieinst\u00e4llningar. Portalen instytutpolski.pl, som tillh\u00f6r Polens utrikesministerium, anv\u00e4nder cookies f\u00f6r att anpassa tj\u00e4nsterna till anv\u00e4ndarens behov, samt f\u00f6r statistiska \u00e4ndam\u00e5l. Cookies [&hellip;]","og_url":"https:\/\/instytutpolski.pl\/stockholm\/cookiepolicy\/","og_site_name":"Instytut Polski w Sztokholmie","article_modified_time":"2020-06-02T17:48:35+00:00","og_image":[{"width":2048,"height":1365,"url":"https:\/\/instytutpolski.pl\/stockholm\/wp-content\/uploads\/sites\/17\/2020\/06\/Krokusy-2.jpg","type":"image\/jpeg"}],"twitter_card":"summary_large_image","twitter_misc":{"Szacowany czas czytania":"2 minuty"},"schema":{"@context":"https:\/\/schema.org","@graph":[{"@type":"WebPage","@id":"https:\/\/instytutpolski.pl\/stockholm\/cookiepolicy\/","url":"https:\/\/instytutpolski.pl\/stockholm\/cookiepolicy\/","name":"Cookiepolicy - Instytut Polski w Sztokholmie","isPartOf":{"@id":"https:\/\/instytutpolski.pl\/stockholm\/#website"},"primaryImageOfPage":{"@id":"https:\/\/instytutpolski.pl\/stockholm\/cookiepolicy\/#primaryimage"},"image":{"@id":"https:\/\/instytutpolski.pl\/stockholm\/cookiepolicy\/#primaryimage"},"thumbnailUrl":"https:\/\/instytutpolski.pl\/stockholm\/wp-content\/uploads\/sites\/17\/2020\/06\/Krokusy-2.jpg","datePublished":"2020-06-02T17:48:34+00:00","dateModified":"2020-06-02T17:48:35+00:00","breadcrumb":{"@id":"https:\/\/instytutpolski.pl\/stockholm\/cookiepolicy\/#breadcrumb"},"inLanguage":"pl-PL","potentialAction":[{"@type":"ReadAction","target":["https:\/\/instytutpolski.pl\/stockholm\/cookiepolicy\/"]}]},{"@type":"ImageObject","inLanguage":"pl-PL","@id":"https:\/\/instytutpolski.pl\/stockholm\/cookiepolicy\/#primaryimage","url":"https:\/\/instytutpolski.pl\/stockholm\/wp-content\/uploads\/sites\/17\/2020\/06\/Krokusy-2.jpg","contentUrl":"https:\/\/instytutpolski.pl\/stockholm\/wp-content\/uploads\/sites\/17\/2020\/06\/Krokusy-2.jpg","width":2048,"height":1365},{"@type":"BreadcrumbList","@id":"https:\/\/instytutpolski.pl\/stockholm\/cookiepolicy\/#breadcrumb","itemListElement":[{"@type":"ListItem","position":1,"name":"Home","item":"https:\/\/instytutpolski.pl\/stockholm\/"},{"@type":"ListItem","position":2,"name":"Cookiepolicy"}]},{"@type":"WebSite","@id":"https:\/\/instytutpolski.pl\/stockholm\/#website","url":"https:\/\/instytutpolski.pl\/stockholm\/","name":"Instytut Polski w Sztokholmie","description":"Instytuty Polskie","potentialAction":[{"@type":"SearchAction","target":{"@type":"EntryPoint","urlTemplate":"https:\/\/instytutpolski.pl\/stockholm\/?s={search_term_string}"},"query-input":{"@type":"PropertyValueSpecification","valueRequired":true,"valueName":"search_term_string"}}],"inLanguage":"pl-PL"}]}},"_links":{"self":[{"href":"https:\/\/instytutpolski.pl\/stockholm\/wp-json\/wp\/v2\/pages\/2379","targetHints":{"allow":["GET"]}}],"collection":[{"href":"https:\/\/instytutpolski.pl\/stockholm\/wp-json\/wp\/v2\/pages"}],"about":[{"href":"https:\/\/instytutpolski.pl\/stockholm\/wp-json\/wp\/v2\/types\/page"}],"author":[{"embeddable":true,"href":"https:\/\/instytutpolski.pl\/stockholm\/wp-json\/wp\/v2\/users\/26"}],"replies":[{"embeddable":true,"href":"https:\/\/instytutpolski.pl\/stockholm\/wp-json\/wp\/v2\/comments?post=2379"}],"version-history":[{"count":2,"href":"https:\/\/instytutpolski.pl\/stockholm\/wp-json\/wp\/v2\/pages\/2379\/revisions"}],"predecessor-version":[{"id":2382,"href":"https:\/\/instytutpolski.pl\/stockholm\/wp-json\/wp\/v2\/pages\/2379\/revisions\/2382"}],"wp:featuredmedia":[{"embeddable":true,"href":"https:\/\/instytutpolski.pl\/stockholm\/wp-json\/wp\/v2\/media\/2380"}],"wp:attachment":[{"href":"https:\/\/instytutpolski.pl\/stockholm\/wp-json\/wp\/v2\/media?parent=2379"}],"curies":[{"name":"wp","href":"https:\/\/api.w.org\/{rel}","templated":true}]}}