{"id":3793,"date":"2020-10-01T11:33:45","date_gmt":"2020-10-01T09:33:45","guid":{"rendered":"https:\/\/instytutpolski.pl\/stockholm\/?page_id=3793"},"modified":"2020-10-10T10:44:24","modified_gmt":"2020-10-10T08:44:24","slug":"program","status":"publish","type":"page","link":"https:\/\/instytutpolski.pl\/stockholm\/pl\/kinoteka-2\/program\/","title":{"rendered":"Program"},"content":{"rendered":"\n<h5 class=\"wp-block-heading\"><strong>Podczas dw\u00f3ch dni festiwalu filmowego Kinoteka Stockholm b\u0119dzie mo\u017cna zobaczy\u0107 cztery polskie produkcje filmowe.<\/strong><\/h5>\n\n\n\n<h5 class=\"wp-block-heading\"><br><br><strong>Pi\u0105tek, 9 pa\u017adziernika 2020<\/strong><\/h5>\n\n\n\n<p><br>17:30 | Recepcja<\/p>\n\n\n\n<p>18:15 | Otwarcie festiwalu<\/p>\n\n\n\n<p>18:30 | NIE ZMIENIAJ TEMATU \/ DON\u2019T CHANGE THE SUBJECT, re\u017c. Hubert Patynowski (30 min.)<\/p>\n\n\n\n<p>19:00 | Rozmowa z re\u017cyserem filmu: Hubert Patynowski (w j. angielskim)<\/p>\n\n\n\n<p>19:30 | Recepcja<\/p>\n\n\n\n<p>20:00 | DOM LITERAT\u00d3W, CZYLI KARTOTEKA ZEBRANA <strong>\/ <\/strong>HOUSE OF WRITERS, re\u017c. Marek Gajczak (61 min.)<\/p>\n\n\n\n<hr class=\"wp-block-separator\" \/>\n\n\n\n<h5 class=\"wp-block-heading\"><br><strong>Sobota, 10 pa\u017adziernika 2020<\/strong><\/h5>\n\n\n\n<p><br>16:00 | Recepcja<\/p>\n\n\n\n<p>16:30 | WE MNIE, re\u017c. Maria Wider (21 min.)<\/p>\n\n\n\n<p>16:55 | Rozmowa z tw\u00f3rcami filmu: Maria Wider i Magda Strzy\u017cy\u0144ska (w j. angielskim)<\/p>\n\n\n\n<p>17:30 | Recepcja<\/p>\n\n\n\n<p>18:00 | IKAR. LEGENDA MIETKA KOSZA \/ ICARUS. THE LEGEND OF MIETEK KOSZ, re\u017c. Maciej Pieprzyca (119 min.)<\/p>\n\n\n\n<hr class=\"wp-block-separator\" \/>\n\n\n\n<p><br><strong>Wszystkie filmy s\u0105 pokazywane w kinie Zita w &nbsp;Sztokholmie (salong 1).<\/strong><\/p>\n\n\n\n<p><strong>Wszystkie pokazy s\u0105 zamkni\u0119te.<\/strong><\/p>\n\n\n\n<h6 class=\"has-text-align-center wp-block-heading\"><br><br><strong><a rel=\"noreferrer noopener\" href=\"https:\/\/instytutpolski.pl\/stockholm\/pl\/kinoteka-2\/\" target=\"_blank\">KINOTEKA STOCKHOLM<\/a><\/strong> | <strong><a rel=\"noreferrer noopener\" href=\"https:\/\/instytutpolski.pl\/stockholm\/pl\/kinoteka-2\/o-kinotece\/\" target=\"_blank\">O KINOTECE<\/a><\/strong> | <strong><a rel=\"noreferrer noopener\" href=\"https:\/\/instytutpolski.pl\/stockholm\/pl\/kinoteka-2\/program\/\" target=\"_blank\">PROGRAM<\/a><\/strong> | <strong><a rel=\"noreferrer noopener\" href=\"https:\/\/instytutpolski.pl\/stockholm\/pl\/kinoteka-2\/?view=events_archive&amp;id=3781\" target=\"_blank\">FILMY I SPOTKANIA<\/a><\/strong><\/h6>\n\n\n\n<p><\/p>\n","protected":false},"excerpt":{"rendered":"<p>Podczas dw\u00f3ch dni festiwalu filmowego Kinoteka Stockholm b\u0119dzie mo\u017cna zobaczy\u0107 cztery polskie produkcje filmowe. Pi\u0105tek, 9 pa\u017adziernika 2020 17:30 | Recepcja 18:15 | Otwarcie festiwalu 18:30 | NIE ZMIENIAJ TEMATU \/ DON\u2019T CHANGE THE SUBJECT, re\u017c. Hubert Patynowski (30 min.) 19:00 | Rozmowa z re\u017cyserem filmu: Hubert Patynowski (w j. angielskim) 19:30 | Recepcja 20:00 [&hellip;]<\/p>\n","protected":false},"author":29,"featured_media":3589,"parent":3781,"menu_order":0,"comment_status":"closed","ping_status":"closed","template":"","meta":{"inline_featured_image":false,"_monsterinsights_skip_tracking":false,"_monsterinsights_sitenote_active":false,"_monsterinsights_sitenote_note":"","_monsterinsights_sitenote_category":0,"footnotes":""},"class_list":["post-3793","page","type-page","status-publish","has-post-thumbnail","hentry"],"yoast_head":"<!-- This site is optimized with the Yoast SEO plugin v24.6 - https:\/\/yoast.com\/wordpress\/plugins\/seo\/ -->\n<title>Program - Instytut Polski w Sztokholmie<\/title>\n<meta name=\"robots\" content=\"index, follow, max-snippet:-1, max-image-preview:large, max-video-preview:-1\" \/>\n<link rel=\"canonical\" href=\"https:\/\/instytutpolski.pl\/stockholm\/pl\/kinoteka-2\/program\/\" \/>\n<meta property=\"og:locale\" content=\"pl_PL\" \/>\n<meta property=\"og:type\" content=\"article\" \/>\n<meta property=\"og:title\" content=\"Program - Instytut Polski w Sztokholmie\" \/>\n<meta property=\"og:description\" content=\"Podczas dw\u00f3ch dni festiwalu filmowego Kinoteka Stockholm b\u0119dzie mo\u017cna zobaczy\u0107 cztery polskie produkcje filmowe. Pi\u0105tek, 9 pa\u017adziernika 2020 17:30 | Recepcja 18:15 | Otwarcie festiwalu 18:30 | NIE ZMIENIAJ TEMATU \/ DON\u2019T CHANGE THE SUBJECT, re\u017c. Hubert Patynowski (30 min.) 19:00 | Rozmowa z re\u017cyserem filmu: Hubert Patynowski (w j. angielskim) 19:30 | Recepcja 20:00 [&hellip;]\" \/>\n<meta property=\"og:url\" content=\"https:\/\/instytutpolski.pl\/stockholm\/pl\/kinoteka-2\/program\/\" \/>\n<meta property=\"og:site_name\" content=\"Instytut Polski w Sztokholmie\" \/>\n<meta property=\"article:modified_time\" content=\"2020-10-10T08:44:24+00:00\" \/>\n<meta property=\"og:image\" content=\"https:\/\/instytutpolski.pl\/stockholm\/wp-content\/uploads\/sites\/17\/2020\/10\/baner.jpg\" \/>\n\t<meta property=\"og:image:width\" content=\"1500\" \/>\n\t<meta property=\"og:image:height\" content=\"630\" \/>\n\t<meta property=\"og:image:type\" content=\"image\/jpeg\" \/>\n<meta name=\"twitter:card\" content=\"summary_large_image\" \/>\n<meta name=\"twitter:label1\" content=\"Szacowany czas czytania\" \/>\n\t<meta name=\"twitter:data1\" content=\"1 minuta\" \/>\n<script type=\"application\/ld+json\" class=\"yoast-schema-graph\">{\"@context\":\"https:\/\/schema.org\",\"@graph\":[{\"@type\":\"WebPage\",\"@id\":\"https:\/\/instytutpolski.pl\/stockholm\/pl\/kinoteka-2\/program\/\",\"url\":\"https:\/\/instytutpolski.pl\/stockholm\/pl\/kinoteka-2\/program\/\",\"name\":\"Program - Instytut Polski w Sztokholmie\",\"isPartOf\":{\"@id\":\"https:\/\/instytutpolski.pl\/stockholm\/#website\"},\"primaryImageOfPage\":{\"@id\":\"https:\/\/instytutpolski.pl\/stockholm\/pl\/kinoteka-2\/program\/#primaryimage\"},\"image\":{\"@id\":\"https:\/\/instytutpolski.pl\/stockholm\/pl\/kinoteka-2\/program\/#primaryimage\"},\"thumbnailUrl\":\"https:\/\/instytutpolski.pl\/stockholm\/wp-content\/uploads\/sites\/17\/2020\/10\/baner.jpg\",\"datePublished\":\"2020-10-01T09:33:45+00:00\",\"dateModified\":\"2020-10-10T08:44:24+00:00\",\"breadcrumb\":{\"@id\":\"https:\/\/instytutpolski.pl\/stockholm\/pl\/kinoteka-2\/program\/#breadcrumb\"},\"inLanguage\":\"pl-PL\",\"potentialAction\":[{\"@type\":\"ReadAction\",\"target\":[\"https:\/\/instytutpolski.pl\/stockholm\/pl\/kinoteka-2\/program\/\"]}]},{\"@type\":\"ImageObject\",\"inLanguage\":\"pl-PL\",\"@id\":\"https:\/\/instytutpolski.pl\/stockholm\/pl\/kinoteka-2\/program\/#primaryimage\",\"url\":\"https:\/\/instytutpolski.pl\/stockholm\/wp-content\/uploads\/sites\/17\/2020\/10\/baner.jpg\",\"contentUrl\":\"https:\/\/instytutpolski.pl\/stockholm\/wp-content\/uploads\/sites\/17\/2020\/10\/baner.jpg\",\"width\":1500,\"height\":630},{\"@type\":\"BreadcrumbList\",\"@id\":\"https:\/\/instytutpolski.pl\/stockholm\/pl\/kinoteka-2\/program\/#breadcrumb\",\"itemListElement\":[{\"@type\":\"ListItem\",\"position\":1,\"name\":\"Home\",\"item\":\"https:\/\/instytutpolski.pl\/stockholm\/\"},{\"@type\":\"ListItem\",\"position\":2,\"name\":\"KINOTEKA\",\"item\":\"https:\/\/instytutpolski.pl\/stockholm\/pl\/kinoteka-2\/\"},{\"@type\":\"ListItem\",\"position\":3,\"name\":\"Program\"}]},{\"@type\":\"WebSite\",\"@id\":\"https:\/\/instytutpolski.pl\/stockholm\/#website\",\"url\":\"https:\/\/instytutpolski.pl\/stockholm\/\",\"name\":\"Instytut Polski w Sztokholmie\",\"description\":\"Instytuty Polskie\",\"potentialAction\":[{\"@type\":\"SearchAction\",\"target\":{\"@type\":\"EntryPoint\",\"urlTemplate\":\"https:\/\/instytutpolski.pl\/stockholm\/?s={search_term_string}\"},\"query-input\":{\"@type\":\"PropertyValueSpecification\",\"valueRequired\":true,\"valueName\":\"search_term_string\"}}],\"inLanguage\":\"pl-PL\"}]}<\/script>\n<!-- \/ Yoast SEO plugin. -->","yoast_head_json":{"title":"Program - Instytut Polski w Sztokholmie","robots":{"index":"index","follow":"follow","max-snippet":"max-snippet:-1","max-image-preview":"max-image-preview:large","max-video-preview":"max-video-preview:-1"},"canonical":"https:\/\/instytutpolski.pl\/stockholm\/pl\/kinoteka-2\/program\/","og_locale":"pl_PL","og_type":"article","og_title":"Program - Instytut Polski w Sztokholmie","og_description":"Podczas dw\u00f3ch dni festiwalu filmowego Kinoteka Stockholm b\u0119dzie mo\u017cna zobaczy\u0107 cztery polskie produkcje filmowe. Pi\u0105tek, 9 pa\u017adziernika 2020 17:30 | Recepcja 18:15 | Otwarcie festiwalu 18:30 | NIE ZMIENIAJ TEMATU \/ DON\u2019T CHANGE THE SUBJECT, re\u017c. Hubert Patynowski (30 min.) 19:00 | Rozmowa z re\u017cyserem filmu: Hubert Patynowski (w j. angielskim) 19:30 | Recepcja 20:00 [&hellip;]","og_url":"https:\/\/instytutpolski.pl\/stockholm\/pl\/kinoteka-2\/program\/","og_site_name":"Instytut Polski w Sztokholmie","article_modified_time":"2020-10-10T08:44:24+00:00","og_image":[{"width":1500,"height":630,"url":"https:\/\/instytutpolski.pl\/stockholm\/wp-content\/uploads\/sites\/17\/2020\/10\/baner.jpg","type":"image\/jpeg"}],"twitter_card":"summary_large_image","twitter_misc":{"Szacowany czas czytania":"1 minuta"},"schema":{"@context":"https:\/\/schema.org","@graph":[{"@type":"WebPage","@id":"https:\/\/instytutpolski.pl\/stockholm\/pl\/kinoteka-2\/program\/","url":"https:\/\/instytutpolski.pl\/stockholm\/pl\/kinoteka-2\/program\/","name":"Program - Instytut Polski w Sztokholmie","isPartOf":{"@id":"https:\/\/instytutpolski.pl\/stockholm\/#website"},"primaryImageOfPage":{"@id":"https:\/\/instytutpolski.pl\/stockholm\/pl\/kinoteka-2\/program\/#primaryimage"},"image":{"@id":"https:\/\/instytutpolski.pl\/stockholm\/pl\/kinoteka-2\/program\/#primaryimage"},"thumbnailUrl":"https:\/\/instytutpolski.pl\/stockholm\/wp-content\/uploads\/sites\/17\/2020\/10\/baner.jpg","datePublished":"2020-10-01T09:33:45+00:00","dateModified":"2020-10-10T08:44:24+00:00","breadcrumb":{"@id":"https:\/\/instytutpolski.pl\/stockholm\/pl\/kinoteka-2\/program\/#breadcrumb"},"inLanguage":"pl-PL","potentialAction":[{"@type":"ReadAction","target":["https:\/\/instytutpolski.pl\/stockholm\/pl\/kinoteka-2\/program\/"]}]},{"@type":"ImageObject","inLanguage":"pl-PL","@id":"https:\/\/instytutpolski.pl\/stockholm\/pl\/kinoteka-2\/program\/#primaryimage","url":"https:\/\/instytutpolski.pl\/stockholm\/wp-content\/uploads\/sites\/17\/2020\/10\/baner.jpg","contentUrl":"https:\/\/instytutpolski.pl\/stockholm\/wp-content\/uploads\/sites\/17\/2020\/10\/baner.jpg","width":1500,"height":630},{"@type":"BreadcrumbList","@id":"https:\/\/instytutpolski.pl\/stockholm\/pl\/kinoteka-2\/program\/#breadcrumb","itemListElement":[{"@type":"ListItem","position":1,"name":"Home","item":"https:\/\/instytutpolski.pl\/stockholm\/"},{"@type":"ListItem","position":2,"name":"KINOTEKA","item":"https:\/\/instytutpolski.pl\/stockholm\/pl\/kinoteka-2\/"},{"@type":"ListItem","position":3,"name":"Program"}]},{"@type":"WebSite","@id":"https:\/\/instytutpolski.pl\/stockholm\/#website","url":"https:\/\/instytutpolski.pl\/stockholm\/","name":"Instytut Polski w Sztokholmie","description":"Instytuty Polskie","potentialAction":[{"@type":"SearchAction","target":{"@type":"EntryPoint","urlTemplate":"https:\/\/instytutpolski.pl\/stockholm\/?s={search_term_string}"},"query-input":{"@type":"PropertyValueSpecification","valueRequired":true,"valueName":"search_term_string"}}],"inLanguage":"pl-PL"}]}},"_links":{"self":[{"href":"https:\/\/instytutpolski.pl\/stockholm\/wp-json\/wp\/v2\/pages\/3793","targetHints":{"allow":["GET"]}}],"collection":[{"href":"https:\/\/instytutpolski.pl\/stockholm\/wp-json\/wp\/v2\/pages"}],"about":[{"href":"https:\/\/instytutpolski.pl\/stockholm\/wp-json\/wp\/v2\/types\/page"}],"author":[{"embeddable":true,"href":"https:\/\/instytutpolski.pl\/stockholm\/wp-json\/wp\/v2\/users\/29"}],"replies":[{"embeddable":true,"href":"https:\/\/instytutpolski.pl\/stockholm\/wp-json\/wp\/v2\/comments?post=3793"}],"version-history":[{"count":10,"href":"https:\/\/instytutpolski.pl\/stockholm\/wp-json\/wp\/v2\/pages\/3793\/revisions"}],"predecessor-version":[{"id":3885,"href":"https:\/\/instytutpolski.pl\/stockholm\/wp-json\/wp\/v2\/pages\/3793\/revisions\/3885"}],"up":[{"embeddable":true,"href":"https:\/\/instytutpolski.pl\/stockholm\/wp-json\/wp\/v2\/pages\/3781"}],"wp:featuredmedia":[{"embeddable":true,"href":"https:\/\/instytutpolski.pl\/stockholm\/wp-json\/wp\/v2\/media\/3589"}],"wp:attachment":[{"href":"https:\/\/instytutpolski.pl\/stockholm\/wp-json\/wp\/v2\/media?parent=3793"}],"curies":[{"name":"wp","href":"https:\/\/api.w.org\/{rel}","templated":true}]}}