{"id":493,"date":"2019-06-25T12:44:09","date_gmt":"2019-06-25T10:44:09","guid":{"rendered":"https:\/\/instytutpolski.pl\/sztokholm\/?page_id=493"},"modified":"2020-06-05T10:33:26","modified_gmt":"2020-06-05T08:33:26","slug":"lar-kanna-polen","status":"publish","type":"page","link":"https:\/\/instytutpolski.pl\/stockholm\/lar-kanna-polen\/","title":{"rendered":"L\u00e4r k\u00e4nna Polen"},"content":{"rendered":"\n<p><strong>Europas geografiska centrum ligger n\u00e4ra Polens huvudstad Warszawa. <\/strong>Under sin tusen\u00e5riga historia har Polen f\u00f6r\u00e4ndrats mycket: fr\u00e5n europeisk stormakt till f\u00f6rlorad sj\u00e4lvst\u00e4ndighet till dagens ekonomiska tiger i \u00d6st- och centraleuropa. Polska f\u00f6retagares entusiasm, kreativitet och potential \u00e4r idag v\u00e4lk\u00e4nda i v\u00e4rlden. Tack vare polackernas beslutsamhet, deras Solidaritet och den andliga auktoriteten hos p\u00e5ven sankt Johannes Paulus II kunde Polen ta sig ur kommunistregimens depression och \u00e4r fr\u00e5n och med 1989 ett fritt land vars rika traditioner och sedv\u00e4njor drar till sig miljontals turister fr\u00e5n hela v\u00e4rlden.<\/p>\n\n\n\n<p><strong>Kulturen och konsten<\/strong> har i m\u00e5nga hundra \u00e5r varit en grundval i polackernas nationella identitet och \u00e4ven hj\u00e4lpt dem att \u00f6verleva de sv\u00e5raste \u00f6gonblicken i historien. Polsk kultur \u00e4r en st\u00e4ndig inspiration f\u00f6r \u00f6vriga v\u00e4rlden. I Polen f\u00f6ddes Fryderyk Chopin, en av de st\u00f6rsta tons\u00e4ttarna och pianisterna n\u00e5gonsin. Hans musik spelar huvudrollen i en av v\u00e4rldens st\u00f6rsta musikt\u00e4vlingar, Fryderyk Chopins internationella pianot\u00e4vling, som har arrangerats i Warszawa vart femte \u00e5r sedan 1927. Polen \u00e4r ocks\u00e5 hemland f\u00f6r m\u00e5nga Nobelpristagare, Oscarsvinnare och Grammyvinnare. Nobelpristagare som Wis\u0142awa Szymborska, Czes\u0142aw Mi\u0142osz och Olga Tokarczuk har gett Polen ett rykte som f\u00f6rfattarnas och poeternas land. Litteraturens utveckling gynnas av det melodiska polska spr\u00e5ket, som talas av \u00f6ver 40 miljoner m\u00e4nniskor i Polen och utlandet. En av alla som gjorde filmer p\u00e5 polska var Andrzej Wajda, som vann m\u00e5nga prestigefyllda filmpriser, d\u00e4ribland en Oscar f\u00f6r sitt livsverk. En annan Polack var den framst\u00e5ende tons\u00e4ttaren Krzysztof Penderecki som vunnit fyra Grammy.<\/p>\n\n\n\n<p><strong>Polen \u00e4r ett land f\u00f6r goda id\u00e9er. <\/strong>Polska forskare har gjort viktiga uppt\u00e4ckter som f\u00f6r\u00e4ndrat v\u00e4rlden. Warszawaf\u00f6dda Marie Sk\u0142odowska-Curie anses som en av tidernas st\u00f6rsta forskare, \u00e4r den enda kvinna som tilldelats Nobelpriset tv\u00e5 g\u00e5nger (1903 och 1911), och den enda som f\u00e5tt Nobelpris i tv\u00e5 olika naturvetenskaper. Hon var den f\u00f6rsta kvinna som fick Nobelpriset i kemi (f\u00f6r uppt\u00e4ckten av polonium och radium), den f\u00f6rsta kvinna som blev professor vid Sorbonneuniversitetet i Paris och den f\u00f6rsta kvinna som antogs till Medicinska universitetet. Den polske fysikern Jan Czochralski uppfann en metod f\u00f6r framst\u00e4llning av monokristaller som blev grunden f\u00f6r den nutida elektroniken. Av monokristaller av kisel som tillverkas med Czochralskis metod g\u00f6r man halvledarmaterial, som \u00e4r grunden till att datorer, surfplattor, mobiltelefoner, digitalkameror, mp3-spelare och annnan elektronisk utrustning kan fungera. De polska matematikerna\u00a0 Marian Rejewski, Jerzy R\u00f3\u017cycki och Henryk Zygalski forcerade koden till historiens mest ber\u00f6mda kryptoapparat, den tyska Enigma. D\u00e4rmed bidrog de till andra v\u00e4rldskrigets avslutning.<\/p>\n\n\n\n<p>Polen har en vacker och varierad natur fr\u00e5n \u00d6stersj\u00f6n och Mazuriska sj\u00f6arna i norr, \u00f6ver l\u00e5glandet i centrum till bergskedjorna i s\u00f6der. I Polen finns 23 nationalparker, 1500 naturreservat och 145 landskapsparker. Det uppmuntrar till aktiv fritid i form av fj\u00e4llvandringar, cykelf\u00e4rder, kanotutflykter p\u00e5 floder och sj\u00f6ar, segling, surfing eller ridning, t ex p\u00e5 en av Europas l\u00e4ngsta ridleder som \u00e4r 1800 km l\u00e5ng och g\u00e5r genom landets centrala delar. Man kan ocks\u00e5 studera s\u00e4llsynta f\u00e5gelarter i sin naturliga milj\u00f6.<\/p>\n\n\n\n<p>Turister kommer ocks\u00e5 till Polen p g a <strong>alla kulturevenemang, musik- film- och teaterfestivaler<\/strong>. De \u00e4ger rum i polska st\u00e4der som \u00e4r k\u00e4nda f\u00f6r m\u00e4rklig arkitektur, prisbel\u00f6nad i internationella arkitekturt\u00e4vlingar. M. Kar\u0142owicz-konserthuset i Szczecin var den f\u00f6rsta polska byggnad som fick det viktiga europeiska Mies van der Rohe-priset, och utst\u00e4llningspaviljongen Centrum Dialogu \u201dPrze\u0142omy\u201d (Dialogcentrum Genombrott) vid Nationalmuseet i Szczecin uts\u00e5gs p\u00e5 World Architecture Festival i Berlin till v\u00e4rldens b\u00e4sta byggnad \u00e5r 2016. Andra polska offentliga byggnader som syns p\u00e5 v\u00e4rldens arkitekturkarta \u00e4r Shakespeareteatern och Europeiskt solidaritetscentrum i Gda\u0144sk, Schlesiska museet i Katowice som byggts p\u00e5 platsen f\u00f6r en gammal kolgruva, Polska radions nationella symfoniorkesters konserthus i Katowice, Krzysztof Pendereckis musikcentrum i Lus\u0142awice, Cricoteka (Tadeusz Kantors museum) i Krak\u00f3w, Warszawaupprorets museum och Museet f\u00f6r de polska judarnas historia POLIN i Warszawa.<\/p>\n\n\n\n<p>Ett bes\u00f6k i dessa unika kulturbyggnader ger en inblick i Polens komplicerade historia och polackernas stundtals tragiska \u00f6den, s\u00e4rskilt under andra v\u00e4rldskriget. Polen verkar f\u00f6r att det som g\u00e5tt f\u00f6rlorat ska \u00e5teruppst\u00e5. Landet har blivit en v\u00e4ktare av det historiska minnet. Landet bevarar det judiska arv som gick f\u00f6rlorat under andra v\u00e4rldskriget genom att st\u00f6dja utvecklingen av den judiska minoritetens nutida kultur. Ett exempel p\u00e5 detta \u00e4r Judiska kulturfestivalen i Krak\u00f3w, som nu har funnits i \u00f6ver 30 \u00e5r \u2013 den mest spektakul\u00e4ra och gr\u00e4ns\u00f6veskridande festivalen av denna typ i v\u00e4rlden, bes\u00f6kt av tiotusentals turister varje \u00e5r.<\/p>\n\n\n\n<p><strong>Till Polen kommer ocks\u00e5 v\u00e4nner av film, teater och musik. <\/strong>De kan t ex gl\u00e4dja sig \u00e5t m\u00f6ten med de mest framst\u00e5ende nutida tons\u00e4ttarna p\u00e5 festivalen Warszawska Jesie\u0144 (Warszawah\u00f6st), med filmstj\u00e4rnor och ber\u00f6mda filmfotografer p\u00e5 filmfotofestivalen EnergaCAMERIMAGE i Toru\u0144 och med oberoende filmskapare fr\u00e5n hela v\u00e4rlden p\u00e5 Internationella festivalen Nowe Horyzonty i Wroc\u0142aw, som visar konstn\u00e4rliga, vision\u00e4ra och experimentella filmer.<\/p>\n\n\n\n<p>Det finns m\u00e5nga anledningar att bes\u00f6ka Polen. Du beh\u00f6ver inte tveka l\u00e4nge. Fr\u00e5n Stockholm till Warszawa \u00e4r det bara 1645 kilometer.<\/p>\n\n\n\n<figure class=\"wp-block-embed-youtube wp-block-embed is-type-video is-provider-youtube wp-embed-aspect-16-9 wp-has-aspect-ratio\"><div class=\"wp-block-embed__wrapper\">\nhttps:\/\/youtu.be\/yhYKtPEB16E\n<\/div><\/figure>\n\n\n\n<p>Mer om Polen:<\/p>\n\n\n\n<p><a href=\"https:\/\/poland.pl\/\" target=\"_blank\" rel=\"noreferrer noopener\">Poland.pl<\/a><\/p>\n\n\n\n<p><a href=\"https:\/\/culture.pl\/pl\" target=\"_blank\" rel=\"noreferrer noopener\">Culture.pl<\/a><\/p>\n\n\n\n<p><a href=\"https:\/\/www.polska.travel\/pl\" target=\"_blank\" rel=\"noreferrer noopener\">Poland.travel<\/a><\/p>\n\n\n\n<p>F\u00e4rska nyheter fr\u00e5n Polen p\u00e5 olika spr\u00e5k \u2013 Polska radions utlandss\u00e4ndningar: <a href=\"https:\/\/www.polskieradio.pl\/\" target=\"_blank\" rel=\"noreferrer noopener\">Polskie\u00a0Radio\u00a0dla Zagranicy<\/a><\/p>\n","protected":false},"excerpt":{"rendered":"<p>Europas geografiska centrum ligger n\u00e4ra Polens huvudstad Warszawa. Under sin tusen\u00e5riga historia har Polen f\u00f6r\u00e4ndrats mycket: fr\u00e5n europeisk stormakt till f\u00f6rlorad sj\u00e4lvst\u00e4ndighet till dagens ekonomiska tiger i \u00d6st- och centraleuropa. Polska f\u00f6retagares entusiasm, kreativitet och potential \u00e4r idag v\u00e4lk\u00e4nda i v\u00e4rlden. Tack vare polackernas beslutsamhet, deras Solidaritet och den andliga auktoriteten hos p\u00e5ven sankt Johannes [&hellip;]<\/p>\n","protected":false},"author":1,"featured_media":494,"parent":0,"menu_order":0,"comment_status":"closed","ping_status":"closed","template":"","meta":{"inline_featured_image":false,"_monsterinsights_skip_tracking":false,"_monsterinsights_sitenote_active":false,"_monsterinsights_sitenote_note":"","_monsterinsights_sitenote_category":0,"footnotes":""},"class_list":["post-493","page","type-page","status-publish","has-post-thumbnail","hentry"],"yoast_head":"<!-- This site is optimized with the Yoast SEO plugin v24.6 - https:\/\/yoast.com\/wordpress\/plugins\/seo\/ -->\n<title>L\u00e4r k\u00e4nna Polen - Instytut Polski w Sztokholmie<\/title>\n<meta name=\"robots\" content=\"index, follow, max-snippet:-1, max-image-preview:large, max-video-preview:-1\" \/>\n<link rel=\"canonical\" href=\"https:\/\/instytutpolski.pl\/stockholm\/lar-kanna-polen\/\" \/>\n<meta property=\"og:locale\" content=\"pl_PL\" \/>\n<meta property=\"og:type\" content=\"article\" \/>\n<meta property=\"og:title\" content=\"L\u00e4r k\u00e4nna Polen - Instytut Polski w Sztokholmie\" \/>\n<meta property=\"og:description\" content=\"Europas geografiska centrum ligger n\u00e4ra Polens huvudstad Warszawa. Under sin tusen\u00e5riga historia har Polen f\u00f6r\u00e4ndrats mycket: fr\u00e5n europeisk stormakt till f\u00f6rlorad sj\u00e4lvst\u00e4ndighet till dagens ekonomiska tiger i \u00d6st- och centraleuropa. Polska f\u00f6retagares entusiasm, kreativitet och potential \u00e4r idag v\u00e4lk\u00e4nda i v\u00e4rlden. Tack vare polackernas beslutsamhet, deras Solidaritet och den andliga auktoriteten hos p\u00e5ven sankt Johannes [&hellip;]\" \/>\n<meta property=\"og:url\" content=\"https:\/\/instytutpolski.pl\/stockholm\/lar-kanna-polen\/\" \/>\n<meta property=\"og:site_name\" content=\"Instytut Polski w Sztokholmie\" \/>\n<meta property=\"article:modified_time\" content=\"2020-06-05T08:33:26+00:00\" \/>\n<meta property=\"og:image\" content=\"https:\/\/instytutpolski.pl\/stockholm\/wp-content\/uploads\/sites\/17\/2019\/06\/poznaj-polske.jpg\" \/>\n\t<meta property=\"og:image:width\" content=\"1920\" \/>\n\t<meta property=\"og:image:height\" content=\"700\" \/>\n\t<meta property=\"og:image:type\" content=\"image\/jpeg\" \/>\n<meta name=\"twitter:card\" content=\"summary_large_image\" \/>\n<meta name=\"twitter:label1\" content=\"Szacowany czas czytania\" \/>\n\t<meta name=\"twitter:data1\" content=\"5 minut\" \/>\n<script type=\"application\/ld+json\" class=\"yoast-schema-graph\">{\"@context\":\"https:\/\/schema.org\",\"@graph\":[{\"@type\":\"WebPage\",\"@id\":\"https:\/\/instytutpolski.pl\/stockholm\/lar-kanna-polen\/\",\"url\":\"https:\/\/instytutpolski.pl\/stockholm\/lar-kanna-polen\/\",\"name\":\"L\u00e4r k\u00e4nna Polen - Instytut Polski w Sztokholmie\",\"isPartOf\":{\"@id\":\"https:\/\/instytutpolski.pl\/stockholm\/#website\"},\"primaryImageOfPage\":{\"@id\":\"https:\/\/instytutpolski.pl\/stockholm\/lar-kanna-polen\/#primaryimage\"},\"image\":{\"@id\":\"https:\/\/instytutpolski.pl\/stockholm\/lar-kanna-polen\/#primaryimage\"},\"thumbnailUrl\":\"https:\/\/instytutpolski.pl\/stockholm\/wp-content\/uploads\/sites\/17\/2019\/06\/poznaj-polske.jpg\",\"datePublished\":\"2019-06-25T10:44:09+00:00\",\"dateModified\":\"2020-06-05T08:33:26+00:00\",\"breadcrumb\":{\"@id\":\"https:\/\/instytutpolski.pl\/stockholm\/lar-kanna-polen\/#breadcrumb\"},\"inLanguage\":\"pl-PL\",\"potentialAction\":[{\"@type\":\"ReadAction\",\"target\":[\"https:\/\/instytutpolski.pl\/stockholm\/lar-kanna-polen\/\"]}]},{\"@type\":\"ImageObject\",\"inLanguage\":\"pl-PL\",\"@id\":\"https:\/\/instytutpolski.pl\/stockholm\/lar-kanna-polen\/#primaryimage\",\"url\":\"https:\/\/instytutpolski.pl\/stockholm\/wp-content\/uploads\/sites\/17\/2019\/06\/poznaj-polske.jpg\",\"contentUrl\":\"https:\/\/instytutpolski.pl\/stockholm\/wp-content\/uploads\/sites\/17\/2019\/06\/poznaj-polske.jpg\",\"width\":1920,\"height\":700},{\"@type\":\"BreadcrumbList\",\"@id\":\"https:\/\/instytutpolski.pl\/stockholm\/lar-kanna-polen\/#breadcrumb\",\"itemListElement\":[{\"@type\":\"ListItem\",\"position\":1,\"name\":\"Home\",\"item\":\"https:\/\/instytutpolski.pl\/stockholm\/\"},{\"@type\":\"ListItem\",\"position\":2,\"name\":\"L\u00e4r k\u00e4nna Polen\"}]},{\"@type\":\"WebSite\",\"@id\":\"https:\/\/instytutpolski.pl\/stockholm\/#website\",\"url\":\"https:\/\/instytutpolski.pl\/stockholm\/\",\"name\":\"Instytut Polski w Sztokholmie\",\"description\":\"Instytuty Polskie\",\"potentialAction\":[{\"@type\":\"SearchAction\",\"target\":{\"@type\":\"EntryPoint\",\"urlTemplate\":\"https:\/\/instytutpolski.pl\/stockholm\/?s={search_term_string}\"},\"query-input\":{\"@type\":\"PropertyValueSpecification\",\"valueRequired\":true,\"valueName\":\"search_term_string\"}}],\"inLanguage\":\"pl-PL\"}]}<\/script>\n<!-- \/ Yoast SEO plugin. -->","yoast_head_json":{"title":"L\u00e4r k\u00e4nna Polen - Instytut Polski w Sztokholmie","robots":{"index":"index","follow":"follow","max-snippet":"max-snippet:-1","max-image-preview":"max-image-preview:large","max-video-preview":"max-video-preview:-1"},"canonical":"https:\/\/instytutpolski.pl\/stockholm\/lar-kanna-polen\/","og_locale":"pl_PL","og_type":"article","og_title":"L\u00e4r k\u00e4nna Polen - Instytut Polski w Sztokholmie","og_description":"Europas geografiska centrum ligger n\u00e4ra Polens huvudstad Warszawa. Under sin tusen\u00e5riga historia har Polen f\u00f6r\u00e4ndrats mycket: fr\u00e5n europeisk stormakt till f\u00f6rlorad sj\u00e4lvst\u00e4ndighet till dagens ekonomiska tiger i \u00d6st- och centraleuropa. Polska f\u00f6retagares entusiasm, kreativitet och potential \u00e4r idag v\u00e4lk\u00e4nda i v\u00e4rlden. Tack vare polackernas beslutsamhet, deras Solidaritet och den andliga auktoriteten hos p\u00e5ven sankt Johannes [&hellip;]","og_url":"https:\/\/instytutpolski.pl\/stockholm\/lar-kanna-polen\/","og_site_name":"Instytut Polski w Sztokholmie","article_modified_time":"2020-06-05T08:33:26+00:00","og_image":[{"width":1920,"height":700,"url":"https:\/\/instytutpolski.pl\/stockholm\/wp-content\/uploads\/sites\/17\/2019\/06\/poznaj-polske.jpg","type":"image\/jpeg"}],"twitter_card":"summary_large_image","twitter_misc":{"Szacowany czas czytania":"5 minut"},"schema":{"@context":"https:\/\/schema.org","@graph":[{"@type":"WebPage","@id":"https:\/\/instytutpolski.pl\/stockholm\/lar-kanna-polen\/","url":"https:\/\/instytutpolski.pl\/stockholm\/lar-kanna-polen\/","name":"L\u00e4r k\u00e4nna Polen - Instytut Polski w Sztokholmie","isPartOf":{"@id":"https:\/\/instytutpolski.pl\/stockholm\/#website"},"primaryImageOfPage":{"@id":"https:\/\/instytutpolski.pl\/stockholm\/lar-kanna-polen\/#primaryimage"},"image":{"@id":"https:\/\/instytutpolski.pl\/stockholm\/lar-kanna-polen\/#primaryimage"},"thumbnailUrl":"https:\/\/instytutpolski.pl\/stockholm\/wp-content\/uploads\/sites\/17\/2019\/06\/poznaj-polske.jpg","datePublished":"2019-06-25T10:44:09+00:00","dateModified":"2020-06-05T08:33:26+00:00","breadcrumb":{"@id":"https:\/\/instytutpolski.pl\/stockholm\/lar-kanna-polen\/#breadcrumb"},"inLanguage":"pl-PL","potentialAction":[{"@type":"ReadAction","target":["https:\/\/instytutpolski.pl\/stockholm\/lar-kanna-polen\/"]}]},{"@type":"ImageObject","inLanguage":"pl-PL","@id":"https:\/\/instytutpolski.pl\/stockholm\/lar-kanna-polen\/#primaryimage","url":"https:\/\/instytutpolski.pl\/stockholm\/wp-content\/uploads\/sites\/17\/2019\/06\/poznaj-polske.jpg","contentUrl":"https:\/\/instytutpolski.pl\/stockholm\/wp-content\/uploads\/sites\/17\/2019\/06\/poznaj-polske.jpg","width":1920,"height":700},{"@type":"BreadcrumbList","@id":"https:\/\/instytutpolski.pl\/stockholm\/lar-kanna-polen\/#breadcrumb","itemListElement":[{"@type":"ListItem","position":1,"name":"Home","item":"https:\/\/instytutpolski.pl\/stockholm\/"},{"@type":"ListItem","position":2,"name":"L\u00e4r k\u00e4nna Polen"}]},{"@type":"WebSite","@id":"https:\/\/instytutpolski.pl\/stockholm\/#website","url":"https:\/\/instytutpolski.pl\/stockholm\/","name":"Instytut Polski w Sztokholmie","description":"Instytuty Polskie","potentialAction":[{"@type":"SearchAction","target":{"@type":"EntryPoint","urlTemplate":"https:\/\/instytutpolski.pl\/stockholm\/?s={search_term_string}"},"query-input":{"@type":"PropertyValueSpecification","valueRequired":true,"valueName":"search_term_string"}}],"inLanguage":"pl-PL"}]}},"_links":{"self":[{"href":"https:\/\/instytutpolski.pl\/stockholm\/wp-json\/wp\/v2\/pages\/493","targetHints":{"allow":["GET"]}}],"collection":[{"href":"https:\/\/instytutpolski.pl\/stockholm\/wp-json\/wp\/v2\/pages"}],"about":[{"href":"https:\/\/instytutpolski.pl\/stockholm\/wp-json\/wp\/v2\/types\/page"}],"author":[{"embeddable":true,"href":"https:\/\/instytutpolski.pl\/stockholm\/wp-json\/wp\/v2\/users\/1"}],"replies":[{"embeddable":true,"href":"https:\/\/instytutpolski.pl\/stockholm\/wp-json\/wp\/v2\/comments?post=493"}],"version-history":[{"count":5,"href":"https:\/\/instytutpolski.pl\/stockholm\/wp-json\/wp\/v2\/pages\/493\/revisions"}],"predecessor-version":[{"id":2560,"href":"https:\/\/instytutpolski.pl\/stockholm\/wp-json\/wp\/v2\/pages\/493\/revisions\/2560"}],"wp:featuredmedia":[{"embeddable":true,"href":"https:\/\/instytutpolski.pl\/stockholm\/wp-json\/wp\/v2\/media\/494"}],"wp:attachment":[{"href":"https:\/\/instytutpolski.pl\/stockholm\/wp-json\/wp\/v2\/media?parent=493"}],"curies":[{"name":"wp","href":"https:\/\/api.w.org\/{rel}","templated":true}]}}