{"id":635,"date":"2019-06-25T13:15:34","date_gmt":"2019-06-25T11:15:34","guid":{"rendered":"https:\/\/instytutpolski.pl\/sztokholm\/?page_id=635"},"modified":"2020-06-08T17:17:19","modified_gmt":"2020-06-08T15:17:19","slug":"vara-samarbetspartner","status":"publish","type":"page","link":"https:\/\/instytutpolski.pl\/stockholm\/vara-samarbetspartner\/","title":{"rendered":"V\u00e5ra samarbetspartner"},"content":{"rendered":"\n<p>Polska institutet \u00e4r med i EUNIC Stockholm, en organisation d\u00e4r 17 EU-l\u00e4nders nationella kulturinstitut och ambassader \u00e4r medlemmar. EUNIC Stockholm \u00e4r ett svenskt n\u00e4tverk f\u00f6r europeiska organisationer inom kultursektorn. Det \u00e4r en nationell svensk underorganisation till&nbsp;\u201cThe European Union National Institutes for Culture\u201d (EUNIC)&nbsp;i Bryssel, ett partnerskap av nationella kulturinstitut som \u00e4r engagerade \u00e4ven utanf\u00f6r de nationella gr\u00e4nserna och arbetar sj\u00e4lvst\u00e4ndigt p\u00e5 uppdrag av respektive lands regering.<\/p>\n\n\n\n<p>EUNIC i Bryssel har sammanlagt 36 medlemsorganisationer fr\u00e5n l\u00e4nder i Europeiska Unionen. EUNIC verkar s\u00e5v\u00e4l genom sitt huvudkontor som genom sina nationella n\u00e4tverk. Dessa nationella n\u00e4tverk \u00e4r sammanslutningar av de 36 medlemsstaterna i olika st\u00e4der runt om i Europa. Syftet med Stockholms EUNIC-n\u00e4tverk \u00e4r att skapa ett effektivt partnerskap och n\u00e4tverk f\u00f6r att f\u00f6rb\u00e4ttra och fr\u00e4mja kulturell m\u00e5ngfald och f\u00f6rst\u00e5else mellan europeiska organisationer samt att st\u00e4rka den internationella dialogen och det kulturella samarbetet med l\u00e4nder utanf\u00f6r Europa.<\/p>\n\n\n\n<p>EUNIC Stockholm \u00e4r t\u00e4nkt att fungera som en plattform f\u00f6r kommunikation och som arrang\u00f6r av olika slags kulturevenemang.<\/p>\n\n\n\n<p>Bes\u00f6k EUNIC Stockholms Facebook: <a href=\"https:\/\/www.facebook.com\/eunicstockholm\/\" target=\"_blank\" rel=\"noreferrer noopener\">https:\/\/www.facebook.com\/eunicstockholm\/<\/a><\/p>\n\n\n\n<p>EUNICs hemsida: <a href=\"https:\/\/www.eunicglobal.eu\/\" target=\"_blank\" rel=\"noreferrer noopener\">https:\/\/www.eunicglobal.eu\/<\/a><\/p>\n\n\n\n<p><br><strong>Stockholm EUNICs medlemmar \u00e4r:<\/strong><br>1.&nbsp;<a rel=\"noreferrer noopener\" href=\"http:\/\/www.finlandsinstitutet.se\/\" target=\"_blank\">Finland: Finlandsinstitutet<\/a><br>2.&nbsp;<a rel=\"noreferrer noopener\" href=\"http:\/\/www.franskainstitutet.se\/\" target=\"_blank\">Frankrike: Frankrikes ambassad\/Institut Fran\u00e7ais<\/a><br>3.&nbsp;<a rel=\"noreferrer noopener\" href=\"http:\/\/www.iicstoccolma.esteri.it\/IIC_Stoccolma\" target=\"_blank\">Italien: Italienska kulturinstitutet C.M. Lerici<\/a><br>4.&nbsp;<a rel=\"noreferrer noopener\" href=\"http:\/\/www.litemb.se\/\" target=\"_blank\">Litauen:Rebubliken Litauens ambassad<\/a><br>5.&nbsp;<a rel=\"noreferrer noopener\" href=\"http:\/\/www.netherlands-embassy.se\/\" target=\"_blank\">Nederl\u00e4nderna: Kungliga nederl\u00e4ndska ambassaden<\/a><br>6.&nbsp;<a rel=\"noreferrer noopener\" href=\"https:\/\/polskainstitutet.se\/\" target=\"_blank\">Polen: Polska institutet<\/a><br>7.&nbsp;<a rel=\"noreferrer noopener\" href=\"http:\/\/www.clp.su.se\/\" target=\"_blank\">Portugal: Instituto Camoes<\/a><br>8.&nbsp;<a rel=\"noreferrer noopener\" href=\"http:\/\/www.icr.ro\/\" target=\"_blank\">Rum\u00e4nien: Rum\u00e4nska kulturinstitutet<\/a><br>9.&nbsp;<a rel=\"noreferrer noopener\" href=\"http:\/\/www2.mfa.sk\/\" target=\"_blank\">Slovakien: Republiken Slovakiens ambassad<\/a><br>10.&nbsp;<a rel=\"noreferrer noopener\" href=\"http:\/\/www.cervantes.se\/se\" target=\"_blank\">Spanien: Instituto Cervantes<\/a><br>11.&nbsp;<a rel=\"noreferrer noopener\" href=\"http:\/\/www.britishcouncil.org\/sweden\" target=\"_blank\">Storbritannien: British Council<\/a><br>12.&nbsp;<a rel=\"noreferrer noopener\" href=\"http:\/\/www.si.se\/\" target=\"_blank\">Sverige: Svenska institutet<\/a><br>13.&nbsp;<a rel=\"noreferrer noopener\" href=\"http:\/\/www.czechcentres.cz\/stockholm\" target=\"_blank\">Tjeckien: Tjeckiska Centret<\/a><br>14.&nbsp;<a rel=\"noreferrer noopener\" href=\"http:\/\/www.goethe.de\/ins\/se\/sto\/deindex.htm\" target=\"_blank\">Tyskland: Goethe-Institut<\/a><br>15.&nbsp;<a rel=\"noreferrer noopener\" href=\"http:\/\/www.mfa.gov.hu\/kulkepviselet\/SE\/en\" target=\"_blank\">Ungern: Republiken Ungerns ambassad<\/a><br>16.&nbsp;<a rel=\"noreferrer noopener\" href=\"http:\/\/www.aussenministerium.at\/stockholm\" target=\"_blank\">\u00d6sterrike: \u00d6sterrikiska ambassaden<\/a><br>17.&nbsp;<a rel=\"noreferrer noopener\" href=\"http:\/\/www.greekembassy.se\/eng\/cultural.htm\" target=\"_blank\">Grekland: Kulturavdelningen vid Greklands ambassad<\/a><\/p>\n","protected":false},"excerpt":{"rendered":"<p>Polska institutet \u00e4r med i EUNIC Stockholm, en organisation d\u00e4r 17 EU-l\u00e4nders nationella kulturinstitut och ambassader \u00e4r medlemmar. EUNIC Stockholm \u00e4r ett svenskt n\u00e4tverk f\u00f6r europeiska organisationer inom kultursektorn. Det \u00e4r en nationell svensk underorganisation till&nbsp;\u201cThe European Union National Institutes for Culture\u201d (EUNIC)&nbsp;i Bryssel, ett partnerskap av nationella kulturinstitut som \u00e4r engagerade \u00e4ven utanf\u00f6r de [&hellip;]<\/p>\n","protected":false},"author":1,"featured_media":2734,"parent":0,"menu_order":0,"comment_status":"closed","ping_status":"closed","template":"","meta":{"inline_featured_image":false,"_monsterinsights_skip_tracking":false,"_monsterinsights_sitenote_active":false,"_monsterinsights_sitenote_note":"","_monsterinsights_sitenote_category":0,"footnotes":""},"class_list":["post-635","page","type-page","status-publish","has-post-thumbnail","hentry"],"yoast_head":"<!-- This site is optimized with the Yoast SEO plugin v24.6 - https:\/\/yoast.com\/wordpress\/plugins\/seo\/ -->\n<title>V\u00e5ra samarbetspartner - Instytut Polski w Sztokholmie<\/title>\n<meta name=\"robots\" content=\"index, follow, max-snippet:-1, max-image-preview:large, max-video-preview:-1\" \/>\n<link rel=\"canonical\" href=\"https:\/\/instytutpolski.pl\/stockholm\/vara-samarbetspartner\/\" \/>\n<meta property=\"og:locale\" content=\"pl_PL\" \/>\n<meta property=\"og:type\" content=\"article\" \/>\n<meta property=\"og:title\" content=\"V\u00e5ra samarbetspartner - Instytut Polski w Sztokholmie\" \/>\n<meta property=\"og:description\" content=\"Polska institutet \u00e4r med i EUNIC Stockholm, en organisation d\u00e4r 17 EU-l\u00e4nders nationella kulturinstitut och ambassader \u00e4r medlemmar. EUNIC Stockholm \u00e4r ett svenskt n\u00e4tverk f\u00f6r europeiska organisationer inom kultursektorn. Det \u00e4r en nationell svensk underorganisation till&nbsp;\u201cThe European Union National Institutes for Culture\u201d (EUNIC)&nbsp;i Bryssel, ett partnerskap av nationella kulturinstitut som \u00e4r engagerade \u00e4ven utanf\u00f6r de [&hellip;]\" \/>\n<meta property=\"og:url\" content=\"https:\/\/instytutpolski.pl\/stockholm\/vara-samarbetspartner\/\" \/>\n<meta property=\"og:site_name\" content=\"Instytut Polski w Sztokholmie\" \/>\n<meta property=\"article:modified_time\" content=\"2020-06-08T15:17:19+00:00\" \/>\n<meta property=\"og:image\" content=\"https:\/\/instytutpolski.pl\/stockholm\/wp-content\/uploads\/sites\/17\/2020\/06\/deanna-j-3GZlhROZIQg-unsplash.jpg\" \/>\n\t<meta property=\"og:image:width\" content=\"2000\" \/>\n\t<meta property=\"og:image:height\" content=\"1169\" \/>\n\t<meta property=\"og:image:type\" content=\"image\/jpeg\" \/>\n<meta name=\"twitter:card\" content=\"summary_large_image\" \/>\n<meta name=\"twitter:label1\" content=\"Szacowany czas czytania\" \/>\n\t<meta name=\"twitter:data1\" content=\"1 minuta\" \/>\n<script type=\"application\/ld+json\" class=\"yoast-schema-graph\">{\"@context\":\"https:\/\/schema.org\",\"@graph\":[{\"@type\":\"WebPage\",\"@id\":\"https:\/\/instytutpolski.pl\/stockholm\/vara-samarbetspartner\/\",\"url\":\"https:\/\/instytutpolski.pl\/stockholm\/vara-samarbetspartner\/\",\"name\":\"V\u00e5ra samarbetspartner - Instytut Polski w Sztokholmie\",\"isPartOf\":{\"@id\":\"https:\/\/instytutpolski.pl\/stockholm\/#website\"},\"primaryImageOfPage\":{\"@id\":\"https:\/\/instytutpolski.pl\/stockholm\/vara-samarbetspartner\/#primaryimage\"},\"image\":{\"@id\":\"https:\/\/instytutpolski.pl\/stockholm\/vara-samarbetspartner\/#primaryimage\"},\"thumbnailUrl\":\"https:\/\/instytutpolski.pl\/stockholm\/wp-content\/uploads\/sites\/17\/2020\/06\/deanna-j-3GZlhROZIQg-unsplash.jpg\",\"datePublished\":\"2019-06-25T11:15:34+00:00\",\"dateModified\":\"2020-06-08T15:17:19+00:00\",\"breadcrumb\":{\"@id\":\"https:\/\/instytutpolski.pl\/stockholm\/vara-samarbetspartner\/#breadcrumb\"},\"inLanguage\":\"pl-PL\",\"potentialAction\":[{\"@type\":\"ReadAction\",\"target\":[\"https:\/\/instytutpolski.pl\/stockholm\/vara-samarbetspartner\/\"]}]},{\"@type\":\"ImageObject\",\"inLanguage\":\"pl-PL\",\"@id\":\"https:\/\/instytutpolski.pl\/stockholm\/vara-samarbetspartner\/#primaryimage\",\"url\":\"https:\/\/instytutpolski.pl\/stockholm\/wp-content\/uploads\/sites\/17\/2020\/06\/deanna-j-3GZlhROZIQg-unsplash.jpg\",\"contentUrl\":\"https:\/\/instytutpolski.pl\/stockholm\/wp-content\/uploads\/sites\/17\/2020\/06\/deanna-j-3GZlhROZIQg-unsplash.jpg\",\"width\":2000,\"height\":1169},{\"@type\":\"BreadcrumbList\",\"@id\":\"https:\/\/instytutpolski.pl\/stockholm\/vara-samarbetspartner\/#breadcrumb\",\"itemListElement\":[{\"@type\":\"ListItem\",\"position\":1,\"name\":\"Home\",\"item\":\"https:\/\/instytutpolski.pl\/stockholm\/\"},{\"@type\":\"ListItem\",\"position\":2,\"name\":\"V\u00e5ra samarbetspartner\"}]},{\"@type\":\"WebSite\",\"@id\":\"https:\/\/instytutpolski.pl\/stockholm\/#website\",\"url\":\"https:\/\/instytutpolski.pl\/stockholm\/\",\"name\":\"Instytut Polski w Sztokholmie\",\"description\":\"Instytuty Polskie\",\"potentialAction\":[{\"@type\":\"SearchAction\",\"target\":{\"@type\":\"EntryPoint\",\"urlTemplate\":\"https:\/\/instytutpolski.pl\/stockholm\/?s={search_term_string}\"},\"query-input\":{\"@type\":\"PropertyValueSpecification\",\"valueRequired\":true,\"valueName\":\"search_term_string\"}}],\"inLanguage\":\"pl-PL\"}]}<\/script>\n<!-- \/ Yoast SEO plugin. -->","yoast_head_json":{"title":"V\u00e5ra samarbetspartner - Instytut Polski w Sztokholmie","robots":{"index":"index","follow":"follow","max-snippet":"max-snippet:-1","max-image-preview":"max-image-preview:large","max-video-preview":"max-video-preview:-1"},"canonical":"https:\/\/instytutpolski.pl\/stockholm\/vara-samarbetspartner\/","og_locale":"pl_PL","og_type":"article","og_title":"V\u00e5ra samarbetspartner - Instytut Polski w Sztokholmie","og_description":"Polska institutet \u00e4r med i EUNIC Stockholm, en organisation d\u00e4r 17 EU-l\u00e4nders nationella kulturinstitut och ambassader \u00e4r medlemmar. EUNIC Stockholm \u00e4r ett svenskt n\u00e4tverk f\u00f6r europeiska organisationer inom kultursektorn. Det \u00e4r en nationell svensk underorganisation till&nbsp;\u201cThe European Union National Institutes for Culture\u201d (EUNIC)&nbsp;i Bryssel, ett partnerskap av nationella kulturinstitut som \u00e4r engagerade \u00e4ven utanf\u00f6r de [&hellip;]","og_url":"https:\/\/instytutpolski.pl\/stockholm\/vara-samarbetspartner\/","og_site_name":"Instytut Polski w Sztokholmie","article_modified_time":"2020-06-08T15:17:19+00:00","og_image":[{"width":2000,"height":1169,"url":"https:\/\/instytutpolski.pl\/stockholm\/wp-content\/uploads\/sites\/17\/2020\/06\/deanna-j-3GZlhROZIQg-unsplash.jpg","type":"image\/jpeg"}],"twitter_card":"summary_large_image","twitter_misc":{"Szacowany czas czytania":"1 minuta"},"schema":{"@context":"https:\/\/schema.org","@graph":[{"@type":"WebPage","@id":"https:\/\/instytutpolski.pl\/stockholm\/vara-samarbetspartner\/","url":"https:\/\/instytutpolski.pl\/stockholm\/vara-samarbetspartner\/","name":"V\u00e5ra samarbetspartner - Instytut Polski w Sztokholmie","isPartOf":{"@id":"https:\/\/instytutpolski.pl\/stockholm\/#website"},"primaryImageOfPage":{"@id":"https:\/\/instytutpolski.pl\/stockholm\/vara-samarbetspartner\/#primaryimage"},"image":{"@id":"https:\/\/instytutpolski.pl\/stockholm\/vara-samarbetspartner\/#primaryimage"},"thumbnailUrl":"https:\/\/instytutpolski.pl\/stockholm\/wp-content\/uploads\/sites\/17\/2020\/06\/deanna-j-3GZlhROZIQg-unsplash.jpg","datePublished":"2019-06-25T11:15:34+00:00","dateModified":"2020-06-08T15:17:19+00:00","breadcrumb":{"@id":"https:\/\/instytutpolski.pl\/stockholm\/vara-samarbetspartner\/#breadcrumb"},"inLanguage":"pl-PL","potentialAction":[{"@type":"ReadAction","target":["https:\/\/instytutpolski.pl\/stockholm\/vara-samarbetspartner\/"]}]},{"@type":"ImageObject","inLanguage":"pl-PL","@id":"https:\/\/instytutpolski.pl\/stockholm\/vara-samarbetspartner\/#primaryimage","url":"https:\/\/instytutpolski.pl\/stockholm\/wp-content\/uploads\/sites\/17\/2020\/06\/deanna-j-3GZlhROZIQg-unsplash.jpg","contentUrl":"https:\/\/instytutpolski.pl\/stockholm\/wp-content\/uploads\/sites\/17\/2020\/06\/deanna-j-3GZlhROZIQg-unsplash.jpg","width":2000,"height":1169},{"@type":"BreadcrumbList","@id":"https:\/\/instytutpolski.pl\/stockholm\/vara-samarbetspartner\/#breadcrumb","itemListElement":[{"@type":"ListItem","position":1,"name":"Home","item":"https:\/\/instytutpolski.pl\/stockholm\/"},{"@type":"ListItem","position":2,"name":"V\u00e5ra samarbetspartner"}]},{"@type":"WebSite","@id":"https:\/\/instytutpolski.pl\/stockholm\/#website","url":"https:\/\/instytutpolski.pl\/stockholm\/","name":"Instytut Polski w Sztokholmie","description":"Instytuty Polskie","potentialAction":[{"@type":"SearchAction","target":{"@type":"EntryPoint","urlTemplate":"https:\/\/instytutpolski.pl\/stockholm\/?s={search_term_string}"},"query-input":{"@type":"PropertyValueSpecification","valueRequired":true,"valueName":"search_term_string"}}],"inLanguage":"pl-PL"}]}},"_links":{"self":[{"href":"https:\/\/instytutpolski.pl\/stockholm\/wp-json\/wp\/v2\/pages\/635","targetHints":{"allow":["GET"]}}],"collection":[{"href":"https:\/\/instytutpolski.pl\/stockholm\/wp-json\/wp\/v2\/pages"}],"about":[{"href":"https:\/\/instytutpolski.pl\/stockholm\/wp-json\/wp\/v2\/types\/page"}],"author":[{"embeddable":true,"href":"https:\/\/instytutpolski.pl\/stockholm\/wp-json\/wp\/v2\/users\/1"}],"replies":[{"embeddable":true,"href":"https:\/\/instytutpolski.pl\/stockholm\/wp-json\/wp\/v2\/comments?post=635"}],"version-history":[{"count":13,"href":"https:\/\/instytutpolski.pl\/stockholm\/wp-json\/wp\/v2\/pages\/635\/revisions"}],"predecessor-version":[{"id":2737,"href":"https:\/\/instytutpolski.pl\/stockholm\/wp-json\/wp\/v2\/pages\/635\/revisions\/2737"}],"wp:featuredmedia":[{"embeddable":true,"href":"https:\/\/instytutpolski.pl\/stockholm\/wp-json\/wp\/v2\/media\/2734"}],"wp:attachment":[{"href":"https:\/\/instytutpolski.pl\/stockholm\/wp-json\/wp\/v2\/media?parent=635"}],"curies":[{"name":"wp","href":"https:\/\/api.w.org\/{rel}","templated":true}]}}