{"id":8770,"date":"2022-07-12T13:11:25","date_gmt":"2022-07-12T11:11:25","guid":{"rendered":"https:\/\/instytutpolski.pl\/stockholm\/?page_id=8770"},"modified":"2022-08-19T10:06:15","modified_gmt":"2022-08-19T08:06:15","slug":"kinoteka-2022","status":"publish","type":"page","link":"https:\/\/instytutpolski.pl\/stockholm\/kinoteka-2022\/","title":{"rendered":"KINOTEKA 2022"},"content":{"rendered":"\n<h5 class=\"has-text-align-center wp-block-heading\"><strong>Den 13:e upplagan av polska filmfestivalen Kinoteka Stockholm, som arrangeras av Polska institutet, \u00e4ger rum den 2-4 september 2022 p\u00e5<\/strong> <strong>Klarabiografen. Varje \u00e5r presenterar vi ett urval av nya polska spelfilmer, intressanta dokument och klassikerp\u00e4rlor.<\/strong><\/h5>\n\n\n\n<p> <\/p>\n\n\n\n<p class=\"has-text-align-center\">\u00c5rets upplaga av filmfestivalen Kinoteka Stockholm tar fokus p\u00e5 Polens senaste och mest prisbel\u00f6nta filmer. Under festivalens tre dagar visas thrillers och psykologiska dramer som ber\u00e4ttar om dramatiska h\u00e4ndelser i Polen &#8211; fr\u00e5n andra v\u00e4rldskriget till samtiden. Varje festivaldag avslutas med en kortfilm skapad av en debuterande regiss\u00f6r. P\u00e5 \u00e5rets festival f\u00e5r vi dessutom bes\u00f6k av tv\u00e5 geniala g\u00e4ster fr\u00e5n Polen.<\/p>\n\n\n\n<p><\/p>\n\n\n\n<h5 class=\"has-text-align-center has-white-color has-text-color wp-block-heading\"> &#8230;<\/h5>\n\n\n\n<p class=\"has-text-align-center\">2 \u2013 4 september 2022<\/p>\n\n\n\n<p class=\"has-text-align-center\">Klarabiografen<\/p>\n\n\n\n<p class=\"has-text-align-center\">Kulturhusetstadsteatern, Stockholm<\/p>\n\n\n\n<p><\/p>\n\n\n\n<h5 class=\"has-text-align-center has-white-color has-text-color wp-block-heading\"> &#8230;<\/h5>\n\n\n\n<p class=\"has-text-align-center\"><a href=\"https:\/\/instytutpolski.pl\/stockholm\/2022\/08\/02\/om-kinoteka-2022\/\" target=\"_blank\" rel=\"noreferrer noopener\">OM KINOTEKA<\/a> | <a href=\"https:\/\/instytutpolski.pl\/stockholm\/program-kinoteka-2022\/\" target=\"_blank\" rel=\"noreferrer noopener\">PROGRAM<\/a> | <a href=\"https:\/\/instytutpolski.pl\/stockholm\/film-och-samtal-kinoteka-2022\/\" target=\"_blank\" rel=\"noreferrer noopener\">FILM OCH SAMTAL<\/a> | <a href=\"https:\/\/kulturhusetstadsteatern.se\/kinoteka-polsk-filmfestival\" target=\"_blank\" rel=\"noreferrer noopener\">BILJETTER<\/a><\/p>\n","protected":false},"excerpt":{"rendered":"<p>Den 13:e upplagan av polska filmfestivalen Kinoteka Stockholm, som arrangeras av Polska institutet, \u00e4ger rum den 2-4 september 2022 p\u00e5 Klarabiografen. Varje \u00e5r presenterar vi ett urval av nya polska spelfilmer, intressanta dokument och klassikerp\u00e4rlor. \u00c5rets upplaga av filmfestivalen Kinoteka Stockholm tar fokus p\u00e5 Polens senaste och mest prisbel\u00f6nta filmer. Under festivalens tre dagar visas [&hellip;]<\/p>\n","protected":false},"author":172,"featured_media":8993,"parent":0,"menu_order":0,"comment_status":"closed","ping_status":"closed","template":"page-big-event.php","meta":{"inline_featured_image":false,"_monsterinsights_skip_tracking":false,"_monsterinsights_sitenote_active":false,"_monsterinsights_sitenote_note":"","_monsterinsights_sitenote_category":0,"footnotes":""},"class_list":["post-8770","page","type-page","status-publish","has-post-thumbnail","hentry"],"yoast_head":"<!-- This site is optimized with the Yoast SEO plugin v24.6 - https:\/\/yoast.com\/wordpress\/plugins\/seo\/ -->\n<title>KINOTEKA 2022 - Instytut Polski w Sztokholmie<\/title>\n<meta name=\"robots\" content=\"index, follow, max-snippet:-1, max-image-preview:large, max-video-preview:-1\" \/>\n<link rel=\"canonical\" href=\"https:\/\/instytutpolski.pl\/stockholm\/kinoteka-2022\/\" \/>\n<meta property=\"og:locale\" content=\"pl_PL\" \/>\n<meta property=\"og:type\" content=\"article\" \/>\n<meta property=\"og:title\" content=\"KINOTEKA 2022 - Instytut Polski w Sztokholmie\" \/>\n<meta property=\"og:description\" content=\"Den 13:e upplagan av polska filmfestivalen Kinoteka Stockholm, som arrangeras av Polska institutet, \u00e4ger rum den 2-4 september 2022 p\u00e5 Klarabiografen. Varje \u00e5r presenterar vi ett urval av nya polska spelfilmer, intressanta dokument och klassikerp\u00e4rlor. \u00c5rets upplaga av filmfestivalen Kinoteka Stockholm tar fokus p\u00e5 Polens senaste och mest prisbel\u00f6nta filmer. Under festivalens tre dagar visas [&hellip;]\" \/>\n<meta property=\"og:url\" content=\"https:\/\/instytutpolski.pl\/stockholm\/kinoteka-2022\/\" \/>\n<meta property=\"og:site_name\" content=\"Instytut Polski w Sztokholmie\" \/>\n<meta property=\"article:modified_time\" content=\"2022-08-19T08:06:15+00:00\" \/>\n<meta property=\"og:image\" content=\"https:\/\/instytutpolski.pl\/stockholm\/wp-content\/uploads\/sites\/17\/2022\/08\/Baner_strona.png\" \/>\n\t<meta property=\"og:image:width\" content=\"1120\" \/>\n\t<meta property=\"og:image:height\" content=\"630\" \/>\n\t<meta property=\"og:image:type\" content=\"image\/png\" \/>\n<meta name=\"twitter:card\" content=\"summary_large_image\" \/>\n<meta name=\"twitter:label1\" content=\"Szacowany czas czytania\" \/>\n\t<meta name=\"twitter:data1\" content=\"1 minuta\" \/>\n<script type=\"application\/ld+json\" class=\"yoast-schema-graph\">{\"@context\":\"https:\/\/schema.org\",\"@graph\":[{\"@type\":\"WebPage\",\"@id\":\"https:\/\/instytutpolski.pl\/stockholm\/kinoteka-2022\/\",\"url\":\"https:\/\/instytutpolski.pl\/stockholm\/kinoteka-2022\/\",\"name\":\"KINOTEKA 2022 - Instytut Polski w Sztokholmie\",\"isPartOf\":{\"@id\":\"https:\/\/instytutpolski.pl\/stockholm\/#website\"},\"primaryImageOfPage\":{\"@id\":\"https:\/\/instytutpolski.pl\/stockholm\/kinoteka-2022\/#primaryimage\"},\"image\":{\"@id\":\"https:\/\/instytutpolski.pl\/stockholm\/kinoteka-2022\/#primaryimage\"},\"thumbnailUrl\":\"https:\/\/instytutpolski.pl\/stockholm\/wp-content\/uploads\/sites\/17\/2022\/08\/Baner_strona.png\",\"datePublished\":\"2022-07-12T11:11:25+00:00\",\"dateModified\":\"2022-08-19T08:06:15+00:00\",\"breadcrumb\":{\"@id\":\"https:\/\/instytutpolski.pl\/stockholm\/kinoteka-2022\/#breadcrumb\"},\"inLanguage\":\"pl-PL\",\"potentialAction\":[{\"@type\":\"ReadAction\",\"target\":[\"https:\/\/instytutpolski.pl\/stockholm\/kinoteka-2022\/\"]}]},{\"@type\":\"ImageObject\",\"inLanguage\":\"pl-PL\",\"@id\":\"https:\/\/instytutpolski.pl\/stockholm\/kinoteka-2022\/#primaryimage\",\"url\":\"https:\/\/instytutpolski.pl\/stockholm\/wp-content\/uploads\/sites\/17\/2022\/08\/Baner_strona.png\",\"contentUrl\":\"https:\/\/instytutpolski.pl\/stockholm\/wp-content\/uploads\/sites\/17\/2022\/08\/Baner_strona.png\",\"width\":1120,\"height\":630},{\"@type\":\"BreadcrumbList\",\"@id\":\"https:\/\/instytutpolski.pl\/stockholm\/kinoteka-2022\/#breadcrumb\",\"itemListElement\":[{\"@type\":\"ListItem\",\"position\":1,\"name\":\"Home\",\"item\":\"https:\/\/instytutpolski.pl\/stockholm\/\"},{\"@type\":\"ListItem\",\"position\":2,\"name\":\"KINOTEKA 2022\"}]},{\"@type\":\"WebSite\",\"@id\":\"https:\/\/instytutpolski.pl\/stockholm\/#website\",\"url\":\"https:\/\/instytutpolski.pl\/stockholm\/\",\"name\":\"Instytut Polski w Sztokholmie\",\"description\":\"Instytuty Polskie\",\"potentialAction\":[{\"@type\":\"SearchAction\",\"target\":{\"@type\":\"EntryPoint\",\"urlTemplate\":\"https:\/\/instytutpolski.pl\/stockholm\/?s={search_term_string}\"},\"query-input\":{\"@type\":\"PropertyValueSpecification\",\"valueRequired\":true,\"valueName\":\"search_term_string\"}}],\"inLanguage\":\"pl-PL\"}]}<\/script>\n<!-- \/ Yoast SEO plugin. -->","yoast_head_json":{"title":"KINOTEKA 2022 - Instytut Polski w Sztokholmie","robots":{"index":"index","follow":"follow","max-snippet":"max-snippet:-1","max-image-preview":"max-image-preview:large","max-video-preview":"max-video-preview:-1"},"canonical":"https:\/\/instytutpolski.pl\/stockholm\/kinoteka-2022\/","og_locale":"pl_PL","og_type":"article","og_title":"KINOTEKA 2022 - Instytut Polski w Sztokholmie","og_description":"Den 13:e upplagan av polska filmfestivalen Kinoteka Stockholm, som arrangeras av Polska institutet, \u00e4ger rum den 2-4 september 2022 p\u00e5 Klarabiografen. Varje \u00e5r presenterar vi ett urval av nya polska spelfilmer, intressanta dokument och klassikerp\u00e4rlor. \u00c5rets upplaga av filmfestivalen Kinoteka Stockholm tar fokus p\u00e5 Polens senaste och mest prisbel\u00f6nta filmer. Under festivalens tre dagar visas [&hellip;]","og_url":"https:\/\/instytutpolski.pl\/stockholm\/kinoteka-2022\/","og_site_name":"Instytut Polski w Sztokholmie","article_modified_time":"2022-08-19T08:06:15+00:00","og_image":[{"width":1120,"height":630,"url":"https:\/\/instytutpolski.pl\/stockholm\/wp-content\/uploads\/sites\/17\/2022\/08\/Baner_strona.png","type":"image\/png"}],"twitter_card":"summary_large_image","twitter_misc":{"Szacowany czas czytania":"1 minuta"},"schema":{"@context":"https:\/\/schema.org","@graph":[{"@type":"WebPage","@id":"https:\/\/instytutpolski.pl\/stockholm\/kinoteka-2022\/","url":"https:\/\/instytutpolski.pl\/stockholm\/kinoteka-2022\/","name":"KINOTEKA 2022 - Instytut Polski w Sztokholmie","isPartOf":{"@id":"https:\/\/instytutpolski.pl\/stockholm\/#website"},"primaryImageOfPage":{"@id":"https:\/\/instytutpolski.pl\/stockholm\/kinoteka-2022\/#primaryimage"},"image":{"@id":"https:\/\/instytutpolski.pl\/stockholm\/kinoteka-2022\/#primaryimage"},"thumbnailUrl":"https:\/\/instytutpolski.pl\/stockholm\/wp-content\/uploads\/sites\/17\/2022\/08\/Baner_strona.png","datePublished":"2022-07-12T11:11:25+00:00","dateModified":"2022-08-19T08:06:15+00:00","breadcrumb":{"@id":"https:\/\/instytutpolski.pl\/stockholm\/kinoteka-2022\/#breadcrumb"},"inLanguage":"pl-PL","potentialAction":[{"@type":"ReadAction","target":["https:\/\/instytutpolski.pl\/stockholm\/kinoteka-2022\/"]}]},{"@type":"ImageObject","inLanguage":"pl-PL","@id":"https:\/\/instytutpolski.pl\/stockholm\/kinoteka-2022\/#primaryimage","url":"https:\/\/instytutpolski.pl\/stockholm\/wp-content\/uploads\/sites\/17\/2022\/08\/Baner_strona.png","contentUrl":"https:\/\/instytutpolski.pl\/stockholm\/wp-content\/uploads\/sites\/17\/2022\/08\/Baner_strona.png","width":1120,"height":630},{"@type":"BreadcrumbList","@id":"https:\/\/instytutpolski.pl\/stockholm\/kinoteka-2022\/#breadcrumb","itemListElement":[{"@type":"ListItem","position":1,"name":"Home","item":"https:\/\/instytutpolski.pl\/stockholm\/"},{"@type":"ListItem","position":2,"name":"KINOTEKA 2022"}]},{"@type":"WebSite","@id":"https:\/\/instytutpolski.pl\/stockholm\/#website","url":"https:\/\/instytutpolski.pl\/stockholm\/","name":"Instytut Polski w Sztokholmie","description":"Instytuty Polskie","potentialAction":[{"@type":"SearchAction","target":{"@type":"EntryPoint","urlTemplate":"https:\/\/instytutpolski.pl\/stockholm\/?s={search_term_string}"},"query-input":{"@type":"PropertyValueSpecification","valueRequired":true,"valueName":"search_term_string"}}],"inLanguage":"pl-PL"}]}},"_links":{"self":[{"href":"https:\/\/instytutpolski.pl\/stockholm\/wp-json\/wp\/v2\/pages\/8770","targetHints":{"allow":["GET"]}}],"collection":[{"href":"https:\/\/instytutpolski.pl\/stockholm\/wp-json\/wp\/v2\/pages"}],"about":[{"href":"https:\/\/instytutpolski.pl\/stockholm\/wp-json\/wp\/v2\/types\/page"}],"author":[{"embeddable":true,"href":"https:\/\/instytutpolski.pl\/stockholm\/wp-json\/wp\/v2\/users\/172"}],"replies":[{"embeddable":true,"href":"https:\/\/instytutpolski.pl\/stockholm\/wp-json\/wp\/v2\/comments?post=8770"}],"version-history":[{"count":15,"href":"https:\/\/instytutpolski.pl\/stockholm\/wp-json\/wp\/v2\/pages\/8770\/revisions"}],"predecessor-version":[{"id":8995,"href":"https:\/\/instytutpolski.pl\/stockholm\/wp-json\/wp\/v2\/pages\/8770\/revisions\/8995"}],"wp:featuredmedia":[{"embeddable":true,"href":"https:\/\/instytutpolski.pl\/stockholm\/wp-json\/wp\/v2\/media\/8993"}],"wp:attachment":[{"href":"https:\/\/instytutpolski.pl\/stockholm\/wp-json\/wp\/v2\/media?parent=8770"}],"curies":[{"name":"wp","href":"https:\/\/api.w.org\/{rel}","templated":true}]}}