{"id":8997,"date":"2022-08-19T10:17:46","date_gmt":"2022-08-19T08:17:46","guid":{"rendered":"https:\/\/instytutpolski.pl\/stockholm\/?page_id=8997"},"modified":"2022-08-19T10:17:47","modified_gmt":"2022-08-19T08:17:47","slug":"kinoteka-lemoteka-2021","status":"publish","type":"page","link":"https:\/\/instytutpolski.pl\/stockholm\/kinoteka-lemoteka-2021\/","title":{"rendered":"KINOTEKA \/ LEMOTEKA 2021"},"content":{"rendered":"\n<h5 class=\"has-text-align-center wp-block-heading\"><br><strong><strong>Den 12:e upplagan av polska filmfestivalen Kinoteka Stockholm, som arrangeras av Polska institutet,<\/strong><\/strong><br><strong><strong>\u00e4ger rum den 10-12 september 2021 p\u00e5 Zita Folkets Bio. Varje \u00e5r presenterar vi ett urval av nya spelfilmer, intressanta dokument och polska klassikerp\u00e4rlor.<\/strong><\/strong><\/h5>\n\n\n\n<p class=\"has-text-align-center\"><br>\u00c5rets upplaga av filmfestivalen Kinoteka Stockholm tar fokus p\u00e5 animation och litteraturinspirerade filmer.<br>Kinotekas f\u00f6rsta dag handlar f\u00f6rst och fr\u00e4mst om polsk filmanimation medan de tv\u00e5 sista festivaldagarna<br>till\u00e4gnas filmer som inspirerades av verk av den otroligt sp\u00e4nnande polska romanf\u00f6rfattaren,<br>Stanis\u0142aw Lem, i festivalens nya filmsektion &#8211; Lemoteka.<\/p>\n\n\n\n<p class=\"has-text-align-center\"><br>10-12 september 2021<br>Zita Folkets Bio<br>Birger Jarlsgatan 37, Stockholm<\/p>\n\n\n\n<p><\/p>\n\n\n\n<p><\/p>\n\n\n\n<p><\/p>\n\n\n\n<p class=\"has-text-align-center\"><strong><a href=\"https:\/\/instytutpolski.pl\/stockholm\/kinoteka\/om-kinoteka-2021\/\" target=\"_blank\" rel=\"noreferrer noopener\">OM KINOTEKA<\/a><\/strong> | <a href=\"https:\/\/instytutpolski.pl\/stockholm\/kinoteka\/program-2021\/\" target=\"_blank\" rel=\"noreferrer noopener\"><strong>PROGRAM<\/strong><\/a> | <strong><a href=\"https:\/\/instytutpolski.pl\/stockholm\/kinoteka\/film-och-samtal\/\" target=\"_blank\" rel=\"noreferrer noopener\">FILM OCH SAMTAL<\/a><\/strong><\/p>\n","protected":false},"excerpt":{"rendered":"<p>Den 12:e upplagan av polska filmfestivalen Kinoteka Stockholm, som arrangeras av Polska institutet,\u00e4ger rum den 10-12 september 2021 p\u00e5 Zita Folkets Bio. Varje \u00e5r presenterar vi ett urval av nya spelfilmer, intressanta dokument och polska klassikerp\u00e4rlor. \u00c5rets upplaga av filmfestivalen Kinoteka Stockholm tar fokus p\u00e5 animation och litteraturinspirerade filmer.Kinotekas f\u00f6rsta dag handlar f\u00f6rst och fr\u00e4mst [&hellip;]<\/p>\n","protected":false},"author":172,"featured_media":8998,"parent":0,"menu_order":0,"comment_status":"closed","ping_status":"closed","template":"page-big-event.php","meta":{"inline_featured_image":false,"_monsterinsights_skip_tracking":false,"_monsterinsights_sitenote_active":false,"_monsterinsights_sitenote_note":"","_monsterinsights_sitenote_category":0,"footnotes":""},"class_list":["post-8997","page","type-page","status-publish","has-post-thumbnail","hentry"],"yoast_head":"<!-- This site is optimized with the Yoast SEO plugin v24.6 - https:\/\/yoast.com\/wordpress\/plugins\/seo\/ -->\n<title>KINOTEKA \/ LEMOTEKA 2021 - Instytut Polski w Sztokholmie<\/title>\n<meta name=\"robots\" content=\"index, follow, max-snippet:-1, max-image-preview:large, max-video-preview:-1\" \/>\n<link rel=\"canonical\" href=\"https:\/\/instytutpolski.pl\/stockholm\/kinoteka-lemoteka-2021\/\" \/>\n<meta property=\"og:locale\" content=\"pl_PL\" \/>\n<meta property=\"og:type\" content=\"article\" \/>\n<meta property=\"og:title\" content=\"KINOTEKA \/ LEMOTEKA 2021 - Instytut Polski w Sztokholmie\" \/>\n<meta property=\"og:description\" content=\"Den 12:e upplagan av polska filmfestivalen Kinoteka Stockholm, som arrangeras av Polska institutet,\u00e4ger rum den 10-12 september 2021 p\u00e5 Zita Folkets Bio. Varje \u00e5r presenterar vi ett urval av nya spelfilmer, intressanta dokument och polska klassikerp\u00e4rlor. \u00c5rets upplaga av filmfestivalen Kinoteka Stockholm tar fokus p\u00e5 animation och litteraturinspirerade filmer.Kinotekas f\u00f6rsta dag handlar f\u00f6rst och fr\u00e4mst [&hellip;]\" \/>\n<meta property=\"og:url\" content=\"https:\/\/instytutpolski.pl\/stockholm\/kinoteka-lemoteka-2021\/\" \/>\n<meta property=\"og:site_name\" content=\"Instytut Polski w Sztokholmie\" \/>\n<meta property=\"article:modified_time\" content=\"2022-08-19T08:17:47+00:00\" \/>\n<meta property=\"og:image\" content=\"https:\/\/instytutpolski.pl\/stockholm\/wp-content\/uploads\/sites\/17\/2022\/08\/LEM-1120x630pxNEW.jpg\" \/>\n\t<meta property=\"og:image:width\" content=\"1120\" \/>\n\t<meta property=\"og:image:height\" content=\"630\" \/>\n\t<meta property=\"og:image:type\" content=\"image\/jpeg\" \/>\n<meta name=\"twitter:card\" content=\"summary_large_image\" \/>\n<meta name=\"twitter:label1\" content=\"Szacowany czas czytania\" \/>\n\t<meta name=\"twitter:data1\" content=\"1 minuta\" \/>\n<script type=\"application\/ld+json\" class=\"yoast-schema-graph\">{\"@context\":\"https:\/\/schema.org\",\"@graph\":[{\"@type\":\"WebPage\",\"@id\":\"https:\/\/instytutpolski.pl\/stockholm\/kinoteka-lemoteka-2021\/\",\"url\":\"https:\/\/instytutpolski.pl\/stockholm\/kinoteka-lemoteka-2021\/\",\"name\":\"KINOTEKA \/ LEMOTEKA 2021 - Instytut Polski w Sztokholmie\",\"isPartOf\":{\"@id\":\"https:\/\/instytutpolski.pl\/stockholm\/#website\"},\"primaryImageOfPage\":{\"@id\":\"https:\/\/instytutpolski.pl\/stockholm\/kinoteka-lemoteka-2021\/#primaryimage\"},\"image\":{\"@id\":\"https:\/\/instytutpolski.pl\/stockholm\/kinoteka-lemoteka-2021\/#primaryimage\"},\"thumbnailUrl\":\"https:\/\/instytutpolski.pl\/stockholm\/wp-content\/uploads\/sites\/17\/2022\/08\/LEM-1120x630pxNEW.jpg\",\"datePublished\":\"2022-08-19T08:17:46+00:00\",\"dateModified\":\"2022-08-19T08:17:47+00:00\",\"breadcrumb\":{\"@id\":\"https:\/\/instytutpolski.pl\/stockholm\/kinoteka-lemoteka-2021\/#breadcrumb\"},\"inLanguage\":\"pl-PL\",\"potentialAction\":[{\"@type\":\"ReadAction\",\"target\":[\"https:\/\/instytutpolski.pl\/stockholm\/kinoteka-lemoteka-2021\/\"]}]},{\"@type\":\"ImageObject\",\"inLanguage\":\"pl-PL\",\"@id\":\"https:\/\/instytutpolski.pl\/stockholm\/kinoteka-lemoteka-2021\/#primaryimage\",\"url\":\"https:\/\/instytutpolski.pl\/stockholm\/wp-content\/uploads\/sites\/17\/2022\/08\/LEM-1120x630pxNEW.jpg\",\"contentUrl\":\"https:\/\/instytutpolski.pl\/stockholm\/wp-content\/uploads\/sites\/17\/2022\/08\/LEM-1120x630pxNEW.jpg\",\"width\":1120,\"height\":630},{\"@type\":\"BreadcrumbList\",\"@id\":\"https:\/\/instytutpolski.pl\/stockholm\/kinoteka-lemoteka-2021\/#breadcrumb\",\"itemListElement\":[{\"@type\":\"ListItem\",\"position\":1,\"name\":\"Home\",\"item\":\"https:\/\/instytutpolski.pl\/stockholm\/\"},{\"@type\":\"ListItem\",\"position\":2,\"name\":\"KINOTEKA \/ LEMOTEKA 2021\"}]},{\"@type\":\"WebSite\",\"@id\":\"https:\/\/instytutpolski.pl\/stockholm\/#website\",\"url\":\"https:\/\/instytutpolski.pl\/stockholm\/\",\"name\":\"Instytut Polski w Sztokholmie\",\"description\":\"Instytuty Polskie\",\"potentialAction\":[{\"@type\":\"SearchAction\",\"target\":{\"@type\":\"EntryPoint\",\"urlTemplate\":\"https:\/\/instytutpolski.pl\/stockholm\/?s={search_term_string}\"},\"query-input\":{\"@type\":\"PropertyValueSpecification\",\"valueRequired\":true,\"valueName\":\"search_term_string\"}}],\"inLanguage\":\"pl-PL\"}]}<\/script>\n<!-- \/ Yoast SEO plugin. -->","yoast_head_json":{"title":"KINOTEKA \/ LEMOTEKA 2021 - Instytut Polski w Sztokholmie","robots":{"index":"index","follow":"follow","max-snippet":"max-snippet:-1","max-image-preview":"max-image-preview:large","max-video-preview":"max-video-preview:-1"},"canonical":"https:\/\/instytutpolski.pl\/stockholm\/kinoteka-lemoteka-2021\/","og_locale":"pl_PL","og_type":"article","og_title":"KINOTEKA \/ LEMOTEKA 2021 - Instytut Polski w Sztokholmie","og_description":"Den 12:e upplagan av polska filmfestivalen Kinoteka Stockholm, som arrangeras av Polska institutet,\u00e4ger rum den 10-12 september 2021 p\u00e5 Zita Folkets Bio. Varje \u00e5r presenterar vi ett urval av nya spelfilmer, intressanta dokument och polska klassikerp\u00e4rlor. \u00c5rets upplaga av filmfestivalen Kinoteka Stockholm tar fokus p\u00e5 animation och litteraturinspirerade filmer.Kinotekas f\u00f6rsta dag handlar f\u00f6rst och fr\u00e4mst [&hellip;]","og_url":"https:\/\/instytutpolski.pl\/stockholm\/kinoteka-lemoteka-2021\/","og_site_name":"Instytut Polski w Sztokholmie","article_modified_time":"2022-08-19T08:17:47+00:00","og_image":[{"width":1120,"height":630,"url":"https:\/\/instytutpolski.pl\/stockholm\/wp-content\/uploads\/sites\/17\/2022\/08\/LEM-1120x630pxNEW.jpg","type":"image\/jpeg"}],"twitter_card":"summary_large_image","twitter_misc":{"Szacowany czas czytania":"1 minuta"},"schema":{"@context":"https:\/\/schema.org","@graph":[{"@type":"WebPage","@id":"https:\/\/instytutpolski.pl\/stockholm\/kinoteka-lemoteka-2021\/","url":"https:\/\/instytutpolski.pl\/stockholm\/kinoteka-lemoteka-2021\/","name":"KINOTEKA \/ LEMOTEKA 2021 - Instytut Polski w Sztokholmie","isPartOf":{"@id":"https:\/\/instytutpolski.pl\/stockholm\/#website"},"primaryImageOfPage":{"@id":"https:\/\/instytutpolski.pl\/stockholm\/kinoteka-lemoteka-2021\/#primaryimage"},"image":{"@id":"https:\/\/instytutpolski.pl\/stockholm\/kinoteka-lemoteka-2021\/#primaryimage"},"thumbnailUrl":"https:\/\/instytutpolski.pl\/stockholm\/wp-content\/uploads\/sites\/17\/2022\/08\/LEM-1120x630pxNEW.jpg","datePublished":"2022-08-19T08:17:46+00:00","dateModified":"2022-08-19T08:17:47+00:00","breadcrumb":{"@id":"https:\/\/instytutpolski.pl\/stockholm\/kinoteka-lemoteka-2021\/#breadcrumb"},"inLanguage":"pl-PL","potentialAction":[{"@type":"ReadAction","target":["https:\/\/instytutpolski.pl\/stockholm\/kinoteka-lemoteka-2021\/"]}]},{"@type":"ImageObject","inLanguage":"pl-PL","@id":"https:\/\/instytutpolski.pl\/stockholm\/kinoteka-lemoteka-2021\/#primaryimage","url":"https:\/\/instytutpolski.pl\/stockholm\/wp-content\/uploads\/sites\/17\/2022\/08\/LEM-1120x630pxNEW.jpg","contentUrl":"https:\/\/instytutpolski.pl\/stockholm\/wp-content\/uploads\/sites\/17\/2022\/08\/LEM-1120x630pxNEW.jpg","width":1120,"height":630},{"@type":"BreadcrumbList","@id":"https:\/\/instytutpolski.pl\/stockholm\/kinoteka-lemoteka-2021\/#breadcrumb","itemListElement":[{"@type":"ListItem","position":1,"name":"Home","item":"https:\/\/instytutpolski.pl\/stockholm\/"},{"@type":"ListItem","position":2,"name":"KINOTEKA \/ LEMOTEKA 2021"}]},{"@type":"WebSite","@id":"https:\/\/instytutpolski.pl\/stockholm\/#website","url":"https:\/\/instytutpolski.pl\/stockholm\/","name":"Instytut Polski w Sztokholmie","description":"Instytuty Polskie","potentialAction":[{"@type":"SearchAction","target":{"@type":"EntryPoint","urlTemplate":"https:\/\/instytutpolski.pl\/stockholm\/?s={search_term_string}"},"query-input":{"@type":"PropertyValueSpecification","valueRequired":true,"valueName":"search_term_string"}}],"inLanguage":"pl-PL"}]}},"_links":{"self":[{"href":"https:\/\/instytutpolski.pl\/stockholm\/wp-json\/wp\/v2\/pages\/8997","targetHints":{"allow":["GET"]}}],"collection":[{"href":"https:\/\/instytutpolski.pl\/stockholm\/wp-json\/wp\/v2\/pages"}],"about":[{"href":"https:\/\/instytutpolski.pl\/stockholm\/wp-json\/wp\/v2\/types\/page"}],"author":[{"embeddable":true,"href":"https:\/\/instytutpolski.pl\/stockholm\/wp-json\/wp\/v2\/users\/172"}],"replies":[{"embeddable":true,"href":"https:\/\/instytutpolski.pl\/stockholm\/wp-json\/wp\/v2\/comments?post=8997"}],"version-history":[{"count":2,"href":"https:\/\/instytutpolski.pl\/stockholm\/wp-json\/wp\/v2\/pages\/8997\/revisions"}],"predecessor-version":[{"id":9000,"href":"https:\/\/instytutpolski.pl\/stockholm\/wp-json\/wp\/v2\/pages\/8997\/revisions\/9000"}],"wp:featuredmedia":[{"embeddable":true,"href":"https:\/\/instytutpolski.pl\/stockholm\/wp-json\/wp\/v2\/media\/8998"}],"wp:attachment":[{"href":"https:\/\/instytutpolski.pl\/stockholm\/wp-json\/wp\/v2\/media?parent=8997"}],"curies":[{"name":"wp","href":"https:\/\/api.w.org\/{rel}","templated":true}]}}