{"id":268,"date":"2019-11-27T11:43:00","date_gmt":"2019-11-27T10:43:00","guid":{"rendered":"https:\/\/instytutpolski.pl\/tbilisi\/?page_id=268"},"modified":"2020-01-21T10:37:10","modified_gmt":"2020-01-21T09:37:10","slug":"dla-prasy","status":"publish","type":"page","link":"https:\/\/instytutpolski.pl\/tbilisi\/pl\/dla-prasy\/","title":{"rendered":"Dla prasy"},"content":{"rendered":"\n<p>KONTAKT:<\/p>\n\n\n\n<p>tbilisi.sekretariat.ip@msz.gov.pl<\/p>\n\n\n\n<p>INFORMACJA PRASOWA<\/p>\n\n\n\n<p>\u201eSynagoga w Oni (Gruzja) &#8211; \u015blady polskiego i gruzi\u0144skiego dziedzictwa w Izraelu\u201d.<br>Wed\u0142ug legendy rabin z Oni studiuj\u0105c w Warszawie zainspirowa\u0142 si\u0119 Wielk\u0105 Synagog\u0105 na T\u0142omackiem, aby stworzy\u0107 synagog\u0119 w swoim rodzinnym mie\u015bcie. Dzisiaj ta po\u0142o\u017cona wysoko w g\u00f3rach bo\u017cnica jest trzeci\u0105 co do wielko\u015bci gruzi\u0144sk\u0105 synagog\u0105, po Tbilisi i Kutaisi. W ramach projektu  rozpocz\u0119\u0142y si\u0119 prace maj\u0105ce na celu opis i dokumentacj\u0119 cz\u0119\u015bci dziedzictwa \u017cydowskiego w Oni: XIX &#8211; wiecznej synagogi i cmentarza, aby przekona\u0107 si\u0119 ile prawdy jest w opowie\u015bciach o jego warszawskich inspiracjach architektonicznych.<br>W pracach bierze udzia\u0142 18 studentek i student\u00f3w z Polski, Gruzji i Izraela, kt\u00f3rych dzia\u0142ania koordynuje kadra merytoryczna z trzech uniwersytet\u00f3w: dr Magdalena Tarnowska i dr Romana Rupiewicz (Uniwersytet Kardyna\u0142a Stefana Wyszy\u0144skiego w Warszawie), Tehila Sade (Uniwersytet Ben Guriona w Beer Szewie) oraz prof. Lela Tsitsuashvili i dr Ana Lagidze (Uniwersytet Gruzji w Tbilisi).<br>Pracom dokumentacyjnym towarzysz\u0105 dzia\u0142ania artystyczne prowadzone przez polsko-\u017cydowsk\u0105 artystk\u0119 May\u0119 Gordon, a tak\u017ce kuratora warszawskiego Domu Kereta Sarmena Beglariana (Fundacja Polskiej Sztuki Nowoczesnej). Za dokumentacj\u0119 fotograficzn\u0105 projektu odpowiedzialny jest Radek Polak. Ze strony \u017bydowskiego Instytutu Historycznego dzia\u0142aniami kieruj\u0105 Anna Du\u0144czyk-Szulc oraz dr Bartosz Borys. W przygotowaniu i realizacji projektu pomagaj\u0105 Instytut Polski w Tbilisi oraz Instytut Polski w Tel Awiwie.<br>Dokumentacja i opis synagogi oraz cmentarza w Oni b\u0119d\u0105 kontynuowane w ci\u0105gu kilku najbli\u017cszych dni. Fina\u0142 b\u0119dzie mia\u0142 miejsce w grudniu w Beer Szewie (Izrael), w mie\u015bcie do kt\u00f3rego w drugiej po\u0142owie XX wieku wyjecha\u0142a wi\u0119kszo\u015b\u0107 \u017byd\u00f3w z Oni, a wraz z nimi pami\u0119\u0107 o synagodze, kt\u00f3r\u0105 w ramach dzia\u0142a\u0144 projektowych postaramy si\u0119 wytropi\u0107.<br>Projekt jest realizowany w ramach programu \u201eKultura inspiruj\u0105ca\u201d organizowanego przez Ministerstwo Kultury i Dziedzictwa Narodowego.<\/p>\n","protected":false},"excerpt":{"rendered":"<p>KONTAKT: tbilisi.sekretariat.ip@msz.gov.pl INFORMACJA PRASOWA \u201eSynagoga w Oni (Gruzja) &#8211; \u015blady polskiego i gruzi\u0144skiego dziedzictwa w Izraelu\u201d.Wed\u0142ug legendy rabin z Oni studiuj\u0105c w Warszawie zainspirowa\u0142 si\u0119 Wielk\u0105 Synagog\u0105 na T\u0142omackiem, aby stworzy\u0107 synagog\u0119 w swoim rodzinnym mie\u015bcie. Dzisiaj ta po\u0142o\u017cona wysoko w g\u00f3rach bo\u017cnica jest trzeci\u0105 co do wielko\u015bci gruzi\u0144sk\u0105 synagog\u0105, po Tbilisi i Kutaisi. W [&hellip;]<\/p>\n","protected":false},"author":1,"featured_media":0,"parent":0,"menu_order":0,"comment_status":"closed","ping_status":"closed","template":"","meta":{"inline_featured_image":false,"_monsterinsights_skip_tracking":false,"_monsterinsights_sitenote_active":false,"_monsterinsights_sitenote_note":"","_monsterinsights_sitenote_category":0,"footnotes":""},"class_list":["post-268","page","type-page","status-publish","hentry"],"yoast_head":"<!-- This site is optimized with the Yoast SEO plugin v24.6 - https:\/\/yoast.com\/wordpress\/plugins\/seo\/ -->\n<title>Dla prasy - Instytut Polski w Tbilisi<\/title>\n<meta name=\"robots\" content=\"index, follow, max-snippet:-1, max-image-preview:large, max-video-preview:-1\" \/>\n<link rel=\"canonical\" href=\"https:\/\/instytutpolski.pl\/tbilisi\/pl\/dla-prasy\/\" \/>\n<meta property=\"og:locale\" content=\"pl_PL\" \/>\n<meta property=\"og:type\" content=\"article\" \/>\n<meta property=\"og:title\" content=\"Dla prasy - Instytut Polski w Tbilisi\" \/>\n<meta property=\"og:description\" content=\"KONTAKT: tbilisi.sekretariat.ip@msz.gov.pl INFORMACJA PRASOWA \u201eSynagoga w Oni (Gruzja) &#8211; \u015blady polskiego i gruzi\u0144skiego dziedzictwa w Izraelu\u201d.Wed\u0142ug legendy rabin z Oni studiuj\u0105c w Warszawie zainspirowa\u0142 si\u0119 Wielk\u0105 Synagog\u0105 na T\u0142omackiem, aby stworzy\u0107 synagog\u0119 w swoim rodzinnym mie\u015bcie. Dzisiaj ta po\u0142o\u017cona wysoko w g\u00f3rach bo\u017cnica jest trzeci\u0105 co do wielko\u015bci gruzi\u0144sk\u0105 synagog\u0105, po Tbilisi i Kutaisi. W [&hellip;]\" \/>\n<meta property=\"og:url\" content=\"https:\/\/instytutpolski.pl\/tbilisi\/pl\/dla-prasy\/\" \/>\n<meta property=\"og:site_name\" content=\"Instytut Polski w Tbilisi\" \/>\n<meta property=\"article:modified_time\" content=\"2020-01-21T09:37:10+00:00\" \/>\n<meta name=\"twitter:card\" content=\"summary_large_image\" \/>\n<meta name=\"twitter:label1\" content=\"Szacowany czas czytania\" \/>\n\t<meta name=\"twitter:data1\" content=\"2 minuty\" \/>\n<script type=\"application\/ld+json\" class=\"yoast-schema-graph\">{\"@context\":\"https:\/\/schema.org\",\"@graph\":[{\"@type\":\"WebPage\",\"@id\":\"https:\/\/instytutpolski.pl\/tbilisi\/pl\/dla-prasy\/\",\"url\":\"https:\/\/instytutpolski.pl\/tbilisi\/pl\/dla-prasy\/\",\"name\":\"Dla prasy - Instytut Polski w Tbilisi\",\"isPartOf\":{\"@id\":\"https:\/\/instytutpolski.pl\/tbilisi\/#website\"},\"datePublished\":\"2019-11-27T10:43:00+00:00\",\"dateModified\":\"2020-01-21T09:37:10+00:00\",\"breadcrumb\":{\"@id\":\"https:\/\/instytutpolski.pl\/tbilisi\/pl\/dla-prasy\/#breadcrumb\"},\"inLanguage\":\"pl-PL\",\"potentialAction\":[{\"@type\":\"ReadAction\",\"target\":[\"https:\/\/instytutpolski.pl\/tbilisi\/pl\/dla-prasy\/\"]}]},{\"@type\":\"BreadcrumbList\",\"@id\":\"https:\/\/instytutpolski.pl\/tbilisi\/pl\/dla-prasy\/#breadcrumb\",\"itemListElement\":[{\"@type\":\"ListItem\",\"position\":1,\"name\":\"Home\",\"item\":\"https:\/\/instytutpolski.pl\/tbilisi\/\"},{\"@type\":\"ListItem\",\"position\":2,\"name\":\"Dla prasy\"}]},{\"@type\":\"WebSite\",\"@id\":\"https:\/\/instytutpolski.pl\/tbilisi\/#website\",\"url\":\"https:\/\/instytutpolski.pl\/tbilisi\/\",\"name\":\"Instytut Polski w Tbilisi\",\"description\":\"Kolejna witryna sieci &#8222;Instytuty Polskie&#8221;\",\"potentialAction\":[{\"@type\":\"SearchAction\",\"target\":{\"@type\":\"EntryPoint\",\"urlTemplate\":\"https:\/\/instytutpolski.pl\/tbilisi\/?s={search_term_string}\"},\"query-input\":{\"@type\":\"PropertyValueSpecification\",\"valueRequired\":true,\"valueName\":\"search_term_string\"}}],\"inLanguage\":\"pl-PL\"}]}<\/script>\n<!-- \/ Yoast SEO plugin. -->","yoast_head_json":{"title":"Dla prasy - Instytut Polski w Tbilisi","robots":{"index":"index","follow":"follow","max-snippet":"max-snippet:-1","max-image-preview":"max-image-preview:large","max-video-preview":"max-video-preview:-1"},"canonical":"https:\/\/instytutpolski.pl\/tbilisi\/pl\/dla-prasy\/","og_locale":"pl_PL","og_type":"article","og_title":"Dla prasy - Instytut Polski w Tbilisi","og_description":"KONTAKT: tbilisi.sekretariat.ip@msz.gov.pl INFORMACJA PRASOWA \u201eSynagoga w Oni (Gruzja) &#8211; \u015blady polskiego i gruzi\u0144skiego dziedzictwa w Izraelu\u201d.Wed\u0142ug legendy rabin z Oni studiuj\u0105c w Warszawie zainspirowa\u0142 si\u0119 Wielk\u0105 Synagog\u0105 na T\u0142omackiem, aby stworzy\u0107 synagog\u0119 w swoim rodzinnym mie\u015bcie. Dzisiaj ta po\u0142o\u017cona wysoko w g\u00f3rach bo\u017cnica jest trzeci\u0105 co do wielko\u015bci gruzi\u0144sk\u0105 synagog\u0105, po Tbilisi i Kutaisi. W [&hellip;]","og_url":"https:\/\/instytutpolski.pl\/tbilisi\/pl\/dla-prasy\/","og_site_name":"Instytut Polski w Tbilisi","article_modified_time":"2020-01-21T09:37:10+00:00","twitter_card":"summary_large_image","twitter_misc":{"Szacowany czas czytania":"2 minuty"},"schema":{"@context":"https:\/\/schema.org","@graph":[{"@type":"WebPage","@id":"https:\/\/instytutpolski.pl\/tbilisi\/pl\/dla-prasy\/","url":"https:\/\/instytutpolski.pl\/tbilisi\/pl\/dla-prasy\/","name":"Dla prasy - Instytut Polski w Tbilisi","isPartOf":{"@id":"https:\/\/instytutpolski.pl\/tbilisi\/#website"},"datePublished":"2019-11-27T10:43:00+00:00","dateModified":"2020-01-21T09:37:10+00:00","breadcrumb":{"@id":"https:\/\/instytutpolski.pl\/tbilisi\/pl\/dla-prasy\/#breadcrumb"},"inLanguage":"pl-PL","potentialAction":[{"@type":"ReadAction","target":["https:\/\/instytutpolski.pl\/tbilisi\/pl\/dla-prasy\/"]}]},{"@type":"BreadcrumbList","@id":"https:\/\/instytutpolski.pl\/tbilisi\/pl\/dla-prasy\/#breadcrumb","itemListElement":[{"@type":"ListItem","position":1,"name":"Home","item":"https:\/\/instytutpolski.pl\/tbilisi\/"},{"@type":"ListItem","position":2,"name":"Dla prasy"}]},{"@type":"WebSite","@id":"https:\/\/instytutpolski.pl\/tbilisi\/#website","url":"https:\/\/instytutpolski.pl\/tbilisi\/","name":"Instytut Polski w Tbilisi","description":"Kolejna witryna sieci &#8222;Instytuty Polskie&#8221;","potentialAction":[{"@type":"SearchAction","target":{"@type":"EntryPoint","urlTemplate":"https:\/\/instytutpolski.pl\/tbilisi\/?s={search_term_string}"},"query-input":{"@type":"PropertyValueSpecification","valueRequired":true,"valueName":"search_term_string"}}],"inLanguage":"pl-PL"}]}},"_links":{"self":[{"href":"https:\/\/instytutpolski.pl\/tbilisi\/wp-json\/wp\/v2\/pages\/268","targetHints":{"allow":["GET"]}}],"collection":[{"href":"https:\/\/instytutpolski.pl\/tbilisi\/wp-json\/wp\/v2\/pages"}],"about":[{"href":"https:\/\/instytutpolski.pl\/tbilisi\/wp-json\/wp\/v2\/types\/page"}],"author":[{"embeddable":true,"href":"https:\/\/instytutpolski.pl\/tbilisi\/wp-json\/wp\/v2\/users\/1"}],"replies":[{"embeddable":true,"href":"https:\/\/instytutpolski.pl\/tbilisi\/wp-json\/wp\/v2\/comments?post=268"}],"version-history":[{"count":3,"href":"https:\/\/instytutpolski.pl\/tbilisi\/wp-json\/wp\/v2\/pages\/268\/revisions"}],"predecessor-version":[{"id":549,"href":"https:\/\/instytutpolski.pl\/tbilisi\/wp-json\/wp\/v2\/pages\/268\/revisions\/549"}],"wp:attachment":[{"href":"https:\/\/instytutpolski.pl\/tbilisi\/wp-json\/wp\/v2\/media?parent=268"}],"curies":[{"name":"wp","href":"https:\/\/api.w.org\/{rel}","templated":true}]}}