{"version":"1.0","provider_name":"Instytut Polski w Tel Avivie","provider_url":"https:\/\/instytutpolski.pl\/telaviv","author_name":"efratyh","author_url":"https:\/\/instytutpolski.pl\/telaviv\/author\/efratyh\/","title":"Shared Polish-Jewish memory - Literary event - Instytut Polski w Tel Avivie","type":"rich","width":600,"height":338,"html":"<blockquote class=\"wp-embedded-content\" data-secret=\"40J4RkRqOQ\"><a href=\"https:\/\/instytutpolski.pl\/telaviv\/en\/2021\/11\/25\/shared-polish-jewish-memory-literary-event\/\">Shared Polish-Jewish memory &#8211; Literary event<\/a><\/blockquote><iframe sandbox=\"allow-scripts\" security=\"restricted\" src=\"https:\/\/instytutpolski.pl\/telaviv\/en\/2021\/11\/25\/shared-polish-jewish-memory-literary-event\/embed\/#?secret=40J4RkRqOQ\" width=\"600\" height=\"338\" title=\"&#8220;Shared Polish-Jewish memory &#8211; Literary event&#8221; &#8212; Instytut Polski w Tel Avivie\" data-secret=\"40J4RkRqOQ\" frameborder=\"0\" marginwidth=\"0\" marginheight=\"0\" scrolling=\"no\" class=\"wp-embedded-content\"><\/iframe><script type=\"text\/javascript\">\n\/* <![CDATA[ *\/\n\/*! This file is auto-generated *\/\n!function(d,l){\"use strict\";l.querySelector&&d.addEventListener&&\"undefined\"!=typeof URL&&(d.wp=d.wp||{},d.wp.receiveEmbedMessage||(d.wp.receiveEmbedMessage=function(e){var t=e.data;if((t||t.secret||t.message||t.value)&&!\/[^a-zA-Z0-9]\/.test(t.secret)){for(var s,r,n,a=l.querySelectorAll('iframe[data-secret=\"'+t.secret+'\"]'),o=l.querySelectorAll('blockquote[data-secret=\"'+t.secret+'\"]'),c=new RegExp(\"^https?:$\",\"i\"),i=0;i<o.length;i++)o[i].style.display=\"none\";for(i=0;i<a.length;i++)s=a[i],e.source===s.contentWindow&&(s.removeAttribute(\"style\"),\"height\"===t.message?(1e3<(r=parseInt(t.value,10))?r=1e3:~~r<200&&(r=200),s.height=r):\"link\"===t.message&&(r=new URL(s.getAttribute(\"src\")),n=new URL(t.value),c.test(n.protocol))&&n.host===r.host&&l.activeElement===s&&(d.top.location.href=t.value))}},d.addEventListener(\"message\",d.wp.receiveEmbedMessage,!1),l.addEventListener(\"DOMContentLoaded\",function(){for(var e,t,s=l.querySelectorAll(\"iframe.wp-embedded-content\"),r=0;r<s.length;r++)(t=(e=s[r]).getAttribute(\"data-secret\"))||(t=Math.random().toString(36).substring(2,12),e.src+=\"#?secret=\"+t,e.setAttribute(\"data-secret\",t)),e.contentWindow.postMessage({message:\"ready\",secret:t},\"*\")},!1)))}(window,document);\n\/* ]]> *\/\n<\/script>\n","thumbnail_url":"https:\/\/instytutpolski.pl\/telaviv\/wp-content\/uploads\/sites\/20\/2021\/11\/zurek.jpg","thumbnail_width":500,"thumbnail_height":376,"description":"Shared Polish-Jewish memory will be the focus of a literary discussion (in Polish) to be held on Dec 10th at 11:00 am with Prof. S\u0142awomir \u017burek. Based in Lublin where he teaches at the John Paul II Catholic University, Prof. \u017burek is the author of the 2021 study Polish-Jewish Re-Remembering. Sketches \u2013 Studies \u2013 Interpretations [&hellip;]"}

Shared Polish-Jewish memory will be the focus of a literary discussion (in Polish) to be held on Dec 10th at 11:00 am with Prof. Sławomir Żurek. Based in Lublin where he teaches at the John Paul II Catholic University, Prof. Żurek is the author of the 2021 study Polish-Jewish Re-Remembering. Sketches – Studies – Interpretations [&hellip;]
