{"id":3750,"date":"2020-05-19T15:01:16","date_gmt":"2020-05-19T13:01:16","guid":{"rendered":"https:\/\/instytutpolski.pl\/telaviv\/?page_id=3750"},"modified":"2026-02-06T12:29:48","modified_gmt":"2026-02-06T11:29:48","slug":"kursy-jezyka-polskiego-w-izraelu","status":"publish","type":"page","link":"https:\/\/instytutpolski.pl\/telaviv\/pl\/kursy-jezyka-polskiego-w-izraelu\/","title":{"rendered":"KURSY J\u0118ZYKA POLSKIEGO W IZRAELU"},"content":{"rendered":"<p>Kursy odbywaj\u0105 si\u0119 w trybie zdalnym (za po\u015brednictwem platformy Zoom) na trzech poziomach: pocz\u0105tkuj\u0105cym, \u015bredniozaawansowanym i zaawansowanym.<\/p>\n<p>&nbsp;<\/p>\n<p><strong>Plan zaj\u0119\u0107 w najbli\u017cszym semestrze wiosenno-letnim 2026:<\/strong><\/p>\n<ul style=\"list-style-type: square\">\n<li><strong>Kurs dla pocz\u0105tkuj\u0105cych (poziom A1 \u2013 pierwszy semestr)<\/strong> \u2013 rozpocznie si\u0119 dnia 11.03.2026 (14 lekcji do 1.07.2026), w \u015brody w godzinach 18:00-19:30. Cena: 1400 NIS<\/li>\n<\/ul>\n<p>&nbsp;<\/p>\n<ul>\n<li><strong>Kurs dla pocz\u0105tkuj\u0105cych (poziom A1 \u2013 drugi semestr, pierwszy rok nauki)<\/strong> &#8211; rozpocznie si\u0119 dnia 24.02.2026 (14 lekcji do 9.06.2026), we wtorki w godzinach 18:00-19:30. Cena: 1400 NIS<\/li>\n<\/ul>\n<p>&nbsp;<\/p>\n<ul style=\"list-style-type: square\">\n<li><strong>Kurs dla pocz\u0105tkuj\u0105cych (poziom A1 \u2013 czwarty semestr, drugi rok nauki)<\/strong> &#8211; rozpocznie si\u0119 dnia 15.02.2026 (14 lekcji do 31.05.2026), w niedziele w godzinach 16:50 &#8211; 18:20. Cena: 1400 NIS<\/li>\n<\/ul>\n<p>&nbsp;<\/p>\n<ul style=\"list-style-type: square\">\n<li><strong>Kurs dla pocz\u0105tkuj\u0105cych (poziom A2)<\/strong> \u2013 specjalny kurs dla nauczycieli, edukator\u00f3w oraz przewodnik\u00f3w delegacji izraelskiej m\u0142odzie\u017cy do Polski we wsp\u00f3\u0142pracy z izraelskim Ministerstwem Edukacji i Centrum Mashmaut w Kiryat Motzkin. Kurs rozpocznie si\u0119 dnia 25.02.2026 (14 lekcji do 24.06.2026), w \u015brody w godzinach 18:30-20:00. Dodatkowe informacje: telaviv.polish@instytutpolski.pl\u00a0<\/li>\n<\/ul>\n<p>&nbsp;<\/p>\n<ul style=\"list-style-type: square\">\n<li><strong>Kurs dla \u015bredniozaawansowanych (poziom B1)<\/strong> \u2013 rozpocznie si\u0119 dnia 15.02.2026 (14 lekcji do 31.05.2026), w niedziele w godzinach 18.30-20:00. Cena: 1200 NIS<\/li>\n<\/ul>\n<p>&nbsp;<\/p>\n<ul style=\"list-style-type: square\">\n<li><strong>Kurs dla zaawansowanych (m\u00f3wi\u0105cych po polsku \u2013 poziom B2\/C1)<\/strong>\u00a0 \u2013 rozpocznie si\u0119 dnia 26.02.2026 (14 lekcji do 4.06.2026) w czwartki w godzinach 10:00-11:30. Cena: 1200 NIS<\/li>\n<\/ul>\n<p>&nbsp;<\/p>\n<ul style=\"list-style-type: square\">\n<li><strong>Kurs dla zaawansowanych (m\u00f3wi\u0105cych po polsku \u2013 poziom C1)\u00a0 <\/strong>\u2013 rozpocznie si\u0119 dnia 26.02.2026 (14 lekcji do 4.06.2026), w czwartki w godzinach 19:00-20:00. Cena: 1000 NIS.\u00a0<\/li>\n<\/ul>\n<p>&nbsp;<\/p>\n<p><span style=\"color: #ff0000\"><strong>Zapisy na kursy oraz dodatkowe informacje:<\/strong><\/span><\/p>\n<p><strong>\u2013 kontakt telefoniczny<\/strong><\/p>\n<p>Agata Krizevski \u2013 tel. kom. 054-7290977\u00a0<\/p>\n<p>Ma\u0142gorzata Matysik \u2013 tel. kom. 050-5232007<\/p>\n<p>&nbsp;<\/p>\n<p><strong>\u2013 kontakt mailowy<\/strong><\/p>\n<p>Adres e-mailowy:\u00a0<a href=\"mailto:telaviv.polish@instytutpolski.pl\">telaviv.polish@instytutpolski.pl<\/a><\/p>\n<p>&nbsp;<\/p>\n<p><strong>\u2013\u00a0<a href=\"https:\/\/forms.office.com\/pages\/responsepage.aspx?id=6I-ZoB9nOUy0Nbdq5W56fAFyDsPvsnxGtcvwri-Zd2BURU1DQjJRREcyRlpDV0xLUUQxR0VZN0M2Ui4u\">formularz rejestracyjny<\/a><\/strong><\/p>\n<p>&nbsp;<\/p>\n<p>Zesp\u00f3\u0142 dyplomowanych nauczycieli pochodz\u0105cy z Polski prowadzi kursy z naciskiem na indywidulane potrzeby ka\u017cdego ucznia. Podczas nauki uczniowie poznaj\u0105 nie tylko zasady gramatyki ale tak\u017ce polsk\u0105 kultur\u0119, literatur\u0119 i histori\u0119.<\/p>\n<p>Kursy prowadzone s\u0105 w ma\u0142ych grupach (maksymalnie 15 os\u00f3b) w celu stworzenia przyjemnego i dynamicznego \u015brodowiska dydaktycznego. Ma to umo\u017cliwi\u0107 uczniom zdobywanie praktycznej znajomo\u015bci j\u0119zyka polskiego oraz zdolno\u015bci do konwersacji.\u00a0\u00a0\u00a0\u00a0<\/p>\n<p>&nbsp;<\/p>\n","protected":false},"excerpt":{"rendered":"<p>Kursy odbywaj\u0105 si\u0119 w trybie zdalnym (za po\u015brednictwem platformy Zoom) na trzech poziomach: pocz\u0105tkuj\u0105cym, \u015bredniozaawansowanym i zaawansowanym. &nbsp; Plan zaj\u0119\u0107 w najbli\u017cszym semestrze wiosenno-letnim 2026: Kurs dla pocz\u0105tkuj\u0105cych (poziom A1 \u2013 pierwszy semestr) \u2013 rozpocznie si\u0119 dnia 11.03.2026 (14 lekcji do 1.07.2026), w \u015brody w godzinach 18:00-19:30. Cena: 1400 NIS &nbsp; Kurs dla pocz\u0105tkuj\u0105cych (poziom [&hellip;]<\/p>\n","protected":false},"author":26,"featured_media":6217,"parent":0,"menu_order":0,"comment_status":"closed","ping_status":"closed","template":"","meta":{"inline_featured_image":false,"_monsterinsights_skip_tracking":false,"_monsterinsights_sitenote_active":false,"_monsterinsights_sitenote_note":"","_monsterinsights_sitenote_category":0,"footnotes":""},"class_list":["post-3750","page","type-page","status-publish","has-post-thumbnail","hentry"],"yoast_head":"<!-- This site is optimized with the Yoast SEO plugin v24.6 - https:\/\/yoast.com\/wordpress\/plugins\/seo\/ -->\n<title>KURSY J\u0118ZYKA POLSKIEGO W IZRAELU - Instytut Polski w Tel Avivie<\/title>\n<meta name=\"robots\" content=\"index, follow, max-snippet:-1, max-image-preview:large, max-video-preview:-1\" \/>\n<link rel=\"canonical\" href=\"https:\/\/instytutpolski.pl\/telaviv\/pl\/kursy-jezyka-polskiego-w-izraelu\/\" \/>\n<meta property=\"og:locale\" content=\"en_GB\" \/>\n<meta property=\"og:type\" content=\"article\" \/>\n<meta property=\"og:title\" content=\"KURSY J\u0118ZYKA POLSKIEGO W IZRAELU - Instytut Polski w Tel Avivie\" \/>\n<meta property=\"og:description\" content=\"Kursy odbywaj\u0105 si\u0119 w trybie zdalnym (za po\u015brednictwem platformy Zoom) na trzech poziomach: pocz\u0105tkuj\u0105cym, \u015bredniozaawansowanym i zaawansowanym. &nbsp; Plan zaj\u0119\u0107 w najbli\u017cszym semestrze wiosenno-letnim 2026: Kurs dla pocz\u0105tkuj\u0105cych (poziom A1 \u2013 pierwszy semestr) \u2013 rozpocznie si\u0119 dnia 11.03.2026 (14 lekcji do 1.07.2026), w \u015brody w godzinach 18:00-19:30. Cena: 1400 NIS &nbsp; Kurs dla pocz\u0105tkuj\u0105cych (poziom [&hellip;]\" \/>\n<meta property=\"og:url\" content=\"https:\/\/instytutpolski.pl\/telaviv\/pl\/kursy-jezyka-polskiego-w-izraelu\/\" \/>\n<meta property=\"og:site_name\" content=\"Instytut Polski w Tel Avivie\" \/>\n<meta property=\"article:modified_time\" content=\"2026-02-06T11:29:48+00:00\" \/>\n<meta property=\"og:image\" content=\"https:\/\/instytutpolski.pl\/telaviv\/wp-content\/uploads\/sites\/20\/2024\/12\/pexels-suzyhazelwood-1887614-scaled.jpg\" \/>\n\t<meta property=\"og:image:width\" content=\"2560\" \/>\n\t<meta property=\"og:image:height\" content=\"1507\" \/>\n\t<meta property=\"og:image:type\" content=\"image\/jpeg\" \/>\n<meta name=\"twitter:card\" content=\"summary_large_image\" \/>\n<meta name=\"twitter:label1\" content=\"Estimated reading time\" \/>\n\t<meta name=\"twitter:data1\" content=\"2 minutes\" \/>\n<script type=\"application\/ld+json\" class=\"yoast-schema-graph\">{\"@context\":\"https:\/\/schema.org\",\"@graph\":[{\"@type\":\"WebPage\",\"@id\":\"https:\/\/instytutpolski.pl\/telaviv\/pl\/kursy-jezyka-polskiego-w-izraelu\/\",\"url\":\"https:\/\/instytutpolski.pl\/telaviv\/pl\/kursy-jezyka-polskiego-w-izraelu\/\",\"name\":\"KURSY J\u0118ZYKA POLSKIEGO W IZRAELU - Instytut Polski w Tel Avivie\",\"isPartOf\":{\"@id\":\"https:\/\/instytutpolski.pl\/telaviv\/#website\"},\"primaryImageOfPage\":{\"@id\":\"https:\/\/instytutpolski.pl\/telaviv\/pl\/kursy-jezyka-polskiego-w-izraelu\/#primaryimage\"},\"image\":{\"@id\":\"https:\/\/instytutpolski.pl\/telaviv\/pl\/kursy-jezyka-polskiego-w-izraelu\/#primaryimage\"},\"thumbnailUrl\":\"https:\/\/instytutpolski.pl\/telaviv\/wp-content\/uploads\/sites\/20\/2024\/12\/pexels-suzyhazelwood-1887614-scaled.jpg\",\"datePublished\":\"2020-05-19T13:01:16+00:00\",\"dateModified\":\"2026-02-06T11:29:48+00:00\",\"breadcrumb\":{\"@id\":\"https:\/\/instytutpolski.pl\/telaviv\/pl\/kursy-jezyka-polskiego-w-izraelu\/#breadcrumb\"},\"inLanguage\":\"en-GB\",\"potentialAction\":[{\"@type\":\"ReadAction\",\"target\":[\"https:\/\/instytutpolski.pl\/telaviv\/pl\/kursy-jezyka-polskiego-w-izraelu\/\"]}]},{\"@type\":\"ImageObject\",\"inLanguage\":\"en-GB\",\"@id\":\"https:\/\/instytutpolski.pl\/telaviv\/pl\/kursy-jezyka-polskiego-w-izraelu\/#primaryimage\",\"url\":\"https:\/\/instytutpolski.pl\/telaviv\/wp-content\/uploads\/sites\/20\/2024\/12\/pexels-suzyhazelwood-1887614-scaled.jpg\",\"contentUrl\":\"https:\/\/instytutpolski.pl\/telaviv\/wp-content\/uploads\/sites\/20\/2024\/12\/pexels-suzyhazelwood-1887614-scaled.jpg\",\"width\":2560,\"height\":1507},{\"@type\":\"BreadcrumbList\",\"@id\":\"https:\/\/instytutpolski.pl\/telaviv\/pl\/kursy-jezyka-polskiego-w-izraelu\/#breadcrumb\",\"itemListElement\":[{\"@type\":\"ListItem\",\"position\":1,\"name\":\"Home\",\"item\":\"https:\/\/instytutpolski.pl\/telaviv\/en\/\"},{\"@type\":\"ListItem\",\"position\":2,\"name\":\"KURSY J\u0118ZYKA POLSKIEGO W IZRAELU\"}]},{\"@type\":\"WebSite\",\"@id\":\"https:\/\/instytutpolski.pl\/telaviv\/#website\",\"url\":\"https:\/\/instytutpolski.pl\/telaviv\/\",\"name\":\"Instytut Polski w Tel Avivie\",\"description\":\"Instytuty Polskie\",\"potentialAction\":[{\"@type\":\"SearchAction\",\"target\":{\"@type\":\"EntryPoint\",\"urlTemplate\":\"https:\/\/instytutpolski.pl\/telaviv\/?s={search_term_string}\"},\"query-input\":{\"@type\":\"PropertyValueSpecification\",\"valueRequired\":true,\"valueName\":\"search_term_string\"}}],\"inLanguage\":\"en-GB\"}]}<\/script>\n<!-- \/ Yoast SEO plugin. -->","yoast_head_json":{"title":"KURSY J\u0118ZYKA POLSKIEGO W IZRAELU - Instytut Polski w Tel Avivie","robots":{"index":"index","follow":"follow","max-snippet":"max-snippet:-1","max-image-preview":"max-image-preview:large","max-video-preview":"max-video-preview:-1"},"canonical":"https:\/\/instytutpolski.pl\/telaviv\/pl\/kursy-jezyka-polskiego-w-izraelu\/","og_locale":"en_GB","og_type":"article","og_title":"KURSY J\u0118ZYKA POLSKIEGO W IZRAELU - Instytut Polski w Tel Avivie","og_description":"Kursy odbywaj\u0105 si\u0119 w trybie zdalnym (za po\u015brednictwem platformy Zoom) na trzech poziomach: pocz\u0105tkuj\u0105cym, \u015bredniozaawansowanym i zaawansowanym. &nbsp; Plan zaj\u0119\u0107 w najbli\u017cszym semestrze wiosenno-letnim 2026: Kurs dla pocz\u0105tkuj\u0105cych (poziom A1 \u2013 pierwszy semestr) \u2013 rozpocznie si\u0119 dnia 11.03.2026 (14 lekcji do 1.07.2026), w \u015brody w godzinach 18:00-19:30. Cena: 1400 NIS &nbsp; Kurs dla pocz\u0105tkuj\u0105cych (poziom [&hellip;]","og_url":"https:\/\/instytutpolski.pl\/telaviv\/pl\/kursy-jezyka-polskiego-w-izraelu\/","og_site_name":"Instytut Polski w Tel Avivie","article_modified_time":"2026-02-06T11:29:48+00:00","og_image":[{"width":2560,"height":1507,"url":"https:\/\/instytutpolski.pl\/telaviv\/wp-content\/uploads\/sites\/20\/2024\/12\/pexels-suzyhazelwood-1887614-scaled.jpg","type":"image\/jpeg"}],"twitter_card":"summary_large_image","twitter_misc":{"Estimated reading time":"2 minutes"},"schema":{"@context":"https:\/\/schema.org","@graph":[{"@type":"WebPage","@id":"https:\/\/instytutpolski.pl\/telaviv\/pl\/kursy-jezyka-polskiego-w-izraelu\/","url":"https:\/\/instytutpolski.pl\/telaviv\/pl\/kursy-jezyka-polskiego-w-izraelu\/","name":"KURSY J\u0118ZYKA POLSKIEGO W IZRAELU - Instytut Polski w Tel Avivie","isPartOf":{"@id":"https:\/\/instytutpolski.pl\/telaviv\/#website"},"primaryImageOfPage":{"@id":"https:\/\/instytutpolski.pl\/telaviv\/pl\/kursy-jezyka-polskiego-w-izraelu\/#primaryimage"},"image":{"@id":"https:\/\/instytutpolski.pl\/telaviv\/pl\/kursy-jezyka-polskiego-w-izraelu\/#primaryimage"},"thumbnailUrl":"https:\/\/instytutpolski.pl\/telaviv\/wp-content\/uploads\/sites\/20\/2024\/12\/pexels-suzyhazelwood-1887614-scaled.jpg","datePublished":"2020-05-19T13:01:16+00:00","dateModified":"2026-02-06T11:29:48+00:00","breadcrumb":{"@id":"https:\/\/instytutpolski.pl\/telaviv\/pl\/kursy-jezyka-polskiego-w-izraelu\/#breadcrumb"},"inLanguage":"en-GB","potentialAction":[{"@type":"ReadAction","target":["https:\/\/instytutpolski.pl\/telaviv\/pl\/kursy-jezyka-polskiego-w-izraelu\/"]}]},{"@type":"ImageObject","inLanguage":"en-GB","@id":"https:\/\/instytutpolski.pl\/telaviv\/pl\/kursy-jezyka-polskiego-w-izraelu\/#primaryimage","url":"https:\/\/instytutpolski.pl\/telaviv\/wp-content\/uploads\/sites\/20\/2024\/12\/pexels-suzyhazelwood-1887614-scaled.jpg","contentUrl":"https:\/\/instytutpolski.pl\/telaviv\/wp-content\/uploads\/sites\/20\/2024\/12\/pexels-suzyhazelwood-1887614-scaled.jpg","width":2560,"height":1507},{"@type":"BreadcrumbList","@id":"https:\/\/instytutpolski.pl\/telaviv\/pl\/kursy-jezyka-polskiego-w-izraelu\/#breadcrumb","itemListElement":[{"@type":"ListItem","position":1,"name":"Home","item":"https:\/\/instytutpolski.pl\/telaviv\/en\/"},{"@type":"ListItem","position":2,"name":"KURSY J\u0118ZYKA POLSKIEGO W IZRAELU"}]},{"@type":"WebSite","@id":"https:\/\/instytutpolski.pl\/telaviv\/#website","url":"https:\/\/instytutpolski.pl\/telaviv\/","name":"Instytut Polski w Tel Avivie","description":"Instytuty Polskie","potentialAction":[{"@type":"SearchAction","target":{"@type":"EntryPoint","urlTemplate":"https:\/\/instytutpolski.pl\/telaviv\/?s={search_term_string}"},"query-input":{"@type":"PropertyValueSpecification","valueRequired":true,"valueName":"search_term_string"}}],"inLanguage":"en-GB"}]}},"_links":{"self":[{"href":"https:\/\/instytutpolski.pl\/telaviv\/wp-json\/wp\/v2\/pages\/3750","targetHints":{"allow":["GET"]}}],"collection":[{"href":"https:\/\/instytutpolski.pl\/telaviv\/wp-json\/wp\/v2\/pages"}],"about":[{"href":"https:\/\/instytutpolski.pl\/telaviv\/wp-json\/wp\/v2\/types\/page"}],"author":[{"embeddable":true,"href":"https:\/\/instytutpolski.pl\/telaviv\/wp-json\/wp\/v2\/users\/26"}],"replies":[{"embeddable":true,"href":"https:\/\/instytutpolski.pl\/telaviv\/wp-json\/wp\/v2\/comments?post=3750"}],"version-history":[{"count":20,"href":"https:\/\/instytutpolski.pl\/telaviv\/wp-json\/wp\/v2\/pages\/3750\/revisions"}],"predecessor-version":[{"id":7828,"href":"https:\/\/instytutpolski.pl\/telaviv\/wp-json\/wp\/v2\/pages\/3750\/revisions\/7828"}],"wp:featuredmedia":[{"embeddable":true,"href":"https:\/\/instytutpolski.pl\/telaviv\/wp-json\/wp\/v2\/media\/6217"}],"wp:attachment":[{"href":"https:\/\/instytutpolski.pl\/telaviv\/wp-json\/wp\/v2\/media?parent=3750"}],"curies":[{"name":"wp","href":"https:\/\/api.w.org\/{rel}","templated":true}]}}