{"version":"1.0","provider_name":"Instytut Polski w Tokio","provider_url":"https:\/\/instytutpolski.pl\/tokyo","author_name":"sugiura","author_url":"https:\/\/instytutpolski.pl\/tokyo\/author\/sugiura\/","title":"\u017byczenia pana ministra Szymona Szynkowskiego vel S\u0119ka do Polak\u00f3w \u017cyj\u0105cych za granic\u0105 i Polonii z okazji Dnia Niepodleg\u0142o\u015bci (11.11.2021) - Instytut Polski w Tokio","type":"rich","width":600,"height":338,"html":"<blockquote class=\"wp-embedded-content\" data-secret=\"ILwZwPn6Gi\"><a href=\"https:\/\/instytutpolski.pl\/tokyo\/pl\/z-okazji-dnia-niepodleglosci-11-11-2021\/\">\u017byczenia pana ministra Szymona Szynkowskiego vel S\u0119ka do Polak\u00f3w \u017cyj\u0105cych za granic\u0105 i Polonii z okazji Dnia Niepodleg\u0142o\u015bci (11.11.2021)<\/a><\/blockquote><iframe sandbox=\"allow-scripts\" security=\"restricted\" src=\"https:\/\/instytutpolski.pl\/tokyo\/pl\/z-okazji-dnia-niepodleglosci-11-11-2021\/embed\/#?secret=ILwZwPn6Gi\" width=\"600\" height=\"338\" title=\"&#8222;\u017byczenia pana ministra Szymona Szynkowskiego vel S\u0119ka do Polak\u00f3w \u017cyj\u0105cych za granic\u0105 i Polonii z okazji Dnia Niepodleg\u0142o\u015bci (11.11.2021)&#8221; &#8212; Instytut Polski w Tokio\" data-secret=\"ILwZwPn6Gi\" frameborder=\"0\" marginwidth=\"0\" marginheight=\"0\" scrolling=\"no\" class=\"wp-embedded-content\"><\/iframe><script type=\"text\/javascript\">\n\/* <![CDATA[ *\/\n\/*! This file is auto-generated *\/\n!function(d,l){\"use strict\";l.querySelector&&d.addEventListener&&\"undefined\"!=typeof URL&&(d.wp=d.wp||{},d.wp.receiveEmbedMessage||(d.wp.receiveEmbedMessage=function(e){var t=e.data;if((t||t.secret||t.message||t.value)&&!\/[^a-zA-Z0-9]\/.test(t.secret)){for(var s,r,n,a=l.querySelectorAll('iframe[data-secret=\"'+t.secret+'\"]'),o=l.querySelectorAll('blockquote[data-secret=\"'+t.secret+'\"]'),c=new RegExp(\"^https?:$\",\"i\"),i=0;i<o.length;i++)o[i].style.display=\"none\";for(i=0;i<a.length;i++)s=a[i],e.source===s.contentWindow&&(s.removeAttribute(\"style\"),\"height\"===t.message?(1e3<(r=parseInt(t.value,10))?r=1e3:~~r<200&&(r=200),s.height=r):\"link\"===t.message&&(r=new URL(s.getAttribute(\"src\")),n=new URL(t.value),c.test(n.protocol))&&n.host===r.host&&l.activeElement===s&&(d.top.location.href=t.value))}},d.addEventListener(\"message\",d.wp.receiveEmbedMessage,!1),l.addEventListener(\"DOMContentLoaded\",function(){for(var e,t,s=l.querySelectorAll(\"iframe.wp-embedded-content\"),r=0;r<s.length;r++)(t=(e=s[r]).getAttribute(\"data-secret\"))||(t=Math.random().toString(36).substring(2,12),e.src+=\"#?secret=\"+t,e.setAttribute(\"data-secret\",t)),e.contentWindow.postMessage({message:\"ready\",secret:t},\"*\")},!1)))}(window,document);\n\/* ]]> *\/\n<\/script>\n","thumbnail_url":"https:\/\/instytutpolski.pl\/tokyo\/wp-content\/uploads\/sites\/22\/2021\/11\/729x308.jpg","thumbnail_width":729,"thumbnail_height":308,"description":"\u017byczenia Ministra Szymona Szynkowskiego vel S\u0119k dla Polonii i Polak\u00f3w za granic\u0105 z okazji Narodowego \u015awi\u0119ta Niepodleg\u0142o\u015bci. Szanowni Pa\u0144stwo, Drodzy Rodacy, 11 listopada to 103. rocznica odzyskania przez Polsk\u0119 niepodleg\u0142o\u015bci. Ten dzie\u0144 obchodz\u0105 Polacy na ca\u0142ym \u015bwiecie. Niepodleg\u0142o\u015b\u0107 jest nadrz\u0119dn\u0105 warto\u015bci\u0105, o kt\u00f3r\u0105 walczy\u0142y ca\u0142e pokolenia Polak\u00f3w, a obecnie nam przypad\u0142o dba\u0107 o ni\u0105 i [&hellip;]"}

Życzenia pana ministra Szymona Szynkowskiego vel Sęka do Polaków żyjących za granicą i Polonii z okazji Dnia Niepodległości (11.11.2021) - Instytut Polski w Tokio

<blockquote class="wp-embedded-content" data-secret="ILwZwPn6Gi"><a href="https://instytutpolski.pl/tokyo/pl/z-okazji-dnia-niepodleglosci-11-11-2021/">Życzenia pana ministra Szymona Szynkowskiego vel Sęka do Polaków żyjących za granicą i Polonii z okazji Dnia Niepodległości (11.11.2021)</a></blockquote><iframe sandbox="allow-scripts" security="restricted" src="https://instytutpolski.pl/tokyo/pl/z-okazji-dnia-niepodleglosci-11-11-2021/embed/#?secret=ILwZwPn6Gi" width="600" height="338" title="&#8222;Życzenia pana ministra Szymona Szynkowskiego vel Sęka do Polaków żyjących za granicą i Polonii z okazji Dnia Niepodległości (11.11.2021)&#8221; &#8212; Instytut Polski w Tokio" data-secret="ILwZwPn6Gi" frameborder="0" marginwidth="0" marginheight="0" scrolling="no" class="wp-embedded-content"></iframe><script type="text/javascript">
/* <![CDATA[ */
/*! This file is auto-generated */
!function(d,l){"use strict";l.querySelector&&d.addEventListener&&"undefined"!=typeof URL&&(d.wp=d.wp||{},d.wp.receiveEmbedMessage||(d.wp.receiveEmbedMessage=function(e){var t=e.data;if((t||t.secret||t.message||t.value)&&!/[^a-zA-Z0-9]/.test(t.secret)){for(var s,r,n,a=l.querySelectorAll('iframe[data-secret="'+t.secret+'"]'),o=l.querySelectorAll('blockquote[data-secret="'+t.secret+'"]'),c=new RegExp("^https?:$","i"),i=0;i<o.length;i++)o[i].style.display="none";for(i=0;i<a.length;i++)s=a[i],e.source===s.contentWindow&&(s.removeAttribute("style"),"height"===t.message?(1e3<(r=parseInt(t.value,10))?r=1e3:~~r<200&&(r=200),s.height=r):"link"===t.message&&(r=new URL(s.getAttribute("src")),n=new URL(t.value),c.test(n.protocol))&&n.host===r.host&&l.activeElement===s&&(d.top.location.href=t.value))}},d.addEventListener("message",d.wp.receiveEmbedMessage,!1),l.addEventListener("DOMContentLoaded",function(){for(var e,t,s=l.querySelectorAll("iframe.wp-embedded-content"),r=0;r<s.length;r++)(t=(e=s[r]).getAttribute("data-secret"))||(t=Math.random().toString(36).substring(2,12),e.src+="#?secret="+t,e.setAttribute("data-secret",t)),e.contentWindow.postMessage({message:"ready",secret:t},"*")},!1)))}(window,document);
/* ]]> */
</script>

Życzenia Ministra Szymona Szynkowskiego vel Sęk dla Polonii i Polaków za granicą z okazji Narodowego Święta Niepodległości. Szanowni Państwo, Drodzy Rodacy, 11 listopada to 103. rocznica odzyskania przez Polskę niepodległości. Ten dzień obchodzą Polacy na całym świecie. Niepodległość jest nadrzędną wartością, o którą walczyły całe pokolenia Polaków, a obecnie nam przypadło dbać o nią i [&hellip;]
