{"id":562,"date":"2019-06-06T08:51:26","date_gmt":"2019-06-06T06:51:26","guid":{"rendered":"https:\/\/instytutpolski.pl\/tokio\/?page_id=562"},"modified":"2025-10-02T09:35:35","modified_gmt":"2025-10-02T07:35:35","slug":"szkola-polonijna-im-janusza-korczaka-przy-ambasadzie-rp-w-tokio","status":"publish","type":"page","link":"https:\/\/instytutpolski.pl\/tokyo\/pl\/szkola-polonijna-im-janusza-korczaka-przy-ambasadzie-rp-w-tokio\/","title":{"rendered":"Szko\u0142a Polonijna im. Janusza Korczaka przy Ambasadzie RP w Tokio"},"content":{"rendered":"\n<p>Szko\u0142a powsta\u0142a w lutym 2008 r. z inicjatywy Ambasady oraz \u015brodowiska polonijnego.<br>Celem Szko\u0142y jest nauczanie j\u0119zyka polskiego oraz promocja kultury i tradycji polskiej.<br>Szko\u0142a zosta\u0142a stworzona z my\u015bl\u0105 o dzieciach pochodzenia polskiego, a tak\u017ce tych, kt\u00f3re mia\u0142y kontakt z Polsk\u0105 i chcia\u0142yby uczy\u0107 si\u0119 j\u0119zyka polskiego.<br>Szko\u0142a jest plac\u00f3wk\u0105, kt\u00f3rej dzia\u0142alno\u015b\u0107 odbywa si\u0119 pod nadzorem Konsula RP w Tokio oraz przy jej wsparciu finansowym i organizacyjnym.<\/p>\n\n\n\n<p>Zaj\u0119cia w Szkole s\u0105 prowadzone przez wykwalifikowanych i do\u015bwiadczonych nauczycieli w grupach z podzia\u0142em na wiek uczni\u00f3w i stopie\u0144 ich znajomo\u015bci j\u0119zyka polskiego. Nauczanie jest dostosowane do mo\u017cliwo\u015bci uczni\u00f3w i ma na celu w spos\u00f3b przyjazny, poprzez zabaw\u0119 i nauk\u0119 zach\u0119ca\u0107 do m\u00f3wienia, czytania i pisania w j\u0119zyku polskim. <\/p>\n\n\n\n<p>Obecnie do szko\u0142y ucz\u0119szczaj\u0105 dzieci w wieku od 5 do 14 lat.<br>Spotkania odbywaj\u0105 si\u0119 dwa razy w miesi\u0105cu, w soboty w godzinach 14.00 \u2013 17.00 w dzielnicy Nakameguro.<br>Wi\u0119cej informacji uzyskaj\u0105 Pa\u0144stwo pisz\u0105c na adres mailowy:&nbsp;<a href=\"mailto:tokio.amb.sekretariat@msz.gov.pl\">tokio.amb.sekretariat@msz.gov.pl<\/a><br>lub pod numerem telefonu: 03-5794-7020, 03-5794-7023.<\/p>\n\n\n\n<p><a href=\"http:\/\/www.facebook.com\/szkola.Tokio\">http:\/\/www.facebook.com\/szkola.Tokio<\/a><\/p>\n","protected":false},"excerpt":{"rendered":"<p>Szko\u0142a powsta\u0142a w lutym 2008 r. z inicjatywy Ambasady oraz \u015brodowiska polonijnego.Celem Szko\u0142y jest nauczanie j\u0119zyka polskiego oraz promocja kultury i tradycji polskiej.Szko\u0142a zosta\u0142a stworzona z my\u015bl\u0105 o dzieciach pochodzenia polskiego, a tak\u017ce tych, kt\u00f3re mia\u0142y kontakt z Polsk\u0105 i chcia\u0142yby uczy\u0107 si\u0119 j\u0119zyka polskiego.Szko\u0142a jest plac\u00f3wk\u0105, kt\u00f3rej dzia\u0142alno\u015b\u0107 odbywa si\u0119 pod nadzorem Konsula RP [&hellip;]<\/p>\n","protected":false},"author":1,"featured_media":0,"parent":0,"menu_order":0,"comment_status":"closed","ping_status":"closed","template":"","meta":{"inline_featured_image":false,"_monsterinsights_skip_tracking":false,"_monsterinsights_sitenote_active":false,"_monsterinsights_sitenote_note":"","_monsterinsights_sitenote_category":0,"footnotes":""},"class_list":["post-562","page","type-page","status-publish","hentry"],"yoast_head":"<!-- This site is optimized with the Yoast SEO plugin v24.6 - https:\/\/yoast.com\/wordpress\/plugins\/seo\/ -->\n<title>Szko\u0142a Polonijna im. Janusza Korczaka przy Ambasadzie RP w Tokio - Instytut Polski w Tokio<\/title>\n<meta name=\"robots\" content=\"index, follow, max-snippet:-1, max-image-preview:large, max-video-preview:-1\" \/>\n<link rel=\"canonical\" href=\"https:\/\/instytutpolski.pl\/tokyo\/pl\/szkola-polonijna-im-janusza-korczaka-przy-ambasadzie-rp-w-tokio\/\" \/>\n<meta property=\"og:locale\" content=\"pl_PL\" \/>\n<meta property=\"og:type\" content=\"article\" \/>\n<meta property=\"og:title\" content=\"Szko\u0142a Polonijna im. Janusza Korczaka przy Ambasadzie RP w Tokio - Instytut Polski w Tokio\" \/>\n<meta property=\"og:description\" content=\"Szko\u0142a powsta\u0142a w lutym 2008 r. z inicjatywy Ambasady oraz \u015brodowiska polonijnego.Celem Szko\u0142y jest nauczanie j\u0119zyka polskiego oraz promocja kultury i tradycji polskiej.Szko\u0142a zosta\u0142a stworzona z my\u015bl\u0105 o dzieciach pochodzenia polskiego, a tak\u017ce tych, kt\u00f3re mia\u0142y kontakt z Polsk\u0105 i chcia\u0142yby uczy\u0107 si\u0119 j\u0119zyka polskiego.Szko\u0142a jest plac\u00f3wk\u0105, kt\u00f3rej dzia\u0142alno\u015b\u0107 odbywa si\u0119 pod nadzorem Konsula RP [&hellip;]\" \/>\n<meta property=\"og:url\" content=\"https:\/\/instytutpolski.pl\/tokyo\/pl\/szkola-polonijna-im-janusza-korczaka-przy-ambasadzie-rp-w-tokio\/\" \/>\n<meta property=\"og:site_name\" content=\"Instytut Polski w Tokio\" \/>\n<meta property=\"article:modified_time\" content=\"2025-10-02T07:35:35+00:00\" \/>\n<meta name=\"twitter:card\" content=\"summary_large_image\" \/>\n<meta name=\"twitter:label1\" content=\"Szacowany czas czytania\" \/>\n\t<meta name=\"twitter:data1\" content=\"1 minuta\" \/>\n<script type=\"application\/ld+json\" class=\"yoast-schema-graph\">{\"@context\":\"https:\/\/schema.org\",\"@graph\":[{\"@type\":\"WebPage\",\"@id\":\"https:\/\/instytutpolski.pl\/tokyo\/pl\/szkola-polonijna-im-janusza-korczaka-przy-ambasadzie-rp-w-tokio\/\",\"url\":\"https:\/\/instytutpolski.pl\/tokyo\/pl\/szkola-polonijna-im-janusza-korczaka-przy-ambasadzie-rp-w-tokio\/\",\"name\":\"Szko\u0142a Polonijna im. Janusza Korczaka przy Ambasadzie RP w Tokio - Instytut Polski w Tokio\",\"isPartOf\":{\"@id\":\"https:\/\/instytutpolski.pl\/tokyo\/#website\"},\"datePublished\":\"2019-06-06T06:51:26+00:00\",\"dateModified\":\"2025-10-02T07:35:35+00:00\",\"breadcrumb\":{\"@id\":\"https:\/\/instytutpolski.pl\/tokyo\/pl\/szkola-polonijna-im-janusza-korczaka-przy-ambasadzie-rp-w-tokio\/#breadcrumb\"},\"inLanguage\":\"pl-PL\",\"potentialAction\":[{\"@type\":\"ReadAction\",\"target\":[\"https:\/\/instytutpolski.pl\/tokyo\/pl\/szkola-polonijna-im-janusza-korczaka-przy-ambasadzie-rp-w-tokio\/\"]}]},{\"@type\":\"BreadcrumbList\",\"@id\":\"https:\/\/instytutpolski.pl\/tokyo\/pl\/szkola-polonijna-im-janusza-korczaka-przy-ambasadzie-rp-w-tokio\/#breadcrumb\",\"itemListElement\":[{\"@type\":\"ListItem\",\"position\":1,\"name\":\"Home\",\"item\":\"https:\/\/instytutpolski.pl\/tokyo\/\"},{\"@type\":\"ListItem\",\"position\":2,\"name\":\"Szko\u0142a Polonijna im. Janusza Korczaka przy Ambasadzie RP w Tokio\"}]},{\"@type\":\"WebSite\",\"@id\":\"https:\/\/instytutpolski.pl\/tokyo\/#website\",\"url\":\"https:\/\/instytutpolski.pl\/tokyo\/\",\"name\":\"Instytut Polski w Tokio\",\"description\":\"Instytuty Polskie\",\"potentialAction\":[{\"@type\":\"SearchAction\",\"target\":{\"@type\":\"EntryPoint\",\"urlTemplate\":\"https:\/\/instytutpolski.pl\/tokyo\/?s={search_term_string}\"},\"query-input\":{\"@type\":\"PropertyValueSpecification\",\"valueRequired\":true,\"valueName\":\"search_term_string\"}}],\"inLanguage\":\"pl-PL\"}]}<\/script>\n<!-- \/ Yoast SEO plugin. -->","yoast_head_json":{"title":"Szko\u0142a Polonijna im. Janusza Korczaka przy Ambasadzie RP w Tokio - Instytut Polski w Tokio","robots":{"index":"index","follow":"follow","max-snippet":"max-snippet:-1","max-image-preview":"max-image-preview:large","max-video-preview":"max-video-preview:-1"},"canonical":"https:\/\/instytutpolski.pl\/tokyo\/pl\/szkola-polonijna-im-janusza-korczaka-przy-ambasadzie-rp-w-tokio\/","og_locale":"pl_PL","og_type":"article","og_title":"Szko\u0142a Polonijna im. Janusza Korczaka przy Ambasadzie RP w Tokio - Instytut Polski w Tokio","og_description":"Szko\u0142a powsta\u0142a w lutym 2008 r. z inicjatywy Ambasady oraz \u015brodowiska polonijnego.Celem Szko\u0142y jest nauczanie j\u0119zyka polskiego oraz promocja kultury i tradycji polskiej.Szko\u0142a zosta\u0142a stworzona z my\u015bl\u0105 o dzieciach pochodzenia polskiego, a tak\u017ce tych, kt\u00f3re mia\u0142y kontakt z Polsk\u0105 i chcia\u0142yby uczy\u0107 si\u0119 j\u0119zyka polskiego.Szko\u0142a jest plac\u00f3wk\u0105, kt\u00f3rej dzia\u0142alno\u015b\u0107 odbywa si\u0119 pod nadzorem Konsula RP [&hellip;]","og_url":"https:\/\/instytutpolski.pl\/tokyo\/pl\/szkola-polonijna-im-janusza-korczaka-przy-ambasadzie-rp-w-tokio\/","og_site_name":"Instytut Polski w Tokio","article_modified_time":"2025-10-02T07:35:35+00:00","twitter_card":"summary_large_image","twitter_misc":{"Szacowany czas czytania":"1 minuta"},"schema":{"@context":"https:\/\/schema.org","@graph":[{"@type":"WebPage","@id":"https:\/\/instytutpolski.pl\/tokyo\/pl\/szkola-polonijna-im-janusza-korczaka-przy-ambasadzie-rp-w-tokio\/","url":"https:\/\/instytutpolski.pl\/tokyo\/pl\/szkola-polonijna-im-janusza-korczaka-przy-ambasadzie-rp-w-tokio\/","name":"Szko\u0142a Polonijna im. Janusza Korczaka przy Ambasadzie RP w Tokio - Instytut Polski w Tokio","isPartOf":{"@id":"https:\/\/instytutpolski.pl\/tokyo\/#website"},"datePublished":"2019-06-06T06:51:26+00:00","dateModified":"2025-10-02T07:35:35+00:00","breadcrumb":{"@id":"https:\/\/instytutpolski.pl\/tokyo\/pl\/szkola-polonijna-im-janusza-korczaka-przy-ambasadzie-rp-w-tokio\/#breadcrumb"},"inLanguage":"pl-PL","potentialAction":[{"@type":"ReadAction","target":["https:\/\/instytutpolski.pl\/tokyo\/pl\/szkola-polonijna-im-janusza-korczaka-przy-ambasadzie-rp-w-tokio\/"]}]},{"@type":"BreadcrumbList","@id":"https:\/\/instytutpolski.pl\/tokyo\/pl\/szkola-polonijna-im-janusza-korczaka-przy-ambasadzie-rp-w-tokio\/#breadcrumb","itemListElement":[{"@type":"ListItem","position":1,"name":"Home","item":"https:\/\/instytutpolski.pl\/tokyo\/"},{"@type":"ListItem","position":2,"name":"Szko\u0142a Polonijna im. Janusza Korczaka przy Ambasadzie RP w Tokio"}]},{"@type":"WebSite","@id":"https:\/\/instytutpolski.pl\/tokyo\/#website","url":"https:\/\/instytutpolski.pl\/tokyo\/","name":"Instytut Polski w Tokio","description":"Instytuty Polskie","potentialAction":[{"@type":"SearchAction","target":{"@type":"EntryPoint","urlTemplate":"https:\/\/instytutpolski.pl\/tokyo\/?s={search_term_string}"},"query-input":{"@type":"PropertyValueSpecification","valueRequired":true,"valueName":"search_term_string"}}],"inLanguage":"pl-PL"}]}},"_links":{"self":[{"href":"https:\/\/instytutpolski.pl\/tokyo\/wp-json\/wp\/v2\/pages\/562","targetHints":{"allow":["GET"]}}],"collection":[{"href":"https:\/\/instytutpolski.pl\/tokyo\/wp-json\/wp\/v2\/pages"}],"about":[{"href":"https:\/\/instytutpolski.pl\/tokyo\/wp-json\/wp\/v2\/types\/page"}],"author":[{"embeddable":true,"href":"https:\/\/instytutpolski.pl\/tokyo\/wp-json\/wp\/v2\/users\/1"}],"replies":[{"embeddable":true,"href":"https:\/\/instytutpolski.pl\/tokyo\/wp-json\/wp\/v2\/comments?post=562"}],"version-history":[{"count":3,"href":"https:\/\/instytutpolski.pl\/tokyo\/wp-json\/wp\/v2\/pages\/562\/revisions"}],"predecessor-version":[{"id":12300,"href":"https:\/\/instytutpolski.pl\/tokyo\/wp-json\/wp\/v2\/pages\/562\/revisions\/12300"}],"wp:attachment":[{"href":"https:\/\/instytutpolski.pl\/tokyo\/wp-json\/wp\/v2\/media?parent=562"}],"curies":[{"name":"wp","href":"https:\/\/api.w.org\/{rel}","templated":true}]}}