{"id":452,"date":"2019-06-27T10:57:05","date_gmt":"2019-06-27T08:57:05","guid":{"rendered":"https:\/\/instytutpolski.pl\/wilno\/?page_id=452"},"modified":"2022-09-15T10:43:04","modified_gmt":"2022-09-15T08:43:04","slug":"pazink-lenkija","status":"publish","type":"page","link":"https:\/\/instytutpolski.pl\/vilnius\/pazink-lenkija\/","title":{"rendered":"Pa\u017eink Lenkij\u0105"},"content":{"rendered":"\n<figure class=\"wp-block-embed is-type-video is-provider-youtube wp-block-embed-youtube wp-embed-aspect-16-9 wp-has-aspect-ratio\"><div class=\"wp-block-embed__wrapper\">\nhttps:\/\/www.youtube.com\/watch?v=yhYKtPEB16E&#038;t=57s\n<\/div><\/figure>\n\n\n\n<p><\/p>\n\n\n\n<p>Per daugiau nei t\u016bkstantmet\u012f trunkan\u010di\u0105 savo istorij\u0105 Lenkija nu\u0117jo labai permaining\u0105 keli\u0105 \u2013 nuo vienos galingiausi\u0173 valstybi\u0173 Europoje iki nepriklausomyb\u0117s netekusios \u0161alies, paskui Vidurio ir Ryt\u0173 Europos ekonomikos lyder\u0117s. Dabar Lenkijos verslo entuziazmas, i\u0161radingumas ir potencialas \u017einomas visame pasaulyje. Lenk\u0173 atkaklumo, solidarumo, taip pat popie\u017eiaus Jono Pauliaus II dvasinio autoriteto d\u0117ka Lenkija 1989 m. i\u0161tr\u016bko i\u0161 komunistinio re\u017eimo depresijos, tapo nepriklausoma ir dabar savo tradicij\u0173 ir papro\u010di\u0173 gausa pritraukia milijonus turist\u0173 i\u0161 viso pasaulio.<\/p>\n\n\n\n<p>Am\u017ei\u0173 am\u017eius kult\u016bra ir menas stiprino lenk\u0173 tautin\u0119 savimon\u0119 ir pad\u0117jo \u0161aliai i\u0161gyventi sunkiausiomis akimirkomis. Lenk\u0173 menininkai visuomet \u017eav\u0117jo vis\u0105 pasaul\u012f. Lenkijoje gim\u0117 vienas i\u0161kiliausi\u0173 kompozitori\u0173 ir pianist\u0173 Fryderykas Chopinas. Jo muzikai skirtas vienas garsiausi\u0173 muzikini\u0173 konkurs\u0173 pasaulyje \u2013 tarptautinis Fryderyko Chopino pianist\u0173 konkursas, net nuo 1927-\u0173j\u0173 kas penkerius metus vykstantis Var\u0161uvoje. Lenkija \u2013 Nobelio premijos laureat\u0173, \u201eOskar\u0173\u201c ir \u201eGrammy\u201c apdovanojim\u0173 laim\u0117toj\u0173 gimtin\u0117. Nobelio literat\u016brin\u0117s premijos laureat\u0173 d\u0117ka Lenkija imta vadinti poet\u0173 ir ra\u0161ytoj\u0173 \u0161alimi. Literat\u016brai pl\u0117totis padeda skambi lenk\u0173 kalba, kuria pasaulyje \u0161neka daugiau kaip 40 milijon\u0173 \u017emoni\u0173. B\u016btent lenk\u0173 kalba filmus k\u016br\u0117 Andrzej Wajda, presti\u017eini\u0173 kino apdovanojim\u0173, tarp j\u0173 ir \u201eOskaro\u201c u\u017e vis\u0105 k\u016bryb\u0105, laureatas. Lenkas buvo ir Krzysztof Penderecki, i\u0161kilus kompozitorius, keturis kartus laim\u0117j\u0119s \u201eGrammy\u201c apdovanojim\u0105.<\/p>\n\n\n\n<p>Nuo Baltijos j\u016bros ir Moz\u016br\u0173 e\u017eer\u0173 \u0161iaur\u0117je bei \u017eemum\u0173 \u0161alies viduryje iki kaln\u0173 grandin\u0117s pietuose Lenkija traukia ak\u012f savo gamta. Joje yra 23 nacionaliniai parkai, 1500 gamtos rezervat\u0173 ir 145 kra\u0161tovaizd\u017eio parkai. \u0160alyje daug pramog\u0173 aktyvaus poilsio m\u0117g\u0117jams \u2013 galima i\u0161kylauti kalnuose, dalyvauti dvira\u010di\u0173 \u017eygiuose, keliauti baidar\u0117mis up\u0117mis ir e\u017eerais, buriuoti, plaukioti banglent\u0117mis, jodin\u0117ti arkliais, pavyzd\u017eiui, vienu ilgiausi\u0173 mar\u0161rut\u0173 Europoje (1800 km), taip pat steb\u0117ti nat\u016braliomis s\u0105lygomis gyvenan\u010dius retus pauk\u0161\u010dius.<\/p>\n\n\n\n<p>Turistai \u012f Lenkij\u0105 keliauja d\u0117l daugyb\u0117s kult\u016brini\u0173 rengini\u0173, muzikos, kino ir teatro festivali\u0173, vykstan\u010di\u0173 miestuose, gars\u0117jan\u010diuose ne\u012fprasta, tarptautiniuose konkursuose nuolat apdovanojama architekt\u016bra. Pavyzd\u017eiui, nuostabioji \u0160\u010decino M. Kar\u0142owicziaus filharmonija \u012fvertinta presti\u017ei\u0161kiausiu Europoje Mieso van der Rohe\u2019s apdovanojimu, o 2016 m. Berlyne vykusiame Pasaulio architekt\u016bros festivalyje \u0160\u010decino nacionalinio muziejaus Dialogo centras \u201ePrze\u0142omy\u201c (\u201eL\u016b\u017eiai\u201c) i\u0161rinktas Met\u0173 pastatu. Kiti pasaulyje \u012fvertinti Lenkijos visuomenin\u0117s paskirties pastatai \u2013 \u0160ekspyro teatras ir Europos solidarumo centras Gdanske, buvusioje anglies kasykloje \u012frengtas Silezijos muziejus Katovicuose, Lenkijos radijo nacionalinio simfoninio orkestro pastatas Katovicuose, Krzysztofo Pendereckio muzikos centras Luslavicuose, \u201eCricoteca\u201c (Tadeuszo Kantoro muziejus) Krokuvoje, Var\u0161uvos sukilimo muziejus, Lenkijos \u017eyd\u0173 istorijos muziejus POLIN Var\u0161uvoje.<\/p>\n\n\n\n<p>Apsilankius \u0161iuose ne\u012fprastuose objektuose galima susidaryti vaizd\u0105 apie sud\u0117ting\u0105 Lenkijos istorij\u0105 ir kartais tragi\u0161kus, ypa\u010d per II pasaulin\u012f kar\u0105, jos gyventoj\u0173 likimus. Lenkija atkuria tai, k\u0105 prarado. Tapo atminties serg\u0117toja \u2013 stengiasi i\u0161saugoti per II pasaulin\u012f kar\u0105 prarast\u0105 \u017eyd\u0173 paveld\u0105, remdama dabartin\u0117s \u017eyd\u0173 tautin\u0117s ma\u017eumos Lenkijoje kult\u016br\u0105. Tai \u012frodo daugiau kaip 30 met\u0173 Krokuvoje rengiamas \u017dyd\u0173 kult\u016bros festivalis \u2013 \u012fsp\u016bdingiausias ir did\u017eiausia \u012fvairove pasi\u017eymintis tokio pob\u016bd\u017eio festivalis pasaulyje, jame kasmet apsilanko de\u0161imtys t\u016bkstan\u010di\u0173 turist\u0173.<\/p>\n\n\n\n<p>\u012e Lenkij\u0105 taip pat vyksta kino, teatro ir muzikos m\u0117g\u0117jai. Tarptautiniame festivalyje \u201eVar\u0161uvos ruduo\u201c jie turi neeilin\u0119 prog\u0105 susitikti su garsiausiais \u0161iuolaikin\u0117s muzikos k\u016br\u0117jais, o festivalyje \u201eEnergaCAMERIMAGE\u201c Torun\u0117je \u2013 su kino \u017evaig\u017ed\u0117mis ir pasaulinio garso operatoriais, Vroclave vykstan\u010diame tarptautiniame festivalyje \u201eNauji horizontai\u201c, kuriame rodomi autoriniai, novatori\u0161ki ir eksperimentiniai filmai, \u2013 su nepriklausomo kino k\u016br\u0117jais i\u0161 viso pasaulio.<\/p>\n\n\n\n<p>Daugiau apie Lenkij\u0105:<\/p>\n\n\n\n<p><a href=\"http:\/\/poland.pl\">poland.pl<\/a><\/p>\n\n\n\n<p><a href=\"http:\/\/culture.pl\">culture.pl<\/a><\/p>\n\n\n\n<p><a href=\"http:\/\/poland.travel\">poland.travel<\/a><\/p>\n","protected":false},"excerpt":{"rendered":"<p>Per daugiau nei t\u016bkstantmet\u012f trunkan\u010di\u0105 savo istorij\u0105 Lenkija nu\u0117jo labai permaining\u0105 keli\u0105 \u2013 nuo vienos galingiausi\u0173 valstybi\u0173 Europoje iki nepriklausomyb\u0117s netekusios \u0161alies, paskui Vidurio ir Ryt\u0173 Europos ekonomikos lyder\u0117s. Dabar Lenkijos verslo entuziazmas, i\u0161radingumas ir potencialas \u017einomas visame pasaulyje. Lenk\u0173 atkaklumo, solidarumo, taip pat popie\u017eiaus Jono Pauliaus II dvasinio autoriteto d\u0117ka Lenkija 1989 m. i\u0161tr\u016bko [&hellip;]<\/p>\n","protected":false},"author":1,"featured_media":453,"parent":0,"menu_order":0,"comment_status":"closed","ping_status":"closed","template":"","meta":{"inline_featured_image":false,"_monsterinsights_skip_tracking":false,"_monsterinsights_sitenote_active":false,"_monsterinsights_sitenote_note":"","_monsterinsights_sitenote_category":0,"footnotes":""},"class_list":["post-452","page","type-page","status-publish","has-post-thumbnail","hentry"],"yoast_head":"<!-- This site is optimized with the Yoast SEO plugin v24.6 - https:\/\/yoast.com\/wordpress\/plugins\/seo\/ -->\n<title>Pa\u017eink Lenkij\u0105 - Instytut Polski w Wilnie<\/title>\n<meta name=\"robots\" content=\"index, follow, max-snippet:-1, max-image-preview:large, max-video-preview:-1\" \/>\n<link rel=\"canonical\" href=\"https:\/\/instytutpolski.pl\/vilnius\/pazink-lenkija\/\" \/>\n<meta property=\"og:locale\" content=\"pl_PL\" \/>\n<meta property=\"og:type\" content=\"article\" \/>\n<meta property=\"og:title\" content=\"Pa\u017eink Lenkij\u0105 - Instytut Polski w Wilnie\" \/>\n<meta property=\"og:description\" content=\"Per daugiau nei t\u016bkstantmet\u012f trunkan\u010di\u0105 savo istorij\u0105 Lenkija nu\u0117jo labai permaining\u0105 keli\u0105 \u2013 nuo vienos galingiausi\u0173 valstybi\u0173 Europoje iki nepriklausomyb\u0117s netekusios \u0161alies, paskui Vidurio ir Ryt\u0173 Europos ekonomikos lyder\u0117s. Dabar Lenkijos verslo entuziazmas, i\u0161radingumas ir potencialas \u017einomas visame pasaulyje. Lenk\u0173 atkaklumo, solidarumo, taip pat popie\u017eiaus Jono Pauliaus II dvasinio autoriteto d\u0117ka Lenkija 1989 m. i\u0161tr\u016bko [&hellip;]\" \/>\n<meta property=\"og:url\" content=\"https:\/\/instytutpolski.pl\/vilnius\/pazink-lenkija\/\" \/>\n<meta property=\"og:site_name\" content=\"Instytut Polski w Wilnie\" \/>\n<meta property=\"article:modified_time\" content=\"2022-09-15T08:43:04+00:00\" \/>\n<meta property=\"og:image\" content=\"https:\/\/instytutpolski.pl\/vilnius\/wp-content\/uploads\/sites\/24\/2019\/06\/poznaj-polske.jpg\" \/>\n\t<meta property=\"og:image:width\" content=\"1920\" \/>\n\t<meta property=\"og:image:height\" content=\"700\" \/>\n\t<meta property=\"og:image:type\" content=\"image\/jpeg\" \/>\n<meta name=\"twitter:card\" content=\"summary_large_image\" \/>\n<meta name=\"twitter:label1\" content=\"Szacowany czas czytania\" \/>\n\t<meta name=\"twitter:data1\" content=\"3 minuty\" \/>\n<script type=\"application\/ld+json\" class=\"yoast-schema-graph\">{\"@context\":\"https:\/\/schema.org\",\"@graph\":[{\"@type\":\"WebPage\",\"@id\":\"https:\/\/instytutpolski.pl\/vilnius\/pazink-lenkija\/\",\"url\":\"https:\/\/instytutpolski.pl\/vilnius\/pazink-lenkija\/\",\"name\":\"Pa\u017eink Lenkij\u0105 - Instytut Polski w Wilnie\",\"isPartOf\":{\"@id\":\"https:\/\/instytutpolski.pl\/vilnius\/#website\"},\"primaryImageOfPage\":{\"@id\":\"https:\/\/instytutpolski.pl\/vilnius\/pazink-lenkija\/#primaryimage\"},\"image\":{\"@id\":\"https:\/\/instytutpolski.pl\/vilnius\/pazink-lenkija\/#primaryimage\"},\"thumbnailUrl\":\"https:\/\/instytutpolski.pl\/vilnius\/wp-content\/uploads\/sites\/24\/2019\/06\/poznaj-polske.jpg\",\"datePublished\":\"2019-06-27T08:57:05+00:00\",\"dateModified\":\"2022-09-15T08:43:04+00:00\",\"breadcrumb\":{\"@id\":\"https:\/\/instytutpolski.pl\/vilnius\/pazink-lenkija\/#breadcrumb\"},\"inLanguage\":\"pl-PL\",\"potentialAction\":[{\"@type\":\"ReadAction\",\"target\":[\"https:\/\/instytutpolski.pl\/vilnius\/pazink-lenkija\/\"]}]},{\"@type\":\"ImageObject\",\"inLanguage\":\"pl-PL\",\"@id\":\"https:\/\/instytutpolski.pl\/vilnius\/pazink-lenkija\/#primaryimage\",\"url\":\"https:\/\/instytutpolski.pl\/vilnius\/wp-content\/uploads\/sites\/24\/2019\/06\/poznaj-polske.jpg\",\"contentUrl\":\"https:\/\/instytutpolski.pl\/vilnius\/wp-content\/uploads\/sites\/24\/2019\/06\/poznaj-polske.jpg\",\"width\":1920,\"height\":700},{\"@type\":\"BreadcrumbList\",\"@id\":\"https:\/\/instytutpolski.pl\/vilnius\/pazink-lenkija\/#breadcrumb\",\"itemListElement\":[{\"@type\":\"ListItem\",\"position\":1,\"name\":\"Home\",\"item\":\"https:\/\/instytutpolski.pl\/vilnius\/\"},{\"@type\":\"ListItem\",\"position\":2,\"name\":\"Pa\u017eink Lenkij\u0105\"}]},{\"@type\":\"WebSite\",\"@id\":\"https:\/\/instytutpolski.pl\/vilnius\/#website\",\"url\":\"https:\/\/instytutpolski.pl\/vilnius\/\",\"name\":\"Instytut Polski w Wilnie\",\"description\":\"Instytuty Polskie\",\"potentialAction\":[{\"@type\":\"SearchAction\",\"target\":{\"@type\":\"EntryPoint\",\"urlTemplate\":\"https:\/\/instytutpolski.pl\/vilnius\/?s={search_term_string}\"},\"query-input\":{\"@type\":\"PropertyValueSpecification\",\"valueRequired\":true,\"valueName\":\"search_term_string\"}}],\"inLanguage\":\"pl-PL\"}]}<\/script>\n<!-- \/ Yoast SEO plugin. -->","yoast_head_json":{"title":"Pa\u017eink Lenkij\u0105 - Instytut Polski w Wilnie","robots":{"index":"index","follow":"follow","max-snippet":"max-snippet:-1","max-image-preview":"max-image-preview:large","max-video-preview":"max-video-preview:-1"},"canonical":"https:\/\/instytutpolski.pl\/vilnius\/pazink-lenkija\/","og_locale":"pl_PL","og_type":"article","og_title":"Pa\u017eink Lenkij\u0105 - Instytut Polski w Wilnie","og_description":"Per daugiau nei t\u016bkstantmet\u012f trunkan\u010di\u0105 savo istorij\u0105 Lenkija nu\u0117jo labai permaining\u0105 keli\u0105 \u2013 nuo vienos galingiausi\u0173 valstybi\u0173 Europoje iki nepriklausomyb\u0117s netekusios \u0161alies, paskui Vidurio ir Ryt\u0173 Europos ekonomikos lyder\u0117s. Dabar Lenkijos verslo entuziazmas, i\u0161radingumas ir potencialas \u017einomas visame pasaulyje. Lenk\u0173 atkaklumo, solidarumo, taip pat popie\u017eiaus Jono Pauliaus II dvasinio autoriteto d\u0117ka Lenkija 1989 m. i\u0161tr\u016bko [&hellip;]","og_url":"https:\/\/instytutpolski.pl\/vilnius\/pazink-lenkija\/","og_site_name":"Instytut Polski w Wilnie","article_modified_time":"2022-09-15T08:43:04+00:00","og_image":[{"width":1920,"height":700,"url":"https:\/\/instytutpolski.pl\/vilnius\/wp-content\/uploads\/sites\/24\/2019\/06\/poznaj-polske.jpg","type":"image\/jpeg"}],"twitter_card":"summary_large_image","twitter_misc":{"Szacowany czas czytania":"3 minuty"},"schema":{"@context":"https:\/\/schema.org","@graph":[{"@type":"WebPage","@id":"https:\/\/instytutpolski.pl\/vilnius\/pazink-lenkija\/","url":"https:\/\/instytutpolski.pl\/vilnius\/pazink-lenkija\/","name":"Pa\u017eink Lenkij\u0105 - Instytut Polski w Wilnie","isPartOf":{"@id":"https:\/\/instytutpolski.pl\/vilnius\/#website"},"primaryImageOfPage":{"@id":"https:\/\/instytutpolski.pl\/vilnius\/pazink-lenkija\/#primaryimage"},"image":{"@id":"https:\/\/instytutpolski.pl\/vilnius\/pazink-lenkija\/#primaryimage"},"thumbnailUrl":"https:\/\/instytutpolski.pl\/vilnius\/wp-content\/uploads\/sites\/24\/2019\/06\/poznaj-polske.jpg","datePublished":"2019-06-27T08:57:05+00:00","dateModified":"2022-09-15T08:43:04+00:00","breadcrumb":{"@id":"https:\/\/instytutpolski.pl\/vilnius\/pazink-lenkija\/#breadcrumb"},"inLanguage":"pl-PL","potentialAction":[{"@type":"ReadAction","target":["https:\/\/instytutpolski.pl\/vilnius\/pazink-lenkija\/"]}]},{"@type":"ImageObject","inLanguage":"pl-PL","@id":"https:\/\/instytutpolski.pl\/vilnius\/pazink-lenkija\/#primaryimage","url":"https:\/\/instytutpolski.pl\/vilnius\/wp-content\/uploads\/sites\/24\/2019\/06\/poznaj-polske.jpg","contentUrl":"https:\/\/instytutpolski.pl\/vilnius\/wp-content\/uploads\/sites\/24\/2019\/06\/poznaj-polske.jpg","width":1920,"height":700},{"@type":"BreadcrumbList","@id":"https:\/\/instytutpolski.pl\/vilnius\/pazink-lenkija\/#breadcrumb","itemListElement":[{"@type":"ListItem","position":1,"name":"Home","item":"https:\/\/instytutpolski.pl\/vilnius\/"},{"@type":"ListItem","position":2,"name":"Pa\u017eink Lenkij\u0105"}]},{"@type":"WebSite","@id":"https:\/\/instytutpolski.pl\/vilnius\/#website","url":"https:\/\/instytutpolski.pl\/vilnius\/","name":"Instytut Polski w Wilnie","description":"Instytuty Polskie","potentialAction":[{"@type":"SearchAction","target":{"@type":"EntryPoint","urlTemplate":"https:\/\/instytutpolski.pl\/vilnius\/?s={search_term_string}"},"query-input":{"@type":"PropertyValueSpecification","valueRequired":true,"valueName":"search_term_string"}}],"inLanguage":"pl-PL"}]}},"_links":{"self":[{"href":"https:\/\/instytutpolski.pl\/vilnius\/wp-json\/wp\/v2\/pages\/452","targetHints":{"allow":["GET"]}}],"collection":[{"href":"https:\/\/instytutpolski.pl\/vilnius\/wp-json\/wp\/v2\/pages"}],"about":[{"href":"https:\/\/instytutpolski.pl\/vilnius\/wp-json\/wp\/v2\/types\/page"}],"author":[{"embeddable":true,"href":"https:\/\/instytutpolski.pl\/vilnius\/wp-json\/wp\/v2\/users\/1"}],"replies":[{"embeddable":true,"href":"https:\/\/instytutpolski.pl\/vilnius\/wp-json\/wp\/v2\/comments?post=452"}],"version-history":[{"count":5,"href":"https:\/\/instytutpolski.pl\/vilnius\/wp-json\/wp\/v2\/pages\/452\/revisions"}],"predecessor-version":[{"id":4161,"href":"https:\/\/instytutpolski.pl\/vilnius\/wp-json\/wp\/v2\/pages\/452\/revisions\/4161"}],"wp:featuredmedia":[{"embeddable":true,"href":"https:\/\/instytutpolski.pl\/vilnius\/wp-json\/wp\/v2\/media\/453"}],"wp:attachment":[{"href":"https:\/\/instytutpolski.pl\/vilnius\/wp-json\/wp\/v2\/media?parent=452"}],"curies":[{"name":"wp","href":"https:\/\/api.w.org\/{rel}","templated":true}]}}