{"id":472,"date":"2019-06-27T11:00:45","date_gmt":"2019-06-27T09:00:45","guid":{"rendered":"https:\/\/instytutpolski.pl\/wilno\/?page_id=472"},"modified":"2022-09-07T11:46:12","modified_gmt":"2022-09-07T09:46:12","slug":"stypendia-naukowe","status":"publish","type":"page","link":"https:\/\/instytutpolski.pl\/vilnius\/pl\/poznaj-polske\/stypendia-w-polsce\/stypendia-naukowe\/","title":{"rendered":"Stypendia naukowe"},"content":{"rendered":"\n<p class=\"xmsonormal\">Programy stypendialne s\u0105 wa\u017cnym instrumentem polityki zagranicznej naszego kraju. Stypendia buduj\u0105 z jednej strony potencja\u0142 spo\u0142eczno-gospodarczy kraj\u00f3w partnerskich, z drugiej za\u015b \u2013 tworz\u0105 szeregi \u201eambasador\u00f3w\u201d Polski.<\/p>\n<p>Umo\u017cliwiaj\u0105 zagranicznym studentom \u2013 obywatelom pa\u0144stw rozwijaj\u0105cych si\u0119 zdobycie wykszta\u0142cenia i umiej\u0119tno\u015bci, cz\u0119sto niedost\u0119pnych w ich krajach. Ponadto, dzi\u0119ki pobytowi w Polsce osoby te mog\u0105 pozna\u0107 tutejsz\u0105 kultur\u0119, j\u0119zyk i zwyczaje, a tak\u017ce nawi\u0105za\u0107 znajomo\u015bci, kt\u00f3re b\u0119d\u0105 procentowa\u0142y w ich dalszym zawodowym \u017cyciu. Tym samym polityka stypendialna przyczynia si\u0119 do budowania z jednej strony potencja\u0142u spo\u0142eczno-gospodarczego kraj\u00f3w partnerskich, z drugiej za\u015b \u2013 tworzy szeregi \u201eambasador\u00f3w\u201d Polski.<\/p>\n<p><strong>Ministerstwo Spraw Zagranicznych za po\u015brednictwem Ministerstwa Edukacji i Nauki (MEiN) wsp\u00f3\u0142finansuje m.in. Program stypendialny im. Stefana Banacha realizowany przez Narodow\u0105 Agencj\u0119 Wymiany Akademickiej.<\/strong><\/p>\n<p>Narodowa Agencja Wymiany Akademickiej jest instytucj\u0105 wskazan\u0105 do kontaktu w sprawie mo\u017cliwo\u015bci udzia\u0142u w Programie im. S. Banacha:\u00a0<a href=\"https:\/\/nawa.gov.pl\/kontakt\" target=\"_blank\" rel=\"noopener\">https:\/\/nawa.gov.pl\/kontakt\u00a0<\/a>\u00a0<\/p>\n<p>Zobacz, dlaczego warto studiowa\u0107 w Polsce i zapoznaj si\u0119 z ofert\u0105 polskich szk\u00f3\u0142 wy\u017cszych i stypendialn\u0105 dost\u0119pn\u0105 na\u00a0<a href=\"https:\/\/go-poland.pl\/\" target=\"_blank\" rel=\"noopener\">http:\/\/www.go-poland.pl\u00a0<\/a><\/p>\n","protected":false},"excerpt":{"rendered":"<p>Programy stypendialne s\u0105 wa\u017cnym instrumentem polityki zagranicznej naszego kraju. Stypendia buduj\u0105 z jednej strony potencja\u0142 spo\u0142eczno-gospodarczy kraj\u00f3w partnerskich, z drugiej za\u015b \u2013 tworz\u0105 szeregi \u201eambasador\u00f3w\u201d Polski. Umo\u017cliwiaj\u0105 zagranicznym studentom \u2013 obywatelom pa\u0144stw rozwijaj\u0105cych si\u0119 zdobycie wykszta\u0142cenia i umiej\u0119tno\u015bci, cz\u0119sto niedost\u0119pnych w ich krajach. Ponadto, dzi\u0119ki pobytowi w Polsce osoby te mog\u0105 pozna\u0107 tutejsz\u0105 kultur\u0119, j\u0119zyk [&hellip;]<\/p>\n","protected":false},"author":1,"featured_media":0,"parent":468,"menu_order":0,"comment_status":"closed","ping_status":"closed","template":"","meta":{"inline_featured_image":false,"_monsterinsights_skip_tracking":false,"_monsterinsights_sitenote_active":false,"_monsterinsights_sitenote_note":"","_monsterinsights_sitenote_category":0,"footnotes":""},"class_list":["post-472","page","type-page","status-publish","hentry"],"yoast_head":"<!-- This site is optimized with the Yoast SEO plugin v24.6 - https:\/\/yoast.com\/wordpress\/plugins\/seo\/ -->\n<title>Stypendia naukowe - Instytut Polski w Wilnie<\/title>\n<meta name=\"robots\" content=\"index, follow, max-snippet:-1, max-image-preview:large, max-video-preview:-1\" \/>\n<link rel=\"canonical\" href=\"https:\/\/instytutpolski.pl\/vilnius\/pl\/poznaj-polske\/stypendia-w-polsce\/stypendia-naukowe\/\" \/>\n<meta property=\"og:locale\" content=\"pl_PL\" \/>\n<meta property=\"og:type\" content=\"article\" \/>\n<meta property=\"og:title\" content=\"Stypendia naukowe - Instytut Polski w Wilnie\" \/>\n<meta property=\"og:description\" content=\"Programy stypendialne s\u0105 wa\u017cnym instrumentem polityki zagranicznej naszego kraju. Stypendia buduj\u0105 z jednej strony potencja\u0142 spo\u0142eczno-gospodarczy kraj\u00f3w partnerskich, z drugiej za\u015b \u2013 tworz\u0105 szeregi \u201eambasador\u00f3w\u201d Polski. Umo\u017cliwiaj\u0105 zagranicznym studentom \u2013 obywatelom pa\u0144stw rozwijaj\u0105cych si\u0119 zdobycie wykszta\u0142cenia i umiej\u0119tno\u015bci, cz\u0119sto niedost\u0119pnych w ich krajach. Ponadto, dzi\u0119ki pobytowi w Polsce osoby te mog\u0105 pozna\u0107 tutejsz\u0105 kultur\u0119, j\u0119zyk [&hellip;]\" \/>\n<meta property=\"og:url\" content=\"https:\/\/instytutpolski.pl\/vilnius\/pl\/poznaj-polske\/stypendia-w-polsce\/stypendia-naukowe\/\" \/>\n<meta property=\"og:site_name\" content=\"Instytut Polski w Wilnie\" \/>\n<meta property=\"article:modified_time\" content=\"2022-09-07T09:46:12+00:00\" \/>\n<meta name=\"twitter:card\" content=\"summary_large_image\" \/>\n<meta name=\"twitter:label1\" content=\"Szacowany czas czytania\" \/>\n\t<meta name=\"twitter:data1\" content=\"1 minuta\" \/>\n<script type=\"application\/ld+json\" class=\"yoast-schema-graph\">{\"@context\":\"https:\/\/schema.org\",\"@graph\":[{\"@type\":\"WebPage\",\"@id\":\"https:\/\/instytutpolski.pl\/vilnius\/pl\/poznaj-polske\/stypendia-w-polsce\/stypendia-naukowe\/\",\"url\":\"https:\/\/instytutpolski.pl\/vilnius\/pl\/poznaj-polske\/stypendia-w-polsce\/stypendia-naukowe\/\",\"name\":\"Stypendia naukowe - Instytut Polski w Wilnie\",\"isPartOf\":{\"@id\":\"https:\/\/instytutpolski.pl\/vilnius\/#website\"},\"datePublished\":\"2019-06-27T09:00:45+00:00\",\"dateModified\":\"2022-09-07T09:46:12+00:00\",\"breadcrumb\":{\"@id\":\"https:\/\/instytutpolski.pl\/vilnius\/pl\/poznaj-polske\/stypendia-w-polsce\/stypendia-naukowe\/#breadcrumb\"},\"inLanguage\":\"pl-PL\",\"potentialAction\":[{\"@type\":\"ReadAction\",\"target\":[\"https:\/\/instytutpolski.pl\/vilnius\/pl\/poznaj-polske\/stypendia-w-polsce\/stypendia-naukowe\/\"]}]},{\"@type\":\"BreadcrumbList\",\"@id\":\"https:\/\/instytutpolski.pl\/vilnius\/pl\/poznaj-polske\/stypendia-w-polsce\/stypendia-naukowe\/#breadcrumb\",\"itemListElement\":[{\"@type\":\"ListItem\",\"position\":1,\"name\":\"Home\",\"item\":\"https:\/\/instytutpolski.pl\/vilnius\/\"},{\"@type\":\"ListItem\",\"position\":2,\"name\":\"Poznaj Polsk\u0119\",\"item\":\"https:\/\/instytutpolski.pl\/vilnius\/pl\/poznaj-polske\/\"},{\"@type\":\"ListItem\",\"position\":3,\"name\":\"Stypendia w Polsce\",\"item\":\"https:\/\/instytutpolski.pl\/vilnius\/pl\/poznaj-polske\/stypendia-w-polsce\/\"},{\"@type\":\"ListItem\",\"position\":4,\"name\":\"Stypendia naukowe\"}]},{\"@type\":\"WebSite\",\"@id\":\"https:\/\/instytutpolski.pl\/vilnius\/#website\",\"url\":\"https:\/\/instytutpolski.pl\/vilnius\/\",\"name\":\"Instytut Polski w Wilnie\",\"description\":\"Instytuty Polskie\",\"potentialAction\":[{\"@type\":\"SearchAction\",\"target\":{\"@type\":\"EntryPoint\",\"urlTemplate\":\"https:\/\/instytutpolski.pl\/vilnius\/?s={search_term_string}\"},\"query-input\":{\"@type\":\"PropertyValueSpecification\",\"valueRequired\":true,\"valueName\":\"search_term_string\"}}],\"inLanguage\":\"pl-PL\"}]}<\/script>\n<!-- \/ Yoast SEO plugin. -->","yoast_head_json":{"title":"Stypendia naukowe - Instytut Polski w Wilnie","robots":{"index":"index","follow":"follow","max-snippet":"max-snippet:-1","max-image-preview":"max-image-preview:large","max-video-preview":"max-video-preview:-1"},"canonical":"https:\/\/instytutpolski.pl\/vilnius\/pl\/poznaj-polske\/stypendia-w-polsce\/stypendia-naukowe\/","og_locale":"pl_PL","og_type":"article","og_title":"Stypendia naukowe - Instytut Polski w Wilnie","og_description":"Programy stypendialne s\u0105 wa\u017cnym instrumentem polityki zagranicznej naszego kraju. Stypendia buduj\u0105 z jednej strony potencja\u0142 spo\u0142eczno-gospodarczy kraj\u00f3w partnerskich, z drugiej za\u015b \u2013 tworz\u0105 szeregi \u201eambasador\u00f3w\u201d Polski. Umo\u017cliwiaj\u0105 zagranicznym studentom \u2013 obywatelom pa\u0144stw rozwijaj\u0105cych si\u0119 zdobycie wykszta\u0142cenia i umiej\u0119tno\u015bci, cz\u0119sto niedost\u0119pnych w ich krajach. Ponadto, dzi\u0119ki pobytowi w Polsce osoby te mog\u0105 pozna\u0107 tutejsz\u0105 kultur\u0119, j\u0119zyk [&hellip;]","og_url":"https:\/\/instytutpolski.pl\/vilnius\/pl\/poznaj-polske\/stypendia-w-polsce\/stypendia-naukowe\/","og_site_name":"Instytut Polski w Wilnie","article_modified_time":"2022-09-07T09:46:12+00:00","twitter_card":"summary_large_image","twitter_misc":{"Szacowany czas czytania":"1 minuta"},"schema":{"@context":"https:\/\/schema.org","@graph":[{"@type":"WebPage","@id":"https:\/\/instytutpolski.pl\/vilnius\/pl\/poznaj-polske\/stypendia-w-polsce\/stypendia-naukowe\/","url":"https:\/\/instytutpolski.pl\/vilnius\/pl\/poznaj-polske\/stypendia-w-polsce\/stypendia-naukowe\/","name":"Stypendia naukowe - Instytut Polski w Wilnie","isPartOf":{"@id":"https:\/\/instytutpolski.pl\/vilnius\/#website"},"datePublished":"2019-06-27T09:00:45+00:00","dateModified":"2022-09-07T09:46:12+00:00","breadcrumb":{"@id":"https:\/\/instytutpolski.pl\/vilnius\/pl\/poznaj-polske\/stypendia-w-polsce\/stypendia-naukowe\/#breadcrumb"},"inLanguage":"pl-PL","potentialAction":[{"@type":"ReadAction","target":["https:\/\/instytutpolski.pl\/vilnius\/pl\/poznaj-polske\/stypendia-w-polsce\/stypendia-naukowe\/"]}]},{"@type":"BreadcrumbList","@id":"https:\/\/instytutpolski.pl\/vilnius\/pl\/poznaj-polske\/stypendia-w-polsce\/stypendia-naukowe\/#breadcrumb","itemListElement":[{"@type":"ListItem","position":1,"name":"Home","item":"https:\/\/instytutpolski.pl\/vilnius\/"},{"@type":"ListItem","position":2,"name":"Poznaj Polsk\u0119","item":"https:\/\/instytutpolski.pl\/vilnius\/pl\/poznaj-polske\/"},{"@type":"ListItem","position":3,"name":"Stypendia w Polsce","item":"https:\/\/instytutpolski.pl\/vilnius\/pl\/poznaj-polske\/stypendia-w-polsce\/"},{"@type":"ListItem","position":4,"name":"Stypendia naukowe"}]},{"@type":"WebSite","@id":"https:\/\/instytutpolski.pl\/vilnius\/#website","url":"https:\/\/instytutpolski.pl\/vilnius\/","name":"Instytut Polski w Wilnie","description":"Instytuty Polskie","potentialAction":[{"@type":"SearchAction","target":{"@type":"EntryPoint","urlTemplate":"https:\/\/instytutpolski.pl\/vilnius\/?s={search_term_string}"},"query-input":{"@type":"PropertyValueSpecification","valueRequired":true,"valueName":"search_term_string"}}],"inLanguage":"pl-PL"}]}},"_links":{"self":[{"href":"https:\/\/instytutpolski.pl\/vilnius\/wp-json\/wp\/v2\/pages\/472","targetHints":{"allow":["GET"]}}],"collection":[{"href":"https:\/\/instytutpolski.pl\/vilnius\/wp-json\/wp\/v2\/pages"}],"about":[{"href":"https:\/\/instytutpolski.pl\/vilnius\/wp-json\/wp\/v2\/types\/page"}],"author":[{"embeddable":true,"href":"https:\/\/instytutpolski.pl\/vilnius\/wp-json\/wp\/v2\/users\/1"}],"replies":[{"embeddable":true,"href":"https:\/\/instytutpolski.pl\/vilnius\/wp-json\/wp\/v2\/comments?post=472"}],"version-history":[{"count":3,"href":"https:\/\/instytutpolski.pl\/vilnius\/wp-json\/wp\/v2\/pages\/472\/revisions"}],"predecessor-version":[{"id":4123,"href":"https:\/\/instytutpolski.pl\/vilnius\/wp-json\/wp\/v2\/pages\/472\/revisions\/4123"}],"up":[{"embeddable":true,"href":"https:\/\/instytutpolski.pl\/vilnius\/wp-json\/wp\/v2\/pages\/468"}],"wp:attachment":[{"href":"https:\/\/instytutpolski.pl\/vilnius\/wp-json\/wp\/v2\/media?parent=472"}],"curies":[{"name":"wp","href":"https:\/\/api.w.org\/{rel}","templated":true}]}}