{"id":502,"date":"2019-06-27T11:03:58","date_gmt":"2019-06-27T09:03:58","guid":{"rendered":"https:\/\/instytutpolski.pl\/wilno\/?page_id=502"},"modified":"2022-09-07T11:55:35","modified_gmt":"2022-09-07T09:55:35","slug":"zasady-uznawalnosci-wyksztalcenia","status":"publish","type":"page","link":"https:\/\/instytutpolski.pl\/vilnius\/pl\/poznaj-polske\/nauka-w-polsce\/zasady-uznawalnosci-wyksztalcenia\/","title":{"rendered":"Zasady uznawalno\u015bci wykszta\u0142cenia"},"content":{"rendered":"\n<p><strong>Przepisy reguluj\u0105ce kwestie uznawalno\u015bci zagranicznego wykszta\u0142cenia w\u00a0Polsce:<\/strong><\/p>\n<p>Ustawa z\u00a0dnia 20 lipca 2018 r. Prawo o\u00a0szkolnictwie wy\u017cszym i\u00a0nauce (Dz. U. z\u00a02020, poz. 85) \u2013 zobacz\u00a0<a class=\"wf_file\" href=\"https:\/\/nawa.gov.pl\/images\/users\/642\/Wyciag-z-ustawy-z-dnia-20-lipca-2018-r.pdf\" target=\"_blank\" rel=\"noopener\"><span class=\"wf_file_text\">wyci\u0105g<\/span><\/a>\u00a0lub\u00a0<a href=\"http:\/\/isap.sejm.gov.pl\/isap.nsf\/download.xsp\/WDU20200000085\/U\/D20200085Lj.pdf\" target=\"_blank\" rel=\"nofollow noopener\">pe\u0142ny tekst<\/a><\/p>\n<p>Rozporz\u0105dzenie Ministra Nauki i\u00a0Szkolnictwa Wy\u017cszego z\u00a0dnia 28 wrze\u015bnia 2018\u00a0r. w\u00a0sprawie nostryfikacji dyplom\u00f3w uko\u0144czenia studi\u00f3w za granic\u0105 oraz w\u00a0sprawie potwierdzenia uko\u0144czenia studi\u00f3w na okre\u015blonym poziomie (Dz. U. poz. 1881) \u2013 zobacz\u00a0<a href=\"http:\/\/prawo.sejm.gov.pl\/isap.nsf\/DocDetails.xsp?id=WDU20180001881\" target=\"_blank\" rel=\"nofollow noopener\">pe\u0142ny tekst<\/a>\u00a0oraz przeczytaj\u00a0informacje na temat\u00a0<a href=\"https:\/\/nawa.gov.pl\/uznawalnosc\/informacje-dla-uczelni\/nostryfikacja-dyplomow\" target=\"_blank\" rel=\"nofollow noopener\">procedury nostryfikacji<\/a>\u00a0lub\u00a0<a href=\"https:\/\/nawa.gov.pl\/uznawalnosc\/informacje-dla-uczelni\/uznanie-wyksztalcenia-uchodzcow\" target=\"_blank\" rel=\"nofollow noopener\">potwierdzenia uko\u0144czenia studi\u00f3w na okre\u015blonym poziomie<\/a>.<\/p>\n<p>Rozporz\u0105dzenie Ministra Nauki i\u00a0Szkolnictwa Wy\u017cszego z\u00a0dnia 28 wrze\u015bnia 2018 r. w\u00a0sprawie nostryfikacji stopni naukowych i\u00a0stopni w\u00a0zakresie sztuki nadanych za granic\u0105 (Dz. U. poz. 1877) \u2013 zobacz\u00a0<a href=\"http:\/\/prawo.sejm.gov.pl\/isap.nsf\/DocDetails.xsp?id=WDU20180001877\" target=\"_blank\" rel=\"nofollow noopener\">pe\u0142ny tekst<\/a>\u00a0oraz przeczytaj\u00a0<a href=\"https:\/\/nawa.gov.pl\/uznawalnosc\/informacje-dla-uczelni\/nostryfikacja-stopni-naukowych\" target=\"_blank\" rel=\"nofollow noopener\">wyja\u015bnienie<\/a><\/p>\n<p>Umowy mi\u0119dzynarodowe &#8211; pe\u0142na lista um\u00f3w mi\u0119dzynarodowych dost\u0119pna jest na stronie\u00a0<a href=\"https:\/\/www.gov.pl\/web\/nauka\/umowy-dwustronne-dotyczace-uznawalnosci-wyksztalcenia\" target=\"_blank\" rel=\"nofollow noopener\">Ministerstwa Edukacji i\u00a0Nauki<\/a><\/p>\n<p>Konwencja o\u00a0uznaniu kwalifikacji zwi\u0105zanych z\u00a0uzyskaniem wy\u017cszego wykszta\u0142cenia w\u00a0Regionie Europejskim, sporz\u0105dzona w\u00a0Lizbonie dnia 11 kwietnia 1997 r.\u00a0(tzw. Konwencja Lizbo\u0144ska) \u2013 zobacz\u00a0<a href=\"http:\/\/dziennikustaw.gov.pl\/DU\/2004\/s\/233\/2339\" target=\"_blank\" rel=\"nofollow noopener\">tekst oryginalny wraz z\u00a0oficjalnym t\u0142umaczeniem na j\u0119zyk polski<\/a><\/p>\n<p>Teksty uzupe\u0142niaj\u0105ce do Konwencji Lizbo\u0144skiej:<\/p>\n<ul>\n<li>Zmienione zalecenie w\u00a0sprawie kryteri\u00f3w i\u00a0procedur oceny wykszta\u0142cenia uzyskanego za granic\u0105 (przyj\u0119te przez Komitet Konwencji Lizbo\u0144skiej na pi\u0105tym posiedzeniu w\u00a0S\u00e8vres) \u2013 zobacz\u00a0<a href=\"https:\/\/www.enic-naric.net\/fileusers\/Recommention_for_Recognition_Foreign_Qualifations.pdf\" target=\"_blank\" rel=\"nofollow noopener\">tekst oryginalny<\/a>\u00a0lub\u00a0<a class=\"wf_file\" href=\"https:\/\/nawa.gov.pl\/images\/users\/642\/Rekomendacje-w-sprawie-kryteriow-oceny-08-04-2020_1.pdf\" target=\"_blank\" rel=\"noopener\"><span class=\"wf_file_text\">t\u0142umaczenie<\/span><\/a><\/li>\n<li>Zmienione zalecenie w\u00a0sprawie uznawania wsp\u00f3lnych dyplom\u00f3w \u2013 zobacz\u00a0<a href=\"https:\/\/www.enic-naric.net\/fileusers\/7355_Revised_Recommendation_on_the_Recognition_of_Joint_Degrees_2016.pdf\" target=\"_blank\" rel=\"nofollow noopener\">tekst oryginalny<\/a>\u00a0lub\u00a0<a class=\"wf_file\" href=\"https:\/\/nawa.gov.pl\/images\/users\/642\/Zmienione-zalecenie-w-sprawie-uznawania-wspolnych-dyplomow.pdf\" target=\"_blank\" rel=\"noopener\"><span class=\"wf_file_text\">t\u0142umaczenie<\/span><\/a><\/li>\n<li>Zalecenie w\u00a0sprawie uznawania wykszta\u0142cenia uchod\u017ac\u00f3w na podstawie Konwencji Lizbo\u0144skiej i\u00a0Memorandum Wyja\u015bniaj\u0105ce \u2013 zobacz\u00a0<a href=\"https:\/\/www.enic-naric.net\/fileusers\/1251_Recommendation_on_Recognition_of_Qualifications_Held_by_Refugees_Displaced_Persons_and_Persons_in_a_Refugee_like_Situation.pdf\" target=\"_blank\" rel=\"nofollow noopener\">tekst oryginalny<\/a>\u00a0lub\u00a0<a class=\"wf_file\" href=\"https:\/\/nawa.gov.pl\/images\/users\/642\/Recommendation_on_Recognition_of_Qualifications_Held_by_Refugees_PL-2020-05-05_1.pdf\" target=\"_blank\" rel=\"noopener\"><span class=\"wf_file_text\">t\u0142umaczenie<\/span><\/a><\/li>\n<li>Zalecenie w\u00a0sprawie stosowania ram kwalifikacji przy uznawaniu wykszta\u0142cenia uzyskanego za granic\u0105\u00a0 \u2013 zobacz\u00a0<a href=\"https:\/\/www.enic-naric.net\/fileusers\/LRC_Subsidiary_Text_on_the_Use_of_QFs_ENGLISH.pdf\" target=\"_blank\" rel=\"nofollow noopener\">tekst oryginalny<\/a>\u00a0lub\u00a0<a class=\"wf_file\" href=\"https:\/\/nawa.gov.pl\/images\/users\/642\/LRC-subsidiary-text-on-the-use-of-QFs---PL.pdf\" target=\"_blank\" rel=\"noopener\"><span class=\"wf_file_text\">t\u0142umaczenie<\/span><\/a><\/li>\n<li>Wytyczne w\u00a0sprawie tworzenia krajowych system\u00f3w informacji online \u2013 zobacz\u00a0<a href=\"https:\/\/www.enic-naric.net\/fileusers\/Guidelines_National_Online_Information_Systems.pdf\" target=\"_blank\" rel=\"nofollow noopener\">tekst oryginalny<\/a>\u00a0lub\u00a0<a class=\"wf_file\" href=\"https:\/\/nawa.gov.pl\/images\/users\/642\/Wytyczne-w-sprawie-tworzenia-krajowych-systemow-informacji-online.pdf\" target=\"_blank\" rel=\"noopener\"><span class=\"wf_file_text\">t\u0142umaczenie<\/span><\/a><\/li>\n<\/ul>\n","protected":false},"excerpt":{"rendered":"<p>Przepisy reguluj\u0105ce kwestie uznawalno\u015bci zagranicznego wykszta\u0142cenia w\u00a0Polsce: Ustawa z\u00a0dnia 20 lipca 2018 r. Prawo o\u00a0szkolnictwie wy\u017cszym i\u00a0nauce (Dz. U. z\u00a02020, poz. 85) \u2013 zobacz\u00a0wyci\u0105g\u00a0lub\u00a0pe\u0142ny tekst Rozporz\u0105dzenie Ministra Nauki i\u00a0Szkolnictwa Wy\u017cszego z\u00a0dnia 28 wrze\u015bnia 2018\u00a0r. w\u00a0sprawie nostryfikacji dyplom\u00f3w uko\u0144czenia studi\u00f3w za granic\u0105 oraz w\u00a0sprawie potwierdzenia uko\u0144czenia studi\u00f3w na okre\u015blonym poziomie (Dz. U. poz. 1881) \u2013 zobacz\u00a0pe\u0142ny [&hellip;]<\/p>\n","protected":false},"author":1,"featured_media":0,"parent":494,"menu_order":0,"comment_status":"closed","ping_status":"closed","template":"","meta":{"inline_featured_image":false,"_monsterinsights_skip_tracking":false,"_monsterinsights_sitenote_active":false,"_monsterinsights_sitenote_note":"","_monsterinsights_sitenote_category":0,"footnotes":""},"class_list":["post-502","page","type-page","status-publish","hentry"],"yoast_head":"<!-- This site is optimized with the Yoast SEO plugin v24.6 - https:\/\/yoast.com\/wordpress\/plugins\/seo\/ -->\n<title>Zasady uznawalno\u015bci wykszta\u0142cenia - Instytut Polski w Wilnie<\/title>\n<meta name=\"robots\" content=\"index, follow, max-snippet:-1, max-image-preview:large, max-video-preview:-1\" \/>\n<link rel=\"canonical\" href=\"https:\/\/instytutpolski.pl\/vilnius\/pl\/poznaj-polske\/nauka-w-polsce\/zasady-uznawalnosci-wyksztalcenia\/\" \/>\n<meta property=\"og:locale\" content=\"pl_PL\" \/>\n<meta property=\"og:type\" content=\"article\" \/>\n<meta property=\"og:title\" content=\"Zasady uznawalno\u015bci wykszta\u0142cenia - Instytut Polski w Wilnie\" \/>\n<meta property=\"og:description\" content=\"Przepisy reguluj\u0105ce kwestie uznawalno\u015bci zagranicznego wykszta\u0142cenia w\u00a0Polsce: Ustawa z\u00a0dnia 20 lipca 2018 r. Prawo o\u00a0szkolnictwie wy\u017cszym i\u00a0nauce (Dz. U. z\u00a02020, poz. 85) \u2013 zobacz\u00a0wyci\u0105g\u00a0lub\u00a0pe\u0142ny tekst Rozporz\u0105dzenie Ministra Nauki i\u00a0Szkolnictwa Wy\u017cszego z\u00a0dnia 28 wrze\u015bnia 2018\u00a0r. w\u00a0sprawie nostryfikacji dyplom\u00f3w uko\u0144czenia studi\u00f3w za granic\u0105 oraz w\u00a0sprawie potwierdzenia uko\u0144czenia studi\u00f3w na okre\u015blonym poziomie (Dz. U. poz. 1881) \u2013 zobacz\u00a0pe\u0142ny [&hellip;]\" \/>\n<meta property=\"og:url\" content=\"https:\/\/instytutpolski.pl\/vilnius\/pl\/poznaj-polske\/nauka-w-polsce\/zasady-uznawalnosci-wyksztalcenia\/\" \/>\n<meta property=\"og:site_name\" content=\"Instytut Polski w Wilnie\" \/>\n<meta property=\"article:modified_time\" content=\"2022-09-07T09:55:35+00:00\" \/>\n<meta name=\"twitter:card\" content=\"summary_large_image\" \/>\n<meta name=\"twitter:label1\" content=\"Szacowany czas czytania\" \/>\n\t<meta name=\"twitter:data1\" content=\"2 minuty\" \/>\n<script type=\"application\/ld+json\" class=\"yoast-schema-graph\">{\"@context\":\"https:\/\/schema.org\",\"@graph\":[{\"@type\":\"WebPage\",\"@id\":\"https:\/\/instytutpolski.pl\/vilnius\/pl\/poznaj-polske\/nauka-w-polsce\/zasady-uznawalnosci-wyksztalcenia\/\",\"url\":\"https:\/\/instytutpolski.pl\/vilnius\/pl\/poznaj-polske\/nauka-w-polsce\/zasady-uznawalnosci-wyksztalcenia\/\",\"name\":\"Zasady uznawalno\u015bci wykszta\u0142cenia - Instytut Polski w Wilnie\",\"isPartOf\":{\"@id\":\"https:\/\/instytutpolski.pl\/vilnius\/#website\"},\"datePublished\":\"2019-06-27T09:03:58+00:00\",\"dateModified\":\"2022-09-07T09:55:35+00:00\",\"breadcrumb\":{\"@id\":\"https:\/\/instytutpolski.pl\/vilnius\/pl\/poznaj-polske\/nauka-w-polsce\/zasady-uznawalnosci-wyksztalcenia\/#breadcrumb\"},\"inLanguage\":\"pl-PL\",\"potentialAction\":[{\"@type\":\"ReadAction\",\"target\":[\"https:\/\/instytutpolski.pl\/vilnius\/pl\/poznaj-polske\/nauka-w-polsce\/zasady-uznawalnosci-wyksztalcenia\/\"]}]},{\"@type\":\"BreadcrumbList\",\"@id\":\"https:\/\/instytutpolski.pl\/vilnius\/pl\/poznaj-polske\/nauka-w-polsce\/zasady-uznawalnosci-wyksztalcenia\/#breadcrumb\",\"itemListElement\":[{\"@type\":\"ListItem\",\"position\":1,\"name\":\"Home\",\"item\":\"https:\/\/instytutpolski.pl\/vilnius\/\"},{\"@type\":\"ListItem\",\"position\":2,\"name\":\"Poznaj Polsk\u0119\",\"item\":\"https:\/\/instytutpolski.pl\/vilnius\/pl\/poznaj-polske\/\"},{\"@type\":\"ListItem\",\"position\":3,\"name\":\"Nauka w Polsce\",\"item\":\"https:\/\/instytutpolski.pl\/vilnius\/pl\/poznaj-polske\/nauka-w-polsce\/\"},{\"@type\":\"ListItem\",\"position\":4,\"name\":\"Zasady uznawalno\u015bci wykszta\u0142cenia\"}]},{\"@type\":\"WebSite\",\"@id\":\"https:\/\/instytutpolski.pl\/vilnius\/#website\",\"url\":\"https:\/\/instytutpolski.pl\/vilnius\/\",\"name\":\"Instytut Polski w Wilnie\",\"description\":\"Instytuty Polskie\",\"potentialAction\":[{\"@type\":\"SearchAction\",\"target\":{\"@type\":\"EntryPoint\",\"urlTemplate\":\"https:\/\/instytutpolski.pl\/vilnius\/?s={search_term_string}\"},\"query-input\":{\"@type\":\"PropertyValueSpecification\",\"valueRequired\":true,\"valueName\":\"search_term_string\"}}],\"inLanguage\":\"pl-PL\"}]}<\/script>\n<!-- \/ Yoast SEO plugin. -->","yoast_head_json":{"title":"Zasady uznawalno\u015bci wykszta\u0142cenia - Instytut Polski w Wilnie","robots":{"index":"index","follow":"follow","max-snippet":"max-snippet:-1","max-image-preview":"max-image-preview:large","max-video-preview":"max-video-preview:-1"},"canonical":"https:\/\/instytutpolski.pl\/vilnius\/pl\/poznaj-polske\/nauka-w-polsce\/zasady-uznawalnosci-wyksztalcenia\/","og_locale":"pl_PL","og_type":"article","og_title":"Zasady uznawalno\u015bci wykszta\u0142cenia - Instytut Polski w Wilnie","og_description":"Przepisy reguluj\u0105ce kwestie uznawalno\u015bci zagranicznego wykszta\u0142cenia w\u00a0Polsce: Ustawa z\u00a0dnia 20 lipca 2018 r. Prawo o\u00a0szkolnictwie wy\u017cszym i\u00a0nauce (Dz. U. z\u00a02020, poz. 85) \u2013 zobacz\u00a0wyci\u0105g\u00a0lub\u00a0pe\u0142ny tekst Rozporz\u0105dzenie Ministra Nauki i\u00a0Szkolnictwa Wy\u017cszego z\u00a0dnia 28 wrze\u015bnia 2018\u00a0r. w\u00a0sprawie nostryfikacji dyplom\u00f3w uko\u0144czenia studi\u00f3w za granic\u0105 oraz w\u00a0sprawie potwierdzenia uko\u0144czenia studi\u00f3w na okre\u015blonym poziomie (Dz. U. poz. 1881) \u2013 zobacz\u00a0pe\u0142ny [&hellip;]","og_url":"https:\/\/instytutpolski.pl\/vilnius\/pl\/poznaj-polske\/nauka-w-polsce\/zasady-uznawalnosci-wyksztalcenia\/","og_site_name":"Instytut Polski w Wilnie","article_modified_time":"2022-09-07T09:55:35+00:00","twitter_card":"summary_large_image","twitter_misc":{"Szacowany czas czytania":"2 minuty"},"schema":{"@context":"https:\/\/schema.org","@graph":[{"@type":"WebPage","@id":"https:\/\/instytutpolski.pl\/vilnius\/pl\/poznaj-polske\/nauka-w-polsce\/zasady-uznawalnosci-wyksztalcenia\/","url":"https:\/\/instytutpolski.pl\/vilnius\/pl\/poznaj-polske\/nauka-w-polsce\/zasady-uznawalnosci-wyksztalcenia\/","name":"Zasady uznawalno\u015bci wykszta\u0142cenia - Instytut Polski w Wilnie","isPartOf":{"@id":"https:\/\/instytutpolski.pl\/vilnius\/#website"},"datePublished":"2019-06-27T09:03:58+00:00","dateModified":"2022-09-07T09:55:35+00:00","breadcrumb":{"@id":"https:\/\/instytutpolski.pl\/vilnius\/pl\/poznaj-polske\/nauka-w-polsce\/zasady-uznawalnosci-wyksztalcenia\/#breadcrumb"},"inLanguage":"pl-PL","potentialAction":[{"@type":"ReadAction","target":["https:\/\/instytutpolski.pl\/vilnius\/pl\/poznaj-polske\/nauka-w-polsce\/zasady-uznawalnosci-wyksztalcenia\/"]}]},{"@type":"BreadcrumbList","@id":"https:\/\/instytutpolski.pl\/vilnius\/pl\/poznaj-polske\/nauka-w-polsce\/zasady-uznawalnosci-wyksztalcenia\/#breadcrumb","itemListElement":[{"@type":"ListItem","position":1,"name":"Home","item":"https:\/\/instytutpolski.pl\/vilnius\/"},{"@type":"ListItem","position":2,"name":"Poznaj Polsk\u0119","item":"https:\/\/instytutpolski.pl\/vilnius\/pl\/poznaj-polske\/"},{"@type":"ListItem","position":3,"name":"Nauka w Polsce","item":"https:\/\/instytutpolski.pl\/vilnius\/pl\/poznaj-polske\/nauka-w-polsce\/"},{"@type":"ListItem","position":4,"name":"Zasady uznawalno\u015bci wykszta\u0142cenia"}]},{"@type":"WebSite","@id":"https:\/\/instytutpolski.pl\/vilnius\/#website","url":"https:\/\/instytutpolski.pl\/vilnius\/","name":"Instytut Polski w Wilnie","description":"Instytuty Polskie","potentialAction":[{"@type":"SearchAction","target":{"@type":"EntryPoint","urlTemplate":"https:\/\/instytutpolski.pl\/vilnius\/?s={search_term_string}"},"query-input":{"@type":"PropertyValueSpecification","valueRequired":true,"valueName":"search_term_string"}}],"inLanguage":"pl-PL"}]}},"_links":{"self":[{"href":"https:\/\/instytutpolski.pl\/vilnius\/wp-json\/wp\/v2\/pages\/502","targetHints":{"allow":["GET"]}}],"collection":[{"href":"https:\/\/instytutpolski.pl\/vilnius\/wp-json\/wp\/v2\/pages"}],"about":[{"href":"https:\/\/instytutpolski.pl\/vilnius\/wp-json\/wp\/v2\/types\/page"}],"author":[{"embeddable":true,"href":"https:\/\/instytutpolski.pl\/vilnius\/wp-json\/wp\/v2\/users\/1"}],"replies":[{"embeddable":true,"href":"https:\/\/instytutpolski.pl\/vilnius\/wp-json\/wp\/v2\/comments?post=502"}],"version-history":[{"count":3,"href":"https:\/\/instytutpolski.pl\/vilnius\/wp-json\/wp\/v2\/pages\/502\/revisions"}],"predecessor-version":[{"id":4125,"href":"https:\/\/instytutpolski.pl\/vilnius\/wp-json\/wp\/v2\/pages\/502\/revisions\/4125"}],"up":[{"embeddable":true,"href":"https:\/\/instytutpolski.pl\/vilnius\/wp-json\/wp\/v2\/pages\/494"}],"wp:attachment":[{"href":"https:\/\/instytutpolski.pl\/vilnius\/wp-json\/wp\/v2\/media?parent=502"}],"curies":[{"name":"wp","href":"https:\/\/api.w.org\/{rel}","templated":true}]}}