{"id":512,"date":"2019-06-27T11:05:36","date_gmt":"2019-06-27T09:05:36","guid":{"rendered":"https:\/\/instytutpolski.pl\/wilno\/?page_id=512"},"modified":"2025-06-23T09:17:56","modified_gmt":"2025-06-23T07:17:56","slug":"studijuok-lenkijoje","status":"publish","type":"page","link":"https:\/\/instytutpolski.pl\/vilnius\/pazink-lenkija\/mokslas-lenkijoje\/studijuok-lenkijoje\/","title":{"rendered":"Studijuok Lenkijoje"},"content":{"rendered":"\n<p class=\"xmsonormal\">Informacij\u0105 apie studijas teikia Lenkijos nacionalin\u0117 akademini\u0173 main\u0173 agent\u016bra <a href=\"https:\/\/nawa.gov.pl\/\">NAWA<\/a>.<\/p>\n<p>Daugiau informacijos: <a href=\"https:\/\/study.gov.pl\/\">study.gov.pl\/<\/a><\/p>\n<p>Auk\u0161tojo mokslo institucijos Lenkijoje si\u016blo daugiau nei 200 magistro studij\u0173 program\u0173 angl\u0173 kalba. Programos yra prieinamos \u012fvairi\u0173 akademini\u0173 disciplin\u0173, \u012fskaitant \u017eem\u0117s \u016bkio mokslus, taip pat meno, in\u017einerijos, verslo, kalb\u0173, gamtos moksl\u0173 ir socialini\u0173 moksl\u0173 programos.<\/p>\n<p>Lenkijos universitetai auk\u0161tai vertinami visame pasaulyje.<\/p>\n<p>Pagal <a href=\"http:\/\/www.timeshighereducation.co.uk\/world-university-rankings\/\">Times Higher Education World University Rankings<\/a> 2025 m. Vroclavo medicinos universitetas yra tarp 600, o Jogailos universitetas ir Var\u0161uvos universitetas \u2013 tarp 800 geriausi\u0173 pasaulio universitet\u0173, \u012f t\u016bkstantuk\u0105 patenka Lodz\u0117s medicinos universitetas.<\/p>\n<p>Pagal 2026 m. <a href=\"http:\/\/www.topuniversities.com\/world-university-rankings\" target=\"_blank\" rel=\"noopener\">QS<\/a> pasaulio universitet\u0173 reitingus Var\u0161uvos universitetas u\u017eima 271, Krokuvos Jogailai\u010di\u0173 universitetas \u2013 303, Var\u0161uvos technologijos universitetas \u2013 487 viet\u0105, \u012f t\u016bkstantuk\u0105 patenk\u0105 dar 7 Lenkijos auk\u0161tosios mokyklos.\u00a0<\/p>\n\n\n\n<p><\/p>\n","protected":false},"excerpt":{"rendered":"<p>Informacij\u0105 apie studijas teikia Lenkijos nacionalin\u0117 akademini\u0173 main\u0173 agent\u016bra NAWA. Daugiau informacijos: study.gov.pl\/ Auk\u0161tojo mokslo institucijos Lenkijoje si\u016blo daugiau nei 200 magistro studij\u0173 program\u0173 angl\u0173 kalba. Programos yra prieinamos \u012fvairi\u0173 akademini\u0173 disciplin\u0173, \u012fskaitant \u017eem\u0117s \u016bkio mokslus, taip pat meno, in\u017einerijos, verslo, kalb\u0173, gamtos moksl\u0173 ir socialini\u0173 moksl\u0173 programos. Lenkijos universitetai auk\u0161tai vertinami visame pasaulyje. Pagal [&hellip;]<\/p>\n","protected":false},"author":1,"featured_media":513,"parent":490,"menu_order":0,"comment_status":"closed","ping_status":"closed","template":"","meta":{"inline_featured_image":false,"_monsterinsights_skip_tracking":false,"_monsterinsights_sitenote_active":false,"_monsterinsights_sitenote_note":"","_monsterinsights_sitenote_category":0,"footnotes":""},"class_list":["post-512","page","type-page","status-publish","has-post-thumbnail","hentry"],"yoast_head":"<!-- This site is optimized with the Yoast SEO plugin v24.6 - https:\/\/yoast.com\/wordpress\/plugins\/seo\/ -->\n<title>Studijuok Lenkijoje - Instytut Polski w Wilnie<\/title>\n<meta name=\"robots\" content=\"index, follow, max-snippet:-1, max-image-preview:large, max-video-preview:-1\" \/>\n<link rel=\"canonical\" href=\"https:\/\/instytutpolski.pl\/vilnius\/pazink-lenkija\/mokslas-lenkijoje\/studijuok-lenkijoje\/\" \/>\n<meta property=\"og:locale\" content=\"pl_PL\" \/>\n<meta property=\"og:type\" content=\"article\" \/>\n<meta property=\"og:title\" content=\"Studijuok Lenkijoje - Instytut Polski w Wilnie\" \/>\n<meta property=\"og:description\" content=\"Informacij\u0105 apie studijas teikia Lenkijos nacionalin\u0117 akademini\u0173 main\u0173 agent\u016bra NAWA. Daugiau informacijos: study.gov.pl\/ Auk\u0161tojo mokslo institucijos Lenkijoje si\u016blo daugiau nei 200 magistro studij\u0173 program\u0173 angl\u0173 kalba. Programos yra prieinamos \u012fvairi\u0173 akademini\u0173 disciplin\u0173, \u012fskaitant \u017eem\u0117s \u016bkio mokslus, taip pat meno, in\u017einerijos, verslo, kalb\u0173, gamtos moksl\u0173 ir socialini\u0173 moksl\u0173 programos. Lenkijos universitetai auk\u0161tai vertinami visame pasaulyje. Pagal [&hellip;]\" \/>\n<meta property=\"og:url\" content=\"https:\/\/instytutpolski.pl\/vilnius\/pazink-lenkija\/mokslas-lenkijoje\/studijuok-lenkijoje\/\" \/>\n<meta property=\"og:site_name\" content=\"Instytut Polski w Wilnie\" \/>\n<meta property=\"article:modified_time\" content=\"2025-06-23T07:17:56+00:00\" \/>\n<meta property=\"og:image\" content=\"https:\/\/instytutpolski.pl\/vilnius\/wp-content\/uploads\/sites\/24\/2019\/06\/studiuj-w-polsce.jpg\" \/>\n\t<meta property=\"og:image:width\" content=\"1920\" \/>\n\t<meta property=\"og:image:height\" content=\"700\" \/>\n\t<meta property=\"og:image:type\" content=\"image\/jpeg\" \/>\n<meta name=\"twitter:card\" content=\"summary_large_image\" \/>\n<meta name=\"twitter:label1\" content=\"Szacowany czas czytania\" \/>\n\t<meta name=\"twitter:data1\" content=\"1 minuta\" \/>\n<script type=\"application\/ld+json\" class=\"yoast-schema-graph\">{\"@context\":\"https:\/\/schema.org\",\"@graph\":[{\"@type\":\"WebPage\",\"@id\":\"https:\/\/instytutpolski.pl\/vilnius\/pazink-lenkija\/mokslas-lenkijoje\/studijuok-lenkijoje\/\",\"url\":\"https:\/\/instytutpolski.pl\/vilnius\/pazink-lenkija\/mokslas-lenkijoje\/studijuok-lenkijoje\/\",\"name\":\"Studijuok Lenkijoje - Instytut Polski w Wilnie\",\"isPartOf\":{\"@id\":\"https:\/\/instytutpolski.pl\/vilnius\/#website\"},\"primaryImageOfPage\":{\"@id\":\"https:\/\/instytutpolski.pl\/vilnius\/pazink-lenkija\/mokslas-lenkijoje\/studijuok-lenkijoje\/#primaryimage\"},\"image\":{\"@id\":\"https:\/\/instytutpolski.pl\/vilnius\/pazink-lenkija\/mokslas-lenkijoje\/studijuok-lenkijoje\/#primaryimage\"},\"thumbnailUrl\":\"https:\/\/instytutpolski.pl\/vilnius\/wp-content\/uploads\/sites\/24\/2019\/06\/studiuj-w-polsce.jpg\",\"datePublished\":\"2019-06-27T09:05:36+00:00\",\"dateModified\":\"2025-06-23T07:17:56+00:00\",\"breadcrumb\":{\"@id\":\"https:\/\/instytutpolski.pl\/vilnius\/pazink-lenkija\/mokslas-lenkijoje\/studijuok-lenkijoje\/#breadcrumb\"},\"inLanguage\":\"pl-PL\",\"potentialAction\":[{\"@type\":\"ReadAction\",\"target\":[\"https:\/\/instytutpolski.pl\/vilnius\/pazink-lenkija\/mokslas-lenkijoje\/studijuok-lenkijoje\/\"]}]},{\"@type\":\"ImageObject\",\"inLanguage\":\"pl-PL\",\"@id\":\"https:\/\/instytutpolski.pl\/vilnius\/pazink-lenkija\/mokslas-lenkijoje\/studijuok-lenkijoje\/#primaryimage\",\"url\":\"https:\/\/instytutpolski.pl\/vilnius\/wp-content\/uploads\/sites\/24\/2019\/06\/studiuj-w-polsce.jpg\",\"contentUrl\":\"https:\/\/instytutpolski.pl\/vilnius\/wp-content\/uploads\/sites\/24\/2019\/06\/studiuj-w-polsce.jpg\",\"width\":1920,\"height\":700},{\"@type\":\"BreadcrumbList\",\"@id\":\"https:\/\/instytutpolski.pl\/vilnius\/pazink-lenkija\/mokslas-lenkijoje\/studijuok-lenkijoje\/#breadcrumb\",\"itemListElement\":[{\"@type\":\"ListItem\",\"position\":1,\"name\":\"Home\",\"item\":\"https:\/\/instytutpolski.pl\/vilnius\/\"},{\"@type\":\"ListItem\",\"position\":2,\"name\":\"Pa\u017eink Lenkij\u0105\",\"item\":\"https:\/\/instytutpolski.pl\/vilnius\/pazink-lenkija\/\"},{\"@type\":\"ListItem\",\"position\":3,\"name\":\"Mokslas Lenkijoje\",\"item\":\"https:\/\/instytutpolski.pl\/vilnius\/pazink-lenkija\/mokslas-lenkijoje\/\"},{\"@type\":\"ListItem\",\"position\":4,\"name\":\"Studijuok Lenkijoje\"}]},{\"@type\":\"WebSite\",\"@id\":\"https:\/\/instytutpolski.pl\/vilnius\/#website\",\"url\":\"https:\/\/instytutpolski.pl\/vilnius\/\",\"name\":\"Instytut Polski w Wilnie\",\"description\":\"Instytuty Polskie\",\"potentialAction\":[{\"@type\":\"SearchAction\",\"target\":{\"@type\":\"EntryPoint\",\"urlTemplate\":\"https:\/\/instytutpolski.pl\/vilnius\/?s={search_term_string}\"},\"query-input\":{\"@type\":\"PropertyValueSpecification\",\"valueRequired\":true,\"valueName\":\"search_term_string\"}}],\"inLanguage\":\"pl-PL\"}]}<\/script>\n<!-- \/ Yoast SEO plugin. -->","yoast_head_json":{"title":"Studijuok Lenkijoje - Instytut Polski w Wilnie","robots":{"index":"index","follow":"follow","max-snippet":"max-snippet:-1","max-image-preview":"max-image-preview:large","max-video-preview":"max-video-preview:-1"},"canonical":"https:\/\/instytutpolski.pl\/vilnius\/pazink-lenkija\/mokslas-lenkijoje\/studijuok-lenkijoje\/","og_locale":"pl_PL","og_type":"article","og_title":"Studijuok Lenkijoje - Instytut Polski w Wilnie","og_description":"Informacij\u0105 apie studijas teikia Lenkijos nacionalin\u0117 akademini\u0173 main\u0173 agent\u016bra NAWA. Daugiau informacijos: study.gov.pl\/ Auk\u0161tojo mokslo institucijos Lenkijoje si\u016blo daugiau nei 200 magistro studij\u0173 program\u0173 angl\u0173 kalba. Programos yra prieinamos \u012fvairi\u0173 akademini\u0173 disciplin\u0173, \u012fskaitant \u017eem\u0117s \u016bkio mokslus, taip pat meno, in\u017einerijos, verslo, kalb\u0173, gamtos moksl\u0173 ir socialini\u0173 moksl\u0173 programos. Lenkijos universitetai auk\u0161tai vertinami visame pasaulyje. Pagal [&hellip;]","og_url":"https:\/\/instytutpolski.pl\/vilnius\/pazink-lenkija\/mokslas-lenkijoje\/studijuok-lenkijoje\/","og_site_name":"Instytut Polski w Wilnie","article_modified_time":"2025-06-23T07:17:56+00:00","og_image":[{"width":1920,"height":700,"url":"https:\/\/instytutpolski.pl\/vilnius\/wp-content\/uploads\/sites\/24\/2019\/06\/studiuj-w-polsce.jpg","type":"image\/jpeg"}],"twitter_card":"summary_large_image","twitter_misc":{"Szacowany czas czytania":"1 minuta"},"schema":{"@context":"https:\/\/schema.org","@graph":[{"@type":"WebPage","@id":"https:\/\/instytutpolski.pl\/vilnius\/pazink-lenkija\/mokslas-lenkijoje\/studijuok-lenkijoje\/","url":"https:\/\/instytutpolski.pl\/vilnius\/pazink-lenkija\/mokslas-lenkijoje\/studijuok-lenkijoje\/","name":"Studijuok Lenkijoje - Instytut Polski w Wilnie","isPartOf":{"@id":"https:\/\/instytutpolski.pl\/vilnius\/#website"},"primaryImageOfPage":{"@id":"https:\/\/instytutpolski.pl\/vilnius\/pazink-lenkija\/mokslas-lenkijoje\/studijuok-lenkijoje\/#primaryimage"},"image":{"@id":"https:\/\/instytutpolski.pl\/vilnius\/pazink-lenkija\/mokslas-lenkijoje\/studijuok-lenkijoje\/#primaryimage"},"thumbnailUrl":"https:\/\/instytutpolski.pl\/vilnius\/wp-content\/uploads\/sites\/24\/2019\/06\/studiuj-w-polsce.jpg","datePublished":"2019-06-27T09:05:36+00:00","dateModified":"2025-06-23T07:17:56+00:00","breadcrumb":{"@id":"https:\/\/instytutpolski.pl\/vilnius\/pazink-lenkija\/mokslas-lenkijoje\/studijuok-lenkijoje\/#breadcrumb"},"inLanguage":"pl-PL","potentialAction":[{"@type":"ReadAction","target":["https:\/\/instytutpolski.pl\/vilnius\/pazink-lenkija\/mokslas-lenkijoje\/studijuok-lenkijoje\/"]}]},{"@type":"ImageObject","inLanguage":"pl-PL","@id":"https:\/\/instytutpolski.pl\/vilnius\/pazink-lenkija\/mokslas-lenkijoje\/studijuok-lenkijoje\/#primaryimage","url":"https:\/\/instytutpolski.pl\/vilnius\/wp-content\/uploads\/sites\/24\/2019\/06\/studiuj-w-polsce.jpg","contentUrl":"https:\/\/instytutpolski.pl\/vilnius\/wp-content\/uploads\/sites\/24\/2019\/06\/studiuj-w-polsce.jpg","width":1920,"height":700},{"@type":"BreadcrumbList","@id":"https:\/\/instytutpolski.pl\/vilnius\/pazink-lenkija\/mokslas-lenkijoje\/studijuok-lenkijoje\/#breadcrumb","itemListElement":[{"@type":"ListItem","position":1,"name":"Home","item":"https:\/\/instytutpolski.pl\/vilnius\/"},{"@type":"ListItem","position":2,"name":"Pa\u017eink Lenkij\u0105","item":"https:\/\/instytutpolski.pl\/vilnius\/pazink-lenkija\/"},{"@type":"ListItem","position":3,"name":"Mokslas Lenkijoje","item":"https:\/\/instytutpolski.pl\/vilnius\/pazink-lenkija\/mokslas-lenkijoje\/"},{"@type":"ListItem","position":4,"name":"Studijuok Lenkijoje"}]},{"@type":"WebSite","@id":"https:\/\/instytutpolski.pl\/vilnius\/#website","url":"https:\/\/instytutpolski.pl\/vilnius\/","name":"Instytut Polski w Wilnie","description":"Instytuty Polskie","potentialAction":[{"@type":"SearchAction","target":{"@type":"EntryPoint","urlTemplate":"https:\/\/instytutpolski.pl\/vilnius\/?s={search_term_string}"},"query-input":{"@type":"PropertyValueSpecification","valueRequired":true,"valueName":"search_term_string"}}],"inLanguage":"pl-PL"}]}},"_links":{"self":[{"href":"https:\/\/instytutpolski.pl\/vilnius\/wp-json\/wp\/v2\/pages\/512","targetHints":{"allow":["GET"]}}],"collection":[{"href":"https:\/\/instytutpolski.pl\/vilnius\/wp-json\/wp\/v2\/pages"}],"about":[{"href":"https:\/\/instytutpolski.pl\/vilnius\/wp-json\/wp\/v2\/types\/page"}],"author":[{"embeddable":true,"href":"https:\/\/instytutpolski.pl\/vilnius\/wp-json\/wp\/v2\/users\/1"}],"replies":[{"embeddable":true,"href":"https:\/\/instytutpolski.pl\/vilnius\/wp-json\/wp\/v2\/comments?post=512"}],"version-history":[{"count":8,"href":"https:\/\/instytutpolski.pl\/vilnius\/wp-json\/wp\/v2\/pages\/512\/revisions"}],"predecessor-version":[{"id":7683,"href":"https:\/\/instytutpolski.pl\/vilnius\/wp-json\/wp\/v2\/pages\/512\/revisions\/7683"}],"up":[{"embeddable":true,"href":"https:\/\/instytutpolski.pl\/vilnius\/wp-json\/wp\/v2\/pages\/490"}],"wp:featuredmedia":[{"embeddable":true,"href":"https:\/\/instytutpolski.pl\/vilnius\/wp-json\/wp\/v2\/media\/513"}],"wp:attachment":[{"href":"https:\/\/instytutpolski.pl\/vilnius\/wp-json\/wp\/v2\/media?parent=512"}],"curies":[{"name":"wp","href":"https:\/\/api.w.org\/{rel}","templated":true}]}}