{"id":539,"date":"2019-06-27T11:08:55","date_gmt":"2019-06-27T09:08:55","guid":{"rendered":"https:\/\/instytutpolski.pl\/wilno\/?page_id=539"},"modified":"2020-01-22T11:58:00","modified_gmt":"2020-01-22T10:58:00","slug":"lektoraty-jezyka-polskiego-na-uczelniach","status":"publish","type":"page","link":"https:\/\/instytutpolski.pl\/vilnius\/pl\/jezyk-polski\/lektoraty-jezyka-polskiego-na-uczelniach\/","title":{"rendered":"Lektoraty j\u0119zyka polskiego na uczelniach"},"content":{"rendered":"\n<p><strong>Lektoraty j\u0119zyka polskiego na uczelniach Litwy<\/strong><\/p>\n<p><span style=\"color: #993300\"><strong>Uniwersytet Witolda Wielkiego<\/strong><\/span><br \/>Instytut J\u0119zyk\u00f3w Obcych<br \/>Lektorat na poziomie A1 i A2<br \/>Lektorat prowadzi \u00a0dr Irena Mik\u0142aszewicz<br \/>Informacja: <a href=\"mailto:uki@vdu.lt\">uki@vdu.lt<\/a><br \/><em>Lektorat dla student\u00f3w Uniwersytetu Witolda Wielkiego w Kownie<\/em><\/p>\n<p><strong><span style=\"color: #993300\">Wile\u0144ska Akademia Sztuk Pi\u0119knych<\/span><\/strong><br \/>Katedra Historii i Teorii Sztuki<br \/>Lektorat na poziome A1 i A2<br \/>Lektorat prowadzi Danuta Teresa Bala\u0161aitien\u0117<br \/>Informacja: <a href=\"mailto:vda@vda.lt\">vda@vda.lt<\/a>; \u00a0<a href=\"mailto:dailetyra@vda.lt\">dailetyra@vda.lt<\/a> \u00a0<br \/><em>Lektorat dla student\u00f3w ASP w Wilnie<\/em><br \/><br \/><\/p>\n","protected":false},"excerpt":{"rendered":"<p>Lektoraty j\u0119zyka polskiego na uczelniach Litwy Uniwersytet Witolda WielkiegoInstytut J\u0119zyk\u00f3w ObcychLektorat na poziomie A1 i A2Lektorat prowadzi \u00a0dr Irena Mik\u0142aszewiczInformacja: uki@vdu.ltLektorat dla student\u00f3w Uniwersytetu Witolda Wielkiego w Kownie Wile\u0144ska Akademia Sztuk Pi\u0119knychKatedra Historii i Teorii SztukiLektorat na poziome A1 i A2Lektorat prowadzi Danuta Teresa Bala\u0161aitien\u0117Informacja: vda@vda.lt; \u00a0dailetyra@vda.lt \u00a0Lektorat dla student\u00f3w ASP w Wilnie<\/p>\n","protected":false},"author":1,"featured_media":536,"parent":522,"menu_order":0,"comment_status":"closed","ping_status":"closed","template":"","meta":{"inline_featured_image":false,"_monsterinsights_skip_tracking":false,"_monsterinsights_sitenote_active":false,"_monsterinsights_sitenote_note":"","_monsterinsights_sitenote_category":0,"footnotes":""},"class_list":["post-539","page","type-page","status-publish","has-post-thumbnail","hentry"],"yoast_head":"<!-- This site is optimized with the Yoast SEO plugin v24.6 - https:\/\/yoast.com\/wordpress\/plugins\/seo\/ -->\n<title>Lektoraty j\u0119zyka polskiego na uczelniach - Instytut Polski w Wilnie<\/title>\n<meta name=\"robots\" content=\"index, follow, max-snippet:-1, max-image-preview:large, max-video-preview:-1\" \/>\n<link rel=\"canonical\" href=\"https:\/\/instytutpolski.pl\/vilnius\/pl\/jezyk-polski\/lektoraty-jezyka-polskiego-na-uczelniach\/\" \/>\n<meta property=\"og:locale\" content=\"pl_PL\" \/>\n<meta property=\"og:type\" content=\"article\" \/>\n<meta property=\"og:title\" content=\"Lektoraty j\u0119zyka polskiego na uczelniach - Instytut Polski w Wilnie\" \/>\n<meta property=\"og:description\" content=\"Lektoraty j\u0119zyka polskiego na uczelniach Litwy Uniwersytet Witolda WielkiegoInstytut J\u0119zyk\u00f3w ObcychLektorat na poziomie A1 i A2Lektorat prowadzi \u00a0dr Irena Mik\u0142aszewiczInformacja: uki@vdu.ltLektorat dla student\u00f3w Uniwersytetu Witolda Wielkiego w Kownie Wile\u0144ska Akademia Sztuk Pi\u0119knychKatedra Historii i Teorii SztukiLektorat na poziome A1 i A2Lektorat prowadzi Danuta Teresa Bala\u0161aitien\u0117Informacja: vda@vda.lt; \u00a0dailetyra@vda.lt \u00a0Lektorat dla student\u00f3w ASP w Wilnie\" \/>\n<meta property=\"og:url\" content=\"https:\/\/instytutpolski.pl\/vilnius\/pl\/jezyk-polski\/lektoraty-jezyka-polskiego-na-uczelniach\/\" \/>\n<meta property=\"og:site_name\" content=\"Instytut Polski w Wilnie\" \/>\n<meta property=\"article:modified_time\" content=\"2020-01-22T10:58:00+00:00\" \/>\n<meta property=\"og:image\" content=\"https:\/\/instytutpolski.pl\/vilnius\/wp-content\/uploads\/sites\/24\/2019\/06\/lektoraty-jezyka-polskiego.jpg\" \/>\n\t<meta property=\"og:image:width\" content=\"1920\" \/>\n\t<meta property=\"og:image:height\" content=\"700\" \/>\n\t<meta property=\"og:image:type\" content=\"image\/jpeg\" \/>\n<meta name=\"twitter:card\" content=\"summary_large_image\" \/>\n<script type=\"application\/ld+json\" class=\"yoast-schema-graph\">{\"@context\":\"https:\/\/schema.org\",\"@graph\":[{\"@type\":\"WebPage\",\"@id\":\"https:\/\/instytutpolski.pl\/vilnius\/pl\/jezyk-polski\/lektoraty-jezyka-polskiego-na-uczelniach\/\",\"url\":\"https:\/\/instytutpolski.pl\/vilnius\/pl\/jezyk-polski\/lektoraty-jezyka-polskiego-na-uczelniach\/\",\"name\":\"Lektoraty j\u0119zyka polskiego na uczelniach - Instytut Polski w Wilnie\",\"isPartOf\":{\"@id\":\"https:\/\/instytutpolski.pl\/vilnius\/#website\"},\"primaryImageOfPage\":{\"@id\":\"https:\/\/instytutpolski.pl\/vilnius\/pl\/jezyk-polski\/lektoraty-jezyka-polskiego-na-uczelniach\/#primaryimage\"},\"image\":{\"@id\":\"https:\/\/instytutpolski.pl\/vilnius\/pl\/jezyk-polski\/lektoraty-jezyka-polskiego-na-uczelniach\/#primaryimage\"},\"thumbnailUrl\":\"https:\/\/instytutpolski.pl\/vilnius\/wp-content\/uploads\/sites\/24\/2019\/06\/lektoraty-jezyka-polskiego.jpg\",\"datePublished\":\"2019-06-27T09:08:55+00:00\",\"dateModified\":\"2020-01-22T10:58:00+00:00\",\"breadcrumb\":{\"@id\":\"https:\/\/instytutpolski.pl\/vilnius\/pl\/jezyk-polski\/lektoraty-jezyka-polskiego-na-uczelniach\/#breadcrumb\"},\"inLanguage\":\"pl-PL\",\"potentialAction\":[{\"@type\":\"ReadAction\",\"target\":[\"https:\/\/instytutpolski.pl\/vilnius\/pl\/jezyk-polski\/lektoraty-jezyka-polskiego-na-uczelniach\/\"]}]},{\"@type\":\"ImageObject\",\"inLanguage\":\"pl-PL\",\"@id\":\"https:\/\/instytutpolski.pl\/vilnius\/pl\/jezyk-polski\/lektoraty-jezyka-polskiego-na-uczelniach\/#primaryimage\",\"url\":\"https:\/\/instytutpolski.pl\/vilnius\/wp-content\/uploads\/sites\/24\/2019\/06\/lektoraty-jezyka-polskiego.jpg\",\"contentUrl\":\"https:\/\/instytutpolski.pl\/vilnius\/wp-content\/uploads\/sites\/24\/2019\/06\/lektoraty-jezyka-polskiego.jpg\",\"width\":1920,\"height\":700},{\"@type\":\"BreadcrumbList\",\"@id\":\"https:\/\/instytutpolski.pl\/vilnius\/pl\/jezyk-polski\/lektoraty-jezyka-polskiego-na-uczelniach\/#breadcrumb\",\"itemListElement\":[{\"@type\":\"ListItem\",\"position\":1,\"name\":\"Home\",\"item\":\"https:\/\/instytutpolski.pl\/vilnius\/\"},{\"@type\":\"ListItem\",\"position\":2,\"name\":\"J\u0119zyk polski\",\"item\":\"https:\/\/instytutpolski.pl\/vilnius\/pl\/jezyk-polski\/\"},{\"@type\":\"ListItem\",\"position\":3,\"name\":\"Lektoraty j\u0119zyka polskiego na uczelniach\"}]},{\"@type\":\"WebSite\",\"@id\":\"https:\/\/instytutpolski.pl\/vilnius\/#website\",\"url\":\"https:\/\/instytutpolski.pl\/vilnius\/\",\"name\":\"Instytut Polski w Wilnie\",\"description\":\"Instytuty Polskie\",\"potentialAction\":[{\"@type\":\"SearchAction\",\"target\":{\"@type\":\"EntryPoint\",\"urlTemplate\":\"https:\/\/instytutpolski.pl\/vilnius\/?s={search_term_string}\"},\"query-input\":{\"@type\":\"PropertyValueSpecification\",\"valueRequired\":true,\"valueName\":\"search_term_string\"}}],\"inLanguage\":\"pl-PL\"}]}<\/script>\n<!-- \/ Yoast SEO plugin. -->","yoast_head_json":{"title":"Lektoraty j\u0119zyka polskiego na uczelniach - Instytut Polski w Wilnie","robots":{"index":"index","follow":"follow","max-snippet":"max-snippet:-1","max-image-preview":"max-image-preview:large","max-video-preview":"max-video-preview:-1"},"canonical":"https:\/\/instytutpolski.pl\/vilnius\/pl\/jezyk-polski\/lektoraty-jezyka-polskiego-na-uczelniach\/","og_locale":"pl_PL","og_type":"article","og_title":"Lektoraty j\u0119zyka polskiego na uczelniach - Instytut Polski w Wilnie","og_description":"Lektoraty j\u0119zyka polskiego na uczelniach Litwy Uniwersytet Witolda WielkiegoInstytut J\u0119zyk\u00f3w ObcychLektorat na poziomie A1 i A2Lektorat prowadzi \u00a0dr Irena Mik\u0142aszewiczInformacja: uki@vdu.ltLektorat dla student\u00f3w Uniwersytetu Witolda Wielkiego w Kownie Wile\u0144ska Akademia Sztuk Pi\u0119knychKatedra Historii i Teorii SztukiLektorat na poziome A1 i A2Lektorat prowadzi Danuta Teresa Bala\u0161aitien\u0117Informacja: vda@vda.lt; \u00a0dailetyra@vda.lt \u00a0Lektorat dla student\u00f3w ASP w Wilnie","og_url":"https:\/\/instytutpolski.pl\/vilnius\/pl\/jezyk-polski\/lektoraty-jezyka-polskiego-na-uczelniach\/","og_site_name":"Instytut Polski w Wilnie","article_modified_time":"2020-01-22T10:58:00+00:00","og_image":[{"width":1920,"height":700,"url":"https:\/\/instytutpolski.pl\/vilnius\/wp-content\/uploads\/sites\/24\/2019\/06\/lektoraty-jezyka-polskiego.jpg","type":"image\/jpeg"}],"twitter_card":"summary_large_image","schema":{"@context":"https:\/\/schema.org","@graph":[{"@type":"WebPage","@id":"https:\/\/instytutpolski.pl\/vilnius\/pl\/jezyk-polski\/lektoraty-jezyka-polskiego-na-uczelniach\/","url":"https:\/\/instytutpolski.pl\/vilnius\/pl\/jezyk-polski\/lektoraty-jezyka-polskiego-na-uczelniach\/","name":"Lektoraty j\u0119zyka polskiego na uczelniach - Instytut Polski w Wilnie","isPartOf":{"@id":"https:\/\/instytutpolski.pl\/vilnius\/#website"},"primaryImageOfPage":{"@id":"https:\/\/instytutpolski.pl\/vilnius\/pl\/jezyk-polski\/lektoraty-jezyka-polskiego-na-uczelniach\/#primaryimage"},"image":{"@id":"https:\/\/instytutpolski.pl\/vilnius\/pl\/jezyk-polski\/lektoraty-jezyka-polskiego-na-uczelniach\/#primaryimage"},"thumbnailUrl":"https:\/\/instytutpolski.pl\/vilnius\/wp-content\/uploads\/sites\/24\/2019\/06\/lektoraty-jezyka-polskiego.jpg","datePublished":"2019-06-27T09:08:55+00:00","dateModified":"2020-01-22T10:58:00+00:00","breadcrumb":{"@id":"https:\/\/instytutpolski.pl\/vilnius\/pl\/jezyk-polski\/lektoraty-jezyka-polskiego-na-uczelniach\/#breadcrumb"},"inLanguage":"pl-PL","potentialAction":[{"@type":"ReadAction","target":["https:\/\/instytutpolski.pl\/vilnius\/pl\/jezyk-polski\/lektoraty-jezyka-polskiego-na-uczelniach\/"]}]},{"@type":"ImageObject","inLanguage":"pl-PL","@id":"https:\/\/instytutpolski.pl\/vilnius\/pl\/jezyk-polski\/lektoraty-jezyka-polskiego-na-uczelniach\/#primaryimage","url":"https:\/\/instytutpolski.pl\/vilnius\/wp-content\/uploads\/sites\/24\/2019\/06\/lektoraty-jezyka-polskiego.jpg","contentUrl":"https:\/\/instytutpolski.pl\/vilnius\/wp-content\/uploads\/sites\/24\/2019\/06\/lektoraty-jezyka-polskiego.jpg","width":1920,"height":700},{"@type":"BreadcrumbList","@id":"https:\/\/instytutpolski.pl\/vilnius\/pl\/jezyk-polski\/lektoraty-jezyka-polskiego-na-uczelniach\/#breadcrumb","itemListElement":[{"@type":"ListItem","position":1,"name":"Home","item":"https:\/\/instytutpolski.pl\/vilnius\/"},{"@type":"ListItem","position":2,"name":"J\u0119zyk polski","item":"https:\/\/instytutpolski.pl\/vilnius\/pl\/jezyk-polski\/"},{"@type":"ListItem","position":3,"name":"Lektoraty j\u0119zyka polskiego na uczelniach"}]},{"@type":"WebSite","@id":"https:\/\/instytutpolski.pl\/vilnius\/#website","url":"https:\/\/instytutpolski.pl\/vilnius\/","name":"Instytut Polski w Wilnie","description":"Instytuty Polskie","potentialAction":[{"@type":"SearchAction","target":{"@type":"EntryPoint","urlTemplate":"https:\/\/instytutpolski.pl\/vilnius\/?s={search_term_string}"},"query-input":{"@type":"PropertyValueSpecification","valueRequired":true,"valueName":"search_term_string"}}],"inLanguage":"pl-PL"}]}},"_links":{"self":[{"href":"https:\/\/instytutpolski.pl\/vilnius\/wp-json\/wp\/v2\/pages\/539","targetHints":{"allow":["GET"]}}],"collection":[{"href":"https:\/\/instytutpolski.pl\/vilnius\/wp-json\/wp\/v2\/pages"}],"about":[{"href":"https:\/\/instytutpolski.pl\/vilnius\/wp-json\/wp\/v2\/types\/page"}],"author":[{"embeddable":true,"href":"https:\/\/instytutpolski.pl\/vilnius\/wp-json\/wp\/v2\/users\/1"}],"replies":[{"embeddable":true,"href":"https:\/\/instytutpolski.pl\/vilnius\/wp-json\/wp\/v2\/comments?post=539"}],"version-history":[{"count":2,"href":"https:\/\/instytutpolski.pl\/vilnius\/wp-json\/wp\/v2\/pages\/539\/revisions"}],"predecessor-version":[{"id":892,"href":"https:\/\/instytutpolski.pl\/vilnius\/wp-json\/wp\/v2\/pages\/539\/revisions\/892"}],"up":[{"embeddable":true,"href":"https:\/\/instytutpolski.pl\/vilnius\/wp-json\/wp\/v2\/pages\/522"}],"wp:featuredmedia":[{"embeddable":true,"href":"https:\/\/instytutpolski.pl\/vilnius\/wp-json\/wp\/v2\/media\/536"}],"wp:attachment":[{"href":"https:\/\/instytutpolski.pl\/vilnius\/wp-json\/wp\/v2\/media?parent=539"}],"curies":[{"name":"wp","href":"https:\/\/api.w.org\/{rel}","templated":true}]}}