{"id":551,"date":"2019-06-27T11:10:58","date_gmt":"2019-06-27T09:10:58","guid":{"rendered":"https:\/\/instytutpolski.pl\/wilno\/?page_id=551"},"modified":"2023-02-08T10:55:55","modified_gmt":"2023-02-08T09:55:55","slug":"certyfikacja-znajomosci-jezyka-polskiego","status":"publish","type":"page","link":"https:\/\/instytutpolski.pl\/vilnius\/lenku-kalba\/certyfikacja-znajomosci-jezyka-polskiego\/","title":{"rendered":"Lenk\u0173 kalbos sertifikatas"},"content":{"rendered":"\n<p><strong>Lenk\u0173 kaip u\u017esienio kalbos sertifikavimo egzaminai<\/strong><\/p>\n<p>2022 m. Vilniaus universiteto Filologijos fakultetas prisijung\u0117 prie elitin\u0117s centr\u0173, turin\u010di\u0173 teis\u0119 vykdyti sertifikavimo egzaminus, grup\u0117s.<\/p>\n<p>Lenk\u0173 kaip u\u017esienio kalbos sertifikatas \u2013 vienintelis Lenkijoje pripa\u017e\u012fstamas dokumentas, patvirtinantis lenk\u0173 kalbos mok\u0117jim\u0105. Egzamin\u0105 laiko asmenys, norintys dokumentuoti savo lenk\u0173 kalbos mok\u0117jimo lyg\u012f. Sertifikatas \u2013 tai dokumentas, kur\u012f stengiasi gauti ne tik u\u017esienie\u010diai, siekiantys Lenkijos pilietyb\u0117s, bet ir b\u016bsimi Lenkijos auk\u0161t\u0173j\u0173 mokykl\u0173 studentai bei \u017emon\u0117s, norintys dirbti Lenkijoje. Taip pat sertifikatu pasir\u016bpina ir u\u017esienyje gyvenantys lenkai, kurie pasaulin\u0117je darbo rinkoje lenk\u0173 kalb\u0105 laiko dideliu privalumu. Vis da\u017eniau kalbos mok\u0117jimo sertifikato reikalaujama i\u0161 Lenkijoje \u012fsidarbinan\u010di\u0173 u\u017esienie\u010di\u0173, kuriems darbe teks vartot\u012f lenk\u0173 kalb\u0105, pvz., sveikatos apsaugos ar valstybin\u0117se institucijose. Be to, sertifikat\u0105 \u012fsigyja Lenkijoje studijuojantys u\u017esienio studentai bei u\u017esienie\u010diai, norintys patekti \u012f Lenkijos auk\u0161t\u0105sias mokyklas. Turintiems sertifikat\u0105 ir planuojantiems t\u0119sti mokslus Lenkijoje prie\u0161 studijas nereikia lankyti paruo\u0161iam\u0173j\u0173 kalbos kurs\u0173.<\/p>\n<p>Per 2023 metais planuojamas vykdyti egzamin\u0173 sesijas norintieji tur\u0117s galimyb\u0119 gauti sertifikat\u0105, patvirtinant\u012f lenk\u0173 kalbos mok\u0117jim\u0105 B1, B2, C1 ar C2 lygiu. Srtifikavimo egzaminas atitinka Bendr\u0173j\u0173 Europos kalb\u0173 metmen\u0173 gaires (<a href=\"https:\/\/europa.eu\/europass\/pl\/common-european-framework-reference-language-skills\">https:\/\/europa.eu\/europass\/pl\/common-european-framework-reference-language-skills<\/a>). Per egzamin\u0105 bus tikrinami ir vertinami pagrindiniai kalbos \u012fg\u016bd\u017eiai: klausymosi supratimas, gramatinis teisingumas, ra\u0161ytini\u0173 tekst\u0173 supratimas, ra\u0161ymas ir kalb\u0117jimas. Egzamin\u0105 sudaro dvi dalys: ra\u0161tu ir \u017eod\u017eiu. Egzamin\u0105 gali laikyti bet kuris suaug\u0119s asmuo (egzamino dien\u0105 sulauk\u0119s 18 met\u0173), kuris yra u\u017esienietis arba Lenkijos pilietis, nuolat gyvenantis u\u017esienyje (turintis dokument\u0105, patvirtinant\u012f u\u017esienio adres\u0105). Nepilname\u010diai (14\u201317 met\u0173) taip pat gali laikyti egzamin\u0105, jei turi ra\u0161ti\u0161k\u0105 t\u0117v\u0173 ar glob\u0117j\u0173 sutikim\u0105.<\/p>\n<p>Daugiau informacijos:\u00a0<a href=\"https:\/\/www.flf.vu.lt\/lenku-kalbos-sertifikacija\">https:\/\/www.flf.vu.lt\/lenku-kalbos-sertifikacija<\/a><\/p>\n<p><a href=\"https:\/\/europa.eu\/europass\/pl\/common-european-framework-reference-language-skills\">https:\/\/europa.eu\/europass\/pl\/common-european-framework-reference-language-skills<\/a><\/p>\n<ul>\n<li><a href=\"http:\/\/certyfikatpolski.pl\/\">http:\/\/certyfikatpolski.pl\/<\/a><\/li>\n<li><a href=\"https:\/\/www.swps.pl\/oferta\/warszawa\/certyfikat-jezyka-polskiego\">https:\/\/www.swps.pl\/oferta\/warszawa\/certyfikat-jezyka-polskiego<\/a><\/li>\n<li><a href=\"http:\/\/polonicum.uw.edu.pl\/panstwowe-egzaminy-certyfikatowe\">http:\/\/polonicum.uw.edu.pl\/panstwowe-egzaminy-certyfikatowe<\/a><\/li>\n<li><a href=\"https:\/\/www.umcs.pl\/pl\/egzamin-certyfikatowy-z-jezyka-polskiego-jako-obcego,10715.htm\">https:\/\/www.umcs.pl\/pl\/egzamin-certyfikatowy-z-jezyka-polskiego-jako-obcego,10715.htm<\/a><\/li>\n<li><a href=\"http:\/\/linguaemundi.pl\/pl\/certyfikacja\/egzamin-certyfikatowy-z-jezyka-polskiego-jako-obcego\/\">http:\/\/linguaemundi.pl\/pl\/certyfikacja\/egzamin-certyfikatowy-z-jezyka-polskiego-jako-obcego\/<\/a><\/li>\n<\/ul>\n","protected":false},"excerpt":{"rendered":"<p>Lenk\u0173 kaip u\u017esienio kalbos sertifikavimo egzaminai 2022 m. Vilniaus universiteto Filologijos fakultetas prisijung\u0117 prie elitin\u0117s centr\u0173, turin\u010di\u0173 teis\u0119 vykdyti sertifikavimo egzaminus, grup\u0117s. Lenk\u0173 kaip u\u017esienio kalbos sertifikatas \u2013 vienintelis Lenkijoje pripa\u017e\u012fstamas dokumentas, patvirtinantis lenk\u0173 kalbos mok\u0117jim\u0105. Egzamin\u0105 laiko asmenys, norintys dokumentuoti savo lenk\u0173 kalbos mok\u0117jimo lyg\u012f. Sertifikatas \u2013 tai dokumentas, kur\u012f stengiasi gauti ne tik [&hellip;]<\/p>\n","protected":false},"author":1,"featured_media":548,"parent":518,"menu_order":0,"comment_status":"closed","ping_status":"closed","template":"","meta":{"inline_featured_image":false,"_monsterinsights_skip_tracking":false,"_monsterinsights_sitenote_active":false,"_monsterinsights_sitenote_note":"","_monsterinsights_sitenote_category":0,"footnotes":""},"class_list":["post-551","page","type-page","status-publish","has-post-thumbnail","hentry"],"yoast_head":"<!-- This site is optimized with the Yoast SEO plugin v24.6 - https:\/\/yoast.com\/wordpress\/plugins\/seo\/ -->\n<title>Lenk\u0173 kalbos sertifikatas - Instytut Polski w Wilnie<\/title>\n<meta name=\"robots\" content=\"index, follow, max-snippet:-1, max-image-preview:large, max-video-preview:-1\" \/>\n<link rel=\"canonical\" href=\"https:\/\/instytutpolski.pl\/vilnius\/lenku-kalba\/certyfikacja-znajomosci-jezyka-polskiego\/\" \/>\n<meta property=\"og:locale\" content=\"pl_PL\" \/>\n<meta property=\"og:type\" content=\"article\" \/>\n<meta property=\"og:title\" content=\"Lenk\u0173 kalbos sertifikatas - Instytut Polski w Wilnie\" \/>\n<meta property=\"og:description\" content=\"Lenk\u0173 kaip u\u017esienio kalbos sertifikavimo egzaminai 2022 m. Vilniaus universiteto Filologijos fakultetas prisijung\u0117 prie elitin\u0117s centr\u0173, turin\u010di\u0173 teis\u0119 vykdyti sertifikavimo egzaminus, grup\u0117s. Lenk\u0173 kaip u\u017esienio kalbos sertifikatas \u2013 vienintelis Lenkijoje pripa\u017e\u012fstamas dokumentas, patvirtinantis lenk\u0173 kalbos mok\u0117jim\u0105. Egzamin\u0105 laiko asmenys, norintys dokumentuoti savo lenk\u0173 kalbos mok\u0117jimo lyg\u012f. Sertifikatas \u2013 tai dokumentas, kur\u012f stengiasi gauti ne tik [&hellip;]\" \/>\n<meta property=\"og:url\" content=\"https:\/\/instytutpolski.pl\/vilnius\/lenku-kalba\/certyfikacja-znajomosci-jezyka-polskiego\/\" \/>\n<meta property=\"og:site_name\" content=\"Instytut Polski w Wilnie\" \/>\n<meta property=\"article:modified_time\" content=\"2023-02-08T09:55:55+00:00\" \/>\n<meta property=\"og:image\" content=\"https:\/\/instytutpolski.pl\/vilnius\/wp-content\/uploads\/sites\/24\/2019\/06\/certyfikacja-znajomosci.jpg\" \/>\n\t<meta property=\"og:image:width\" content=\"1920\" \/>\n\t<meta property=\"og:image:height\" content=\"700\" \/>\n\t<meta property=\"og:image:type\" content=\"image\/jpeg\" \/>\n<meta name=\"twitter:card\" content=\"summary_large_image\" \/>\n<meta name=\"twitter:label1\" content=\"Szacowany czas czytania\" \/>\n\t<meta name=\"twitter:data1\" content=\"2 minuty\" \/>\n<script type=\"application\/ld+json\" class=\"yoast-schema-graph\">{\"@context\":\"https:\/\/schema.org\",\"@graph\":[{\"@type\":\"WebPage\",\"@id\":\"https:\/\/instytutpolski.pl\/vilnius\/lenku-kalba\/certyfikacja-znajomosci-jezyka-polskiego\/\",\"url\":\"https:\/\/instytutpolski.pl\/vilnius\/lenku-kalba\/certyfikacja-znajomosci-jezyka-polskiego\/\",\"name\":\"Lenk\u0173 kalbos sertifikatas - Instytut Polski w Wilnie\",\"isPartOf\":{\"@id\":\"https:\/\/instytutpolski.pl\/vilnius\/#website\"},\"primaryImageOfPage\":{\"@id\":\"https:\/\/instytutpolski.pl\/vilnius\/lenku-kalba\/certyfikacja-znajomosci-jezyka-polskiego\/#primaryimage\"},\"image\":{\"@id\":\"https:\/\/instytutpolski.pl\/vilnius\/lenku-kalba\/certyfikacja-znajomosci-jezyka-polskiego\/#primaryimage\"},\"thumbnailUrl\":\"https:\/\/instytutpolski.pl\/vilnius\/wp-content\/uploads\/sites\/24\/2019\/06\/certyfikacja-znajomosci.jpg\",\"datePublished\":\"2019-06-27T09:10:58+00:00\",\"dateModified\":\"2023-02-08T09:55:55+00:00\",\"breadcrumb\":{\"@id\":\"https:\/\/instytutpolski.pl\/vilnius\/lenku-kalba\/certyfikacja-znajomosci-jezyka-polskiego\/#breadcrumb\"},\"inLanguage\":\"pl-PL\",\"potentialAction\":[{\"@type\":\"ReadAction\",\"target\":[\"https:\/\/instytutpolski.pl\/vilnius\/lenku-kalba\/certyfikacja-znajomosci-jezyka-polskiego\/\"]}]},{\"@type\":\"ImageObject\",\"inLanguage\":\"pl-PL\",\"@id\":\"https:\/\/instytutpolski.pl\/vilnius\/lenku-kalba\/certyfikacja-znajomosci-jezyka-polskiego\/#primaryimage\",\"url\":\"https:\/\/instytutpolski.pl\/vilnius\/wp-content\/uploads\/sites\/24\/2019\/06\/certyfikacja-znajomosci.jpg\",\"contentUrl\":\"https:\/\/instytutpolski.pl\/vilnius\/wp-content\/uploads\/sites\/24\/2019\/06\/certyfikacja-znajomosci.jpg\",\"width\":1920,\"height\":700},{\"@type\":\"BreadcrumbList\",\"@id\":\"https:\/\/instytutpolski.pl\/vilnius\/lenku-kalba\/certyfikacja-znajomosci-jezyka-polskiego\/#breadcrumb\",\"itemListElement\":[{\"@type\":\"ListItem\",\"position\":1,\"name\":\"Home\",\"item\":\"https:\/\/instytutpolski.pl\/vilnius\/\"},{\"@type\":\"ListItem\",\"position\":2,\"name\":\"Lenk\u0173 kalba\",\"item\":\"https:\/\/instytutpolski.pl\/vilnius\/lenku-kalba\/\"},{\"@type\":\"ListItem\",\"position\":3,\"name\":\"Lenk\u0173 kalbos sertifikatas\"}]},{\"@type\":\"WebSite\",\"@id\":\"https:\/\/instytutpolski.pl\/vilnius\/#website\",\"url\":\"https:\/\/instytutpolski.pl\/vilnius\/\",\"name\":\"Instytut Polski w Wilnie\",\"description\":\"Instytuty Polskie\",\"potentialAction\":[{\"@type\":\"SearchAction\",\"target\":{\"@type\":\"EntryPoint\",\"urlTemplate\":\"https:\/\/instytutpolski.pl\/vilnius\/?s={search_term_string}\"},\"query-input\":{\"@type\":\"PropertyValueSpecification\",\"valueRequired\":true,\"valueName\":\"search_term_string\"}}],\"inLanguage\":\"pl-PL\"}]}<\/script>\n<!-- \/ Yoast SEO plugin. -->","yoast_head_json":{"title":"Lenk\u0173 kalbos sertifikatas - Instytut Polski w Wilnie","robots":{"index":"index","follow":"follow","max-snippet":"max-snippet:-1","max-image-preview":"max-image-preview:large","max-video-preview":"max-video-preview:-1"},"canonical":"https:\/\/instytutpolski.pl\/vilnius\/lenku-kalba\/certyfikacja-znajomosci-jezyka-polskiego\/","og_locale":"pl_PL","og_type":"article","og_title":"Lenk\u0173 kalbos sertifikatas - Instytut Polski w Wilnie","og_description":"Lenk\u0173 kaip u\u017esienio kalbos sertifikavimo egzaminai 2022 m. Vilniaus universiteto Filologijos fakultetas prisijung\u0117 prie elitin\u0117s centr\u0173, turin\u010di\u0173 teis\u0119 vykdyti sertifikavimo egzaminus, grup\u0117s. Lenk\u0173 kaip u\u017esienio kalbos sertifikatas \u2013 vienintelis Lenkijoje pripa\u017e\u012fstamas dokumentas, patvirtinantis lenk\u0173 kalbos mok\u0117jim\u0105. Egzamin\u0105 laiko asmenys, norintys dokumentuoti savo lenk\u0173 kalbos mok\u0117jimo lyg\u012f. Sertifikatas \u2013 tai dokumentas, kur\u012f stengiasi gauti ne tik [&hellip;]","og_url":"https:\/\/instytutpolski.pl\/vilnius\/lenku-kalba\/certyfikacja-znajomosci-jezyka-polskiego\/","og_site_name":"Instytut Polski w Wilnie","article_modified_time":"2023-02-08T09:55:55+00:00","og_image":[{"width":1920,"height":700,"url":"https:\/\/instytutpolski.pl\/vilnius\/wp-content\/uploads\/sites\/24\/2019\/06\/certyfikacja-znajomosci.jpg","type":"image\/jpeg"}],"twitter_card":"summary_large_image","twitter_misc":{"Szacowany czas czytania":"2 minuty"},"schema":{"@context":"https:\/\/schema.org","@graph":[{"@type":"WebPage","@id":"https:\/\/instytutpolski.pl\/vilnius\/lenku-kalba\/certyfikacja-znajomosci-jezyka-polskiego\/","url":"https:\/\/instytutpolski.pl\/vilnius\/lenku-kalba\/certyfikacja-znajomosci-jezyka-polskiego\/","name":"Lenk\u0173 kalbos sertifikatas - Instytut Polski w Wilnie","isPartOf":{"@id":"https:\/\/instytutpolski.pl\/vilnius\/#website"},"primaryImageOfPage":{"@id":"https:\/\/instytutpolski.pl\/vilnius\/lenku-kalba\/certyfikacja-znajomosci-jezyka-polskiego\/#primaryimage"},"image":{"@id":"https:\/\/instytutpolski.pl\/vilnius\/lenku-kalba\/certyfikacja-znajomosci-jezyka-polskiego\/#primaryimage"},"thumbnailUrl":"https:\/\/instytutpolski.pl\/vilnius\/wp-content\/uploads\/sites\/24\/2019\/06\/certyfikacja-znajomosci.jpg","datePublished":"2019-06-27T09:10:58+00:00","dateModified":"2023-02-08T09:55:55+00:00","breadcrumb":{"@id":"https:\/\/instytutpolski.pl\/vilnius\/lenku-kalba\/certyfikacja-znajomosci-jezyka-polskiego\/#breadcrumb"},"inLanguage":"pl-PL","potentialAction":[{"@type":"ReadAction","target":["https:\/\/instytutpolski.pl\/vilnius\/lenku-kalba\/certyfikacja-znajomosci-jezyka-polskiego\/"]}]},{"@type":"ImageObject","inLanguage":"pl-PL","@id":"https:\/\/instytutpolski.pl\/vilnius\/lenku-kalba\/certyfikacja-znajomosci-jezyka-polskiego\/#primaryimage","url":"https:\/\/instytutpolski.pl\/vilnius\/wp-content\/uploads\/sites\/24\/2019\/06\/certyfikacja-znajomosci.jpg","contentUrl":"https:\/\/instytutpolski.pl\/vilnius\/wp-content\/uploads\/sites\/24\/2019\/06\/certyfikacja-znajomosci.jpg","width":1920,"height":700},{"@type":"BreadcrumbList","@id":"https:\/\/instytutpolski.pl\/vilnius\/lenku-kalba\/certyfikacja-znajomosci-jezyka-polskiego\/#breadcrumb","itemListElement":[{"@type":"ListItem","position":1,"name":"Home","item":"https:\/\/instytutpolski.pl\/vilnius\/"},{"@type":"ListItem","position":2,"name":"Lenk\u0173 kalba","item":"https:\/\/instytutpolski.pl\/vilnius\/lenku-kalba\/"},{"@type":"ListItem","position":3,"name":"Lenk\u0173 kalbos sertifikatas"}]},{"@type":"WebSite","@id":"https:\/\/instytutpolski.pl\/vilnius\/#website","url":"https:\/\/instytutpolski.pl\/vilnius\/","name":"Instytut Polski w Wilnie","description":"Instytuty Polskie","potentialAction":[{"@type":"SearchAction","target":{"@type":"EntryPoint","urlTemplate":"https:\/\/instytutpolski.pl\/vilnius\/?s={search_term_string}"},"query-input":{"@type":"PropertyValueSpecification","valueRequired":true,"valueName":"search_term_string"}}],"inLanguage":"pl-PL"}]}},"_links":{"self":[{"href":"https:\/\/instytutpolski.pl\/vilnius\/wp-json\/wp\/v2\/pages\/551","targetHints":{"allow":["GET"]}}],"collection":[{"href":"https:\/\/instytutpolski.pl\/vilnius\/wp-json\/wp\/v2\/pages"}],"about":[{"href":"https:\/\/instytutpolski.pl\/vilnius\/wp-json\/wp\/v2\/types\/page"}],"author":[{"embeddable":true,"href":"https:\/\/instytutpolski.pl\/vilnius\/wp-json\/wp\/v2\/users\/1"}],"replies":[{"embeddable":true,"href":"https:\/\/instytutpolski.pl\/vilnius\/wp-json\/wp\/v2\/comments?post=551"}],"version-history":[{"count":4,"href":"https:\/\/instytutpolski.pl\/vilnius\/wp-json\/wp\/v2\/pages\/551\/revisions"}],"predecessor-version":[{"id":4676,"href":"https:\/\/instytutpolski.pl\/vilnius\/wp-json\/wp\/v2\/pages\/551\/revisions\/4676"}],"up":[{"embeddable":true,"href":"https:\/\/instytutpolski.pl\/vilnius\/wp-json\/wp\/v2\/pages\/518"}],"wp:featuredmedia":[{"embeddable":true,"href":"https:\/\/instytutpolski.pl\/vilnius\/wp-json\/wp\/v2\/media\/548"}],"wp:attachment":[{"href":"https:\/\/instytutpolski.pl\/vilnius\/wp-json\/wp\/v2\/media?parent=551"}],"curies":[{"name":"wp","href":"https:\/\/api.w.org\/{rel}","templated":true}]}}