{"id":602,"date":"2019-06-27T11:16:28","date_gmt":"2019-06-27T09:16:28","guid":{"rendered":"https:\/\/instytutpolski.pl\/wilno\/?page_id=602"},"modified":"2026-01-09T10:30:08","modified_gmt":"2026-01-09T09:30:08","slug":"atsisiusti","status":"publish","type":"page","link":"https:\/\/instytutpolski.pl\/vilnius\/apie-lenkijos-instituta\/atsisiusti\/","title":{"rendered":"Atsisi\u0173sti"},"content":{"rendered":"\n<p><strong>Lenkijos instituto logotipas<\/strong><\/p>\n\n\n\n<figure class=\"wp-block-image size-full is-resized\"><img loading=\"lazy\" decoding=\"async\" width=\"300\" height=\"195\" src=\"https:\/\/instytutpolski.pl\/vilnius\/wp-content\/uploads\/sites\/24\/2026\/01\/raudonas-1.png\" alt=\"\" class=\"wp-image-8397\" style=\"width:108px;height:auto\" \/><\/figure>\n\n\n\n<div class=\"wp-block-file\"><a id=\"wp-block-file--media-c1c5d37b-0a3b-4982-9a63-10185859b6f9\" href=\"https:\/\/instytutpolski.pl\/vilnius\/wp-content\/uploads\/sites\/24\/2026\/01\/raudonas.png\">Raudonas<\/a><a href=\"https:\/\/instytutpolski.pl\/vilnius\/wp-content\/uploads\/sites\/24\/2026\/01\/raudonas.png\" class=\"wp-block-file__button wp-element-button\" download aria-describedby=\"wp-block-file--media-c1c5d37b-0a3b-4982-9a63-10185859b6f9\">Atsisi\u0173sti<\/a><\/div>\n\n\n\n<div class=\"wp-block-file\"><a id=\"wp-block-file--media-3a548d71-6b14-4944-9b84-003617aa14f1\" href=\"https:\/\/instytutpolski.pl\/vilnius\/wp-content\/uploads\/sites\/24\/2026\/01\/juodas.png\">Juodas<\/a><a href=\"https:\/\/instytutpolski.pl\/vilnius\/wp-content\/uploads\/sites\/24\/2026\/01\/juodas.png\" class=\"wp-block-file__button wp-element-button\" download aria-describedby=\"wp-block-file--media-3a548d71-6b14-4944-9b84-003617aa14f1\">Atsisi\u0173sti<\/a><\/div>\n\n\n\n<div class=\"wp-block-file\"><a id=\"wp-block-file--media-858f2e36-5e60-4f68-9dee-10943320528c\" href=\"https:\/\/instytutpolski.pl\/vilnius\/wp-content\/uploads\/sites\/24\/2026\/01\/baltas.png\">Baltas<\/a><a href=\"https:\/\/instytutpolski.pl\/vilnius\/wp-content\/uploads\/sites\/24\/2026\/01\/baltas.png\" class=\"wp-block-file__button wp-element-button\" download aria-describedby=\"wp-block-file--media-858f2e36-5e60-4f68-9dee-10943320528c\">Atsisi\u0173sti<\/a><\/div>\n\n\n\n<div class=\"wp-block-file\"><a id=\"wp-block-file--media-7683da56-62a6-475e-963d-9f6a452490ed\" href=\"https:\/\/instytutpolski.pl\/vilnius\/wp-content\/uploads\/sites\/24\/2026\/01\/LOGO-IP-WILNO-PL-LT-JPG.jpg\">Dvikalbis (PL &#8211; LT)<\/a><a href=\"https:\/\/instytutpolski.pl\/vilnius\/wp-content\/uploads\/sites\/24\/2026\/01\/LOGO-IP-WILNO-PL-LT-JPG.jpg\" class=\"wp-block-file__button wp-element-button\" download aria-describedby=\"wp-block-file--media-7683da56-62a6-475e-963d-9f6a452490ed\">Atsisi\u0173sti<\/a><\/div>\n\n\n\n<div style=\"height:69px\" aria-hidden=\"true\" class=\"wp-block-spacer\"><\/div>\n\n\n\n<p><strong>Paroda \u201ePoland in Space \u2013 misija IGNIS\u201c<\/strong><\/p>\n\n\n\n<figure class=\"wp-block-image size-full is-resized\"><img loading=\"lazy\" decoding=\"async\" width=\"679\" height=\"936\" src=\"https:\/\/instytutpolski.pl\/vilnius\/wp-content\/uploads\/sites\/24\/2025\/11\/Przechwytywanie.png\" alt=\"\" class=\"wp-image-8299\" style=\"width:201px;height:auto\" srcset=\"https:\/\/instytutpolski.pl\/vilnius\/wp-content\/uploads\/sites\/24\/2025\/11\/Przechwytywanie.png 679w, https:\/\/instytutpolski.pl\/vilnius\/wp-content\/uploads\/sites\/24\/2025\/11\/Przechwytywanie-218x300.png 218w\" sizes=\"auto, (max-width: 679px) 100vw, 679px\" \/><\/figure>\n\n\n\n<div class=\"wp-block-group\"><div class=\"wp-block-group__inner-container is-layout-constrained wp-block-group-is-layout-constrained\">\n<div class=\"wp-block-file\"><a id=\"wp-block-file--media-32e89111-bcb5-4756-a496-4c62b48a2943\" href=\"https:\/\/instytutpolski.pl\/vilnius\/wp-content\/uploads\/sites\/24\/2025\/11\/IGNIS.pdf\">IGNIS<\/a><a href=\"https:\/\/instytutpolski.pl\/vilnius\/wp-content\/uploads\/sites\/24\/2025\/11\/IGNIS.pdf\" class=\"wp-block-file__button wp-element-button\" download aria-describedby=\"wp-block-file--media-32e89111-bcb5-4756-a496-4c62b48a2943\">Atsisi\u0173sti<\/a><\/div>\n<\/div><\/div>\n\n\n\n<div style=\"height:62px\" aria-hidden=\"true\" class=\"wp-block-spacer\"><\/div>\n\n\n\n<p><span style=\"color: #000000\"><strong>Parodos \u201eLenkijos Respublikos ambasadorius Japonijoje Tadeusz Romer ir \u017eydai karo pab\u0117g\u0117liai Tolimuosiuose Rytuose\u201c katalogas<\/strong><\/span><\/p>\n\n\n\n<figure class=\"wp-block-image size-full is-resized\"><img loading=\"lazy\" decoding=\"async\" width=\"585\" height=\"835\" src=\"https:\/\/instytutpolski.pl\/vilnius\/wp-content\/uploads\/sites\/24\/2024\/05\/romer-1.png\" alt=\"\" class=\"wp-image-6127\" style=\"width:201px;height:auto\" srcset=\"https:\/\/instytutpolski.pl\/vilnius\/wp-content\/uploads\/sites\/24\/2024\/05\/romer-1.png 585w, https:\/\/instytutpolski.pl\/vilnius\/wp-content\/uploads\/sites\/24\/2024\/05\/romer-1-210x300.png 210w\" sizes=\"auto, (max-width: 585px) 100vw, 585px\" \/><\/figure>\n\n\n\n<div class=\"wp-block-file\"><a id=\"wp-block-file--media-54471627-be79-4c81-8f5c-d06bb1ec5110\" href=\"https:\/\/instytutpolski.pl\/vilnius\/wp-content\/uploads\/sites\/24\/2024\/05\/20190115-Tadeusz-Romer-brochure-2.pdf\">Tadeusz Romer<\/a><a href=\"https:\/\/instytutpolski.pl\/vilnius\/wp-content\/uploads\/sites\/24\/2024\/05\/20190115-Tadeusz-Romer-brochure-2.pdf\" class=\"wp-block-file__button wp-element-button\" download aria-describedby=\"wp-block-file--media-54471627-be79-4c81-8f5c-d06bb1ec5110\">Atsisi\u0173sti<\/a><\/div>\n\n\n\n<div style=\"height:50px\" aria-hidden=\"true\" class=\"wp-block-spacer\"><\/div>\n\n\n\n<p><span style=\"color: #000000\"><strong>Lenkijos instituto Vilniuje iniciatyva, 2019 m. kov\u0105 Lietuvoje i\u0161leista i\u0161skirtin\u0117 dvikalb\u0117 knyga \u201eTaip dabar elgiasi teisingieji. \u017dydus gelb\u0117j\u0119 Vilniaus kra\u0161to lenkai\u201c. Knygos autor\u0117 Ilona Lewandowska, fotografas Bartosz Fr\u0105tczak. Knyga siekiama i\u0161saugoti atmint\u012f apie nepaprastus Vilniaus kra\u0161to lenkus, kurie, rizikuodami savosiomis, gelb\u0117jo kit\u0173 gyvybes.<\/strong><\/span><\/p>\n\n\n\n<figure class=\"wp-block-image size-full is-resized\"><img loading=\"lazy\" decoding=\"async\" width=\"523\" height=\"736\" src=\"https:\/\/instytutpolski.pl\/vilnius\/wp-content\/uploads\/sites\/24\/2024\/05\/tak.png\" alt=\"\" class=\"wp-image-6129\" style=\"width:195px;height:auto\" srcset=\"https:\/\/instytutpolski.pl\/vilnius\/wp-content\/uploads\/sites\/24\/2024\/05\/tak.png 523w, https:\/\/instytutpolski.pl\/vilnius\/wp-content\/uploads\/sites\/24\/2024\/05\/tak-213x300.png 213w\" sizes=\"auto, (max-width: 523px) 100vw, 523px\" \/><\/figure>\n\n\n\n<div class=\"wp-block-file\"><a id=\"wp-block-file--media-804f8f0b-2104-4206-a232-e89eb65bcd2e\" href=\"https:\/\/instytutpolski.pl\/vilnius\/wp-content\/uploads\/sites\/24\/2024\/05\/Uczciwi-ludzie-Dorieji.pdf\">Taip dabar elgiasi dorieji<\/a><a href=\"https:\/\/instytutpolski.pl\/vilnius\/wp-content\/uploads\/sites\/24\/2024\/05\/Uczciwi-ludzie-Dorieji.pdf\" class=\"wp-block-file__button wp-element-button\" download aria-describedby=\"wp-block-file--media-804f8f0b-2104-4206-a232-e89eb65bcd2e\">Atsisi\u0173sti<\/a><\/div>\n","protected":false},"excerpt":{"rendered":"<p>Lenkijos instituto logotipas Paroda \u201ePoland in Space \u2013 misija IGNIS\u201c Parodos \u201eLenkijos Respublikos ambasadorius Japonijoje Tadeusz Romer ir \u017eydai karo pab\u0117g\u0117liai Tolimuosiuose Rytuose\u201c katalogas Lenkijos instituto Vilniuje iniciatyva, 2019 m. kov\u0105 Lietuvoje i\u0161leista i\u0161skirtin\u0117 dvikalb\u0117 knyga \u201eTaip dabar elgiasi teisingieji. \u017dydus gelb\u0117j\u0119 Vilniaus kra\u0161to lenkai\u201c. Knygos autor\u0117 Ilona Lewandowska, fotografas Bartosz Fr\u0105tczak. Knyga siekiama i\u0161saugoti [&hellip;]<\/p>\n","protected":false},"author":1,"featured_media":0,"parent":560,"menu_order":0,"comment_status":"closed","ping_status":"closed","template":"","meta":{"inline_featured_image":false,"_monsterinsights_skip_tracking":false,"_monsterinsights_sitenote_active":false,"_monsterinsights_sitenote_note":"","_monsterinsights_sitenote_category":0,"footnotes":""},"class_list":["post-602","page","type-page","status-publish","hentry"],"yoast_head":"<!-- This site is optimized with the Yoast SEO plugin v24.6 - https:\/\/yoast.com\/wordpress\/plugins\/seo\/ -->\n<title>Atsisi\u0173sti - Instytut Polski w Wilnie<\/title>\n<meta name=\"robots\" content=\"index, follow, max-snippet:-1, max-image-preview:large, max-video-preview:-1\" \/>\n<link rel=\"canonical\" href=\"https:\/\/instytutpolski.pl\/vilnius\/apie-lenkijos-instituta\/atsisiusti\/\" \/>\n<meta property=\"og:locale\" content=\"pl_PL\" \/>\n<meta property=\"og:type\" content=\"article\" \/>\n<meta property=\"og:title\" content=\"Atsisi\u0173sti - Instytut Polski w Wilnie\" \/>\n<meta property=\"og:description\" content=\"Lenkijos instituto logotipas Paroda \u201ePoland in Space \u2013 misija IGNIS\u201c Parodos \u201eLenkijos Respublikos ambasadorius Japonijoje Tadeusz Romer ir \u017eydai karo pab\u0117g\u0117liai Tolimuosiuose Rytuose\u201c katalogas Lenkijos instituto Vilniuje iniciatyva, 2019 m. kov\u0105 Lietuvoje i\u0161leista i\u0161skirtin\u0117 dvikalb\u0117 knyga \u201eTaip dabar elgiasi teisingieji. \u017dydus gelb\u0117j\u0119 Vilniaus kra\u0161to lenkai\u201c. Knygos autor\u0117 Ilona Lewandowska, fotografas Bartosz Fr\u0105tczak. Knyga siekiama i\u0161saugoti [&hellip;]\" \/>\n<meta property=\"og:url\" content=\"https:\/\/instytutpolski.pl\/vilnius\/apie-lenkijos-instituta\/atsisiusti\/\" \/>\n<meta property=\"og:site_name\" content=\"Instytut Polski w Wilnie\" \/>\n<meta property=\"article:modified_time\" content=\"2026-01-09T09:30:08+00:00\" \/>\n<meta property=\"og:image\" content=\"https:\/\/instytutpolski.pl\/vilnius\/wp-content\/uploads\/sites\/24\/2026\/01\/raudonas-1.png\" \/>\n\t<meta property=\"og:image:width\" content=\"300\" \/>\n\t<meta property=\"og:image:height\" content=\"195\" \/>\n\t<meta property=\"og:image:type\" content=\"image\/png\" \/>\n<meta name=\"twitter:card\" content=\"summary_large_image\" \/>\n<meta name=\"twitter:label1\" content=\"Szacowany czas czytania\" \/>\n\t<meta name=\"twitter:data1\" content=\"2 minuty\" \/>\n<script type=\"application\/ld+json\" class=\"yoast-schema-graph\">{\"@context\":\"https:\/\/schema.org\",\"@graph\":[{\"@type\":\"WebPage\",\"@id\":\"https:\/\/instytutpolski.pl\/vilnius\/apie-lenkijos-instituta\/atsisiusti\/\",\"url\":\"https:\/\/instytutpolski.pl\/vilnius\/apie-lenkijos-instituta\/atsisiusti\/\",\"name\":\"Atsisi\u0173sti - Instytut Polski w Wilnie\",\"isPartOf\":{\"@id\":\"https:\/\/instytutpolski.pl\/vilnius\/#website\"},\"primaryImageOfPage\":{\"@id\":\"https:\/\/instytutpolski.pl\/vilnius\/apie-lenkijos-instituta\/atsisiusti\/#primaryimage\"},\"image\":{\"@id\":\"https:\/\/instytutpolski.pl\/vilnius\/apie-lenkijos-instituta\/atsisiusti\/#primaryimage\"},\"thumbnailUrl\":\"https:\/\/instytutpolski.pl\/vilnius\/wp-content\/uploads\/sites\/24\/2026\/01\/raudonas-1.png\",\"datePublished\":\"2019-06-27T09:16:28+00:00\",\"dateModified\":\"2026-01-09T09:30:08+00:00\",\"breadcrumb\":{\"@id\":\"https:\/\/instytutpolski.pl\/vilnius\/apie-lenkijos-instituta\/atsisiusti\/#breadcrumb\"},\"inLanguage\":\"pl-PL\",\"potentialAction\":[{\"@type\":\"ReadAction\",\"target\":[\"https:\/\/instytutpolski.pl\/vilnius\/apie-lenkijos-instituta\/atsisiusti\/\"]}]},{\"@type\":\"ImageObject\",\"inLanguage\":\"pl-PL\",\"@id\":\"https:\/\/instytutpolski.pl\/vilnius\/apie-lenkijos-instituta\/atsisiusti\/#primaryimage\",\"url\":\"https:\/\/instytutpolski.pl\/vilnius\/wp-content\/uploads\/sites\/24\/2026\/01\/raudonas-1.png\",\"contentUrl\":\"https:\/\/instytutpolski.pl\/vilnius\/wp-content\/uploads\/sites\/24\/2026\/01\/raudonas-1.png\",\"width\":300,\"height\":195},{\"@type\":\"BreadcrumbList\",\"@id\":\"https:\/\/instytutpolski.pl\/vilnius\/apie-lenkijos-instituta\/atsisiusti\/#breadcrumb\",\"itemListElement\":[{\"@type\":\"ListItem\",\"position\":1,\"name\":\"Home\",\"item\":\"https:\/\/instytutpolski.pl\/vilnius\/\"},{\"@type\":\"ListItem\",\"position\":2,\"name\":\"Apie Lenkijos institut\u0105\",\"item\":\"https:\/\/instytutpolski.pl\/vilnius\/apie-lenkijos-instituta\/\"},{\"@type\":\"ListItem\",\"position\":3,\"name\":\"Atsisi\u0173sti\"}]},{\"@type\":\"WebSite\",\"@id\":\"https:\/\/instytutpolski.pl\/vilnius\/#website\",\"url\":\"https:\/\/instytutpolski.pl\/vilnius\/\",\"name\":\"Instytut Polski w Wilnie\",\"description\":\"Instytuty Polskie\",\"potentialAction\":[{\"@type\":\"SearchAction\",\"target\":{\"@type\":\"EntryPoint\",\"urlTemplate\":\"https:\/\/instytutpolski.pl\/vilnius\/?s={search_term_string}\"},\"query-input\":{\"@type\":\"PropertyValueSpecification\",\"valueRequired\":true,\"valueName\":\"search_term_string\"}}],\"inLanguage\":\"pl-PL\"}]}<\/script>\n<!-- \/ Yoast SEO plugin. -->","yoast_head_json":{"title":"Atsisi\u0173sti - Instytut Polski w Wilnie","robots":{"index":"index","follow":"follow","max-snippet":"max-snippet:-1","max-image-preview":"max-image-preview:large","max-video-preview":"max-video-preview:-1"},"canonical":"https:\/\/instytutpolski.pl\/vilnius\/apie-lenkijos-instituta\/atsisiusti\/","og_locale":"pl_PL","og_type":"article","og_title":"Atsisi\u0173sti - Instytut Polski w Wilnie","og_description":"Lenkijos instituto logotipas Paroda \u201ePoland in Space \u2013 misija IGNIS\u201c Parodos \u201eLenkijos Respublikos ambasadorius Japonijoje Tadeusz Romer ir \u017eydai karo pab\u0117g\u0117liai Tolimuosiuose Rytuose\u201c katalogas Lenkijos instituto Vilniuje iniciatyva, 2019 m. kov\u0105 Lietuvoje i\u0161leista i\u0161skirtin\u0117 dvikalb\u0117 knyga \u201eTaip dabar elgiasi teisingieji. \u017dydus gelb\u0117j\u0119 Vilniaus kra\u0161to lenkai\u201c. Knygos autor\u0117 Ilona Lewandowska, fotografas Bartosz Fr\u0105tczak. Knyga siekiama i\u0161saugoti [&hellip;]","og_url":"https:\/\/instytutpolski.pl\/vilnius\/apie-lenkijos-instituta\/atsisiusti\/","og_site_name":"Instytut Polski w Wilnie","article_modified_time":"2026-01-09T09:30:08+00:00","og_image":[{"width":300,"height":195,"url":"https:\/\/instytutpolski.pl\/vilnius\/wp-content\/uploads\/sites\/24\/2026\/01\/raudonas-1.png","type":"image\/png"}],"twitter_card":"summary_large_image","twitter_misc":{"Szacowany czas czytania":"2 minuty"},"schema":{"@context":"https:\/\/schema.org","@graph":[{"@type":"WebPage","@id":"https:\/\/instytutpolski.pl\/vilnius\/apie-lenkijos-instituta\/atsisiusti\/","url":"https:\/\/instytutpolski.pl\/vilnius\/apie-lenkijos-instituta\/atsisiusti\/","name":"Atsisi\u0173sti - Instytut Polski w Wilnie","isPartOf":{"@id":"https:\/\/instytutpolski.pl\/vilnius\/#website"},"primaryImageOfPage":{"@id":"https:\/\/instytutpolski.pl\/vilnius\/apie-lenkijos-instituta\/atsisiusti\/#primaryimage"},"image":{"@id":"https:\/\/instytutpolski.pl\/vilnius\/apie-lenkijos-instituta\/atsisiusti\/#primaryimage"},"thumbnailUrl":"https:\/\/instytutpolski.pl\/vilnius\/wp-content\/uploads\/sites\/24\/2026\/01\/raudonas-1.png","datePublished":"2019-06-27T09:16:28+00:00","dateModified":"2026-01-09T09:30:08+00:00","breadcrumb":{"@id":"https:\/\/instytutpolski.pl\/vilnius\/apie-lenkijos-instituta\/atsisiusti\/#breadcrumb"},"inLanguage":"pl-PL","potentialAction":[{"@type":"ReadAction","target":["https:\/\/instytutpolski.pl\/vilnius\/apie-lenkijos-instituta\/atsisiusti\/"]}]},{"@type":"ImageObject","inLanguage":"pl-PL","@id":"https:\/\/instytutpolski.pl\/vilnius\/apie-lenkijos-instituta\/atsisiusti\/#primaryimage","url":"https:\/\/instytutpolski.pl\/vilnius\/wp-content\/uploads\/sites\/24\/2026\/01\/raudonas-1.png","contentUrl":"https:\/\/instytutpolski.pl\/vilnius\/wp-content\/uploads\/sites\/24\/2026\/01\/raudonas-1.png","width":300,"height":195},{"@type":"BreadcrumbList","@id":"https:\/\/instytutpolski.pl\/vilnius\/apie-lenkijos-instituta\/atsisiusti\/#breadcrumb","itemListElement":[{"@type":"ListItem","position":1,"name":"Home","item":"https:\/\/instytutpolski.pl\/vilnius\/"},{"@type":"ListItem","position":2,"name":"Apie Lenkijos institut\u0105","item":"https:\/\/instytutpolski.pl\/vilnius\/apie-lenkijos-instituta\/"},{"@type":"ListItem","position":3,"name":"Atsisi\u0173sti"}]},{"@type":"WebSite","@id":"https:\/\/instytutpolski.pl\/vilnius\/#website","url":"https:\/\/instytutpolski.pl\/vilnius\/","name":"Instytut Polski w Wilnie","description":"Instytuty Polskie","potentialAction":[{"@type":"SearchAction","target":{"@type":"EntryPoint","urlTemplate":"https:\/\/instytutpolski.pl\/vilnius\/?s={search_term_string}"},"query-input":{"@type":"PropertyValueSpecification","valueRequired":true,"valueName":"search_term_string"}}],"inLanguage":"pl-PL"}]}},"_links":{"self":[{"href":"https:\/\/instytutpolski.pl\/vilnius\/wp-json\/wp\/v2\/pages\/602","targetHints":{"allow":["GET"]}}],"collection":[{"href":"https:\/\/instytutpolski.pl\/vilnius\/wp-json\/wp\/v2\/pages"}],"about":[{"href":"https:\/\/instytutpolski.pl\/vilnius\/wp-json\/wp\/v2\/types\/page"}],"author":[{"embeddable":true,"href":"https:\/\/instytutpolski.pl\/vilnius\/wp-json\/wp\/v2\/users\/1"}],"replies":[{"embeddable":true,"href":"https:\/\/instytutpolski.pl\/vilnius\/wp-json\/wp\/v2\/comments?post=602"}],"version-history":[{"count":16,"href":"https:\/\/instytutpolski.pl\/vilnius\/wp-json\/wp\/v2\/pages\/602\/revisions"}],"predecessor-version":[{"id":8419,"href":"https:\/\/instytutpolski.pl\/vilnius\/wp-json\/wp\/v2\/pages\/602\/revisions\/8419"}],"up":[{"embeddable":true,"href":"https:\/\/instytutpolski.pl\/vilnius\/wp-json\/wp\/v2\/pages\/560"}],"wp:attachment":[{"href":"https:\/\/instytutpolski.pl\/vilnius\/wp-json\/wp\/v2\/media?parent=602"}],"curies":[{"name":"wp","href":"https:\/\/api.w.org\/{rel}","templated":true}]}}