{"version":"1.0","provider_name":"Instytut Polski w Wiedniu","provider_url":"https:\/\/instytutpolski.pl\/wien","author_name":"sienkiewiczj","author_url":"https:\/\/instytutpolski.pl\/wien\/author\/sienkiewiczj\/","title":"\u201eZwischen Himmel und Erde\u201c. Schlusskonzert \u2013 Bachwoche 2018 - Instytut Polski w Wiedniu","type":"rich","width":600,"height":338,"html":"<blockquote class=\"wp-embedded-content\" data-secret=\"EFgywbG7uY\"><a href=\"https:\/\/instytutpolski.pl\/wien\/2018\/03\/24\/zwischen-himmel-und-erde-schlusskonzert-bachwoche-2018\/\">\u201eZwischen Himmel und Erde\u201c. Schlusskonzert \u2013 Bachwoche 2018<\/a><\/blockquote><iframe sandbox=\"allow-scripts\" security=\"restricted\" src=\"https:\/\/instytutpolski.pl\/wien\/2018\/03\/24\/zwischen-himmel-und-erde-schlusskonzert-bachwoche-2018\/embed\/#?secret=EFgywbG7uY\" width=\"600\" height=\"338\" title=\"&#8222;\u201eZwischen Himmel und Erde\u201c. Schlusskonzert \u2013 Bachwoche 2018&#8221; &#8212; Instytut Polski w Wiedniu\" data-secret=\"EFgywbG7uY\" frameborder=\"0\" marginwidth=\"0\" marginheight=\"0\" scrolling=\"no\" class=\"wp-embedded-content\"><\/iframe><script type=\"text\/javascript\">\n\/* <![CDATA[ *\/\n\/*! This file is auto-generated *\/\n!function(d,l){\"use strict\";l.querySelector&&d.addEventListener&&\"undefined\"!=typeof URL&&(d.wp=d.wp||{},d.wp.receiveEmbedMessage||(d.wp.receiveEmbedMessage=function(e){var t=e.data;if((t||t.secret||t.message||t.value)&&!\/[^a-zA-Z0-9]\/.test(t.secret)){for(var s,r,n,a=l.querySelectorAll('iframe[data-secret=\"'+t.secret+'\"]'),o=l.querySelectorAll('blockquote[data-secret=\"'+t.secret+'\"]'),c=new RegExp(\"^https?:$\",\"i\"),i=0;i<o.length;i++)o[i].style.display=\"none\";for(i=0;i<a.length;i++)s=a[i],e.source===s.contentWindow&&(s.removeAttribute(\"style\"),\"height\"===t.message?(1e3<(r=parseInt(t.value,10))?r=1e3:~~r<200&&(r=200),s.height=r):\"link\"===t.message&&(r=new URL(s.getAttribute(\"src\")),n=new URL(t.value),c.test(n.protocol))&&n.host===r.host&&l.activeElement===s&&(d.top.location.href=t.value))}},d.addEventListener(\"message\",d.wp.receiveEmbedMessage,!1),l.addEventListener(\"DOMContentLoaded\",function(){for(var e,t,s=l.querySelectorAll(\"iframe.wp-embedded-content\"),r=0;r<s.length;r++)(t=(e=s[r]).getAttribute(\"data-secret\"))||(t=Math.random().toString(36).substring(2,12),e.src+=\"#?secret=\"+t,e.setAttribute(\"data-secret\",t)),e.contentWindow.postMessage({message:\"ready\",secret:t},\"*\")},!1)))}(window,document);\n\/* ]]> *\/\n<\/script>\n","description":"25.03.2018, 19:30 Lutherische Stadtkirche, Wien Im Rahmen der Bachwoche 2018 bringen\u00a0Pandolfis Consort\u00a0und der Tenor\u00a0Aleksander Rewi\u0144ski\u00a0Arien aus Kantaten von Johann Sebastian Bach, Georg Friedrich H\u00e4ndel, Johann Joseph Fux und Georg Philipp Telemann dar. Passend zur beginnenden Karwoche behandeln die Ges\u00e4nge Trauer und Hoffnung. Die Besonderheit der Auff\u00fchrung stellen die Violen d\u2019Amore dar, die den Gesang mit [&hellip;]","thumbnail_url":"http:\/\/www.polnisches-institut.at\/99,99,0,de?bn=Pandolfis_logo_jpg324634181994&amp;ex=jpg&amp;t=image&amp;mt=image%2Fjpeg&amp;width=160&amp;height=120"}

25.03.2018, 19:30 Lutherische Stadtkirche, Wien Im Rahmen der Bachwoche 2018 bringen Pandolfis Consort und der Tenor Aleksander Rewiński Arien aus Kantaten von Johann Sebastian Bach, Georg Friedrich Händel, Johann Joseph Fux und Georg Philipp Telemann dar. Passend zur beginnenden Karwoche behandeln die Gesänge Trauer und Hoffnung. Die Besonderheit der Aufführung stellen die Violen d’Amore dar, die den Gesang mit [&hellip;]
