{"version":"1.0","provider_name":"Instytut Polski w Wiedniu","provider_url":"https:\/\/instytutpolski.pl\/wien","author_name":"sienkiewiczj","author_url":"https:\/\/instytutpolski.pl\/wien\/author\/sienkiewiczj\/","title":"Servus Polen! Bildungsprojekt - Instytut Polski w Wiedniu","type":"rich","width":600,"height":338,"html":"<blockquote class=\"wp-embedded-content\" data-secret=\"NORvY37Yd3\"><a href=\"https:\/\/instytutpolski.pl\/wien\/2018\/09\/30\/servus-polen-bildungsprojekt\/\">Servus Polen! Bildungsprojekt<\/a><\/blockquote><iframe sandbox=\"allow-scripts\" security=\"restricted\" src=\"https:\/\/instytutpolski.pl\/wien\/2018\/09\/30\/servus-polen-bildungsprojekt\/embed\/#?secret=NORvY37Yd3\" width=\"600\" height=\"338\" title=\"&#8222;Servus Polen! Bildungsprojekt&#8221; &#8212; Instytut Polski w Wiedniu\" data-secret=\"NORvY37Yd3\" frameborder=\"0\" marginwidth=\"0\" marginheight=\"0\" scrolling=\"no\" class=\"wp-embedded-content\"><\/iframe><script type=\"text\/javascript\">\n\/* <![CDATA[ *\/\n\/*! This file is auto-generated *\/\n!function(d,l){\"use strict\";l.querySelector&&d.addEventListener&&\"undefined\"!=typeof URL&&(d.wp=d.wp||{},d.wp.receiveEmbedMessage||(d.wp.receiveEmbedMessage=function(e){var t=e.data;if((t||t.secret||t.message||t.value)&&!\/[^a-zA-Z0-9]\/.test(t.secret)){for(var s,r,n,a=l.querySelectorAll('iframe[data-secret=\"'+t.secret+'\"]'),o=l.querySelectorAll('blockquote[data-secret=\"'+t.secret+'\"]'),c=new RegExp(\"^https?:$\",\"i\"),i=0;i<o.length;i++)o[i].style.display=\"none\";for(i=0;i<a.length;i++)s=a[i],e.source===s.contentWindow&&(s.removeAttribute(\"style\"),\"height\"===t.message?(1e3<(r=parseInt(t.value,10))?r=1e3:~~r<200&&(r=200),s.height=r):\"link\"===t.message&&(r=new URL(s.getAttribute(\"src\")),n=new URL(t.value),c.test(n.protocol))&&n.host===r.host&&l.activeElement===s&&(d.top.location.href=t.value))}},d.addEventListener(\"message\",d.wp.receiveEmbedMessage,!1),l.addEventListener(\"DOMContentLoaded\",function(){for(var e,t,s=l.querySelectorAll(\"iframe.wp-embedded-content\"),r=0;r<s.length;r++)(t=(e=s[r]).getAttribute(\"data-secret\"))||(t=Math.random().toString(36).substring(2,12),e.src+=\"#?secret=\"+t,e.setAttribute(\"data-secret\",t)),e.contentWindow.postMessage({message:\"ready\",secret:t},\"*\")},!1)))}(window,document);\n\/* ]]> *\/\n<\/script>\n","description":"01.10.2018 &#8211; 31.10.2018 Verschiedene Orte, Wien Das kulturelle Angebot des Polnischen Instituts Wien richtet sich nicht nur an Erwachsene. In diesem Sinne pr\u00e4sentiert das Polnische Institut das Projekt\u00a0\u201eServus Polen!\u201c, das zum Ziel hat, \u00f6sterreichischen Sch\u00fclerinnen und Sch\u00fcler das Land Polen n\u00e4herzubringen. Das Projekt wurde 2016 gestartet und wird nun an weiteren \u00f6sterreichischen Schulen fortgesetzt. \u201eServus [&hellip;]"}

01.10.2018 &#8211; 31.10.2018 Verschiedene Orte, Wien Das kulturelle Angebot des Polnischen Instituts Wien richtet sich nicht nur an Erwachsene. In diesem Sinne präsentiert das Polnische Institut das Projekt „Servus Polen!“, das zum Ziel hat, österreichischen Schülerinnen und Schüler das Land Polen näherzubringen. Das Projekt wurde 2016 gestartet und wird nun an weiteren österreichischen Schulen fortgesetzt. „Servus [&hellip;]
