{"version":"1.0","provider_name":"Instytut Polski w Wiedniu","provider_url":"https:\/\/instytutpolski.pl\/wien","author_name":"sienkiewiczj","author_url":"https:\/\/instytutpolski.pl\/wien\/author\/sienkiewiczj\/","title":"Er\u00f6ffnung des Polnischen Instituts in Tiflis - Instytut Polski w Wiedniu","type":"rich","width":600,"height":338,"html":"<blockquote class=\"wp-embedded-content\" data-secret=\"2hYfljGUu4\"><a href=\"https:\/\/instytutpolski.pl\/wien\/2018\/10\/29\/eroffnung-des-polnischen-instituts-in-tiflis\/\">Er\u00f6ffnung des Polnischen Instituts in Tiflis<\/a><\/blockquote><iframe sandbox=\"allow-scripts\" security=\"restricted\" src=\"https:\/\/instytutpolski.pl\/wien\/2018\/10\/29\/eroffnung-des-polnischen-instituts-in-tiflis\/embed\/#?secret=2hYfljGUu4\" width=\"600\" height=\"338\" title=\"&#8222;Er\u00f6ffnung des Polnischen Instituts in Tiflis&#8221; &#8212; Instytut Polski w Wiedniu\" data-secret=\"2hYfljGUu4\" frameborder=\"0\" marginwidth=\"0\" marginheight=\"0\" scrolling=\"no\" class=\"wp-embedded-content\"><\/iframe><script type=\"text\/javascript\">\n\/* <![CDATA[ *\/\n\/*! This file is auto-generated *\/\n!function(d,l){\"use strict\";l.querySelector&&d.addEventListener&&\"undefined\"!=typeof URL&&(d.wp=d.wp||{},d.wp.receiveEmbedMessage||(d.wp.receiveEmbedMessage=function(e){var t=e.data;if((t||t.secret||t.message||t.value)&&!\/[^a-zA-Z0-9]\/.test(t.secret)){for(var s,r,n,a=l.querySelectorAll('iframe[data-secret=\"'+t.secret+'\"]'),o=l.querySelectorAll('blockquote[data-secret=\"'+t.secret+'\"]'),c=new RegExp(\"^https?:$\",\"i\"),i=0;i<o.length;i++)o[i].style.display=\"none\";for(i=0;i<a.length;i++)s=a[i],e.source===s.contentWindow&&(s.removeAttribute(\"style\"),\"height\"===t.message?(1e3<(r=parseInt(t.value,10))?r=1e3:~~r<200&&(r=200),s.height=r):\"link\"===t.message&&(r=new URL(s.getAttribute(\"src\")),n=new URL(t.value),c.test(n.protocol))&&n.host===r.host&&l.activeElement===s&&(d.top.location.href=t.value))}},d.addEventListener(\"message\",d.wp.receiveEmbedMessage,!1),l.addEventListener(\"DOMContentLoaded\",function(){for(var e,t,s=l.querySelectorAll(\"iframe.wp-embedded-content\"),r=0;r<s.length;r++)(t=(e=s[r]).getAttribute(\"data-secret\"))||(t=Math.random().toString(36).substring(2,12),e.src+=\"#?secret=\"+t,e.setAttribute(\"data-secret\",t)),e.contentWindow.postMessage({message:\"ready\",secret:t},\"*\")},!1)))}(window,document);\n\/* ]]> *\/\n<\/script>\n","description":"07.11.2018 Am 5. und 6. November 2018 nahmen der Sejmmarschall der Republik Polen Marek Kuchci\u0144ski und der Staatsekret\u00e4r im Ministerium f\u00fcr Ausw\u00e4rtige Angelegenheiten der Republik Polen Szymon Szynkowski vel S\u0119k an den Feierlichkeiten anl\u00e4sslich der Er\u00f6ffnung des Polnischen Instituts in Tifilis teil. Georgien wurde vom Vorsitzenden des georgischen Parlaments Irakli Kobakhidze vertreten. &#8211;\u00a0\u00a0An diesem f\u00fcr [&hellip;]"}

Eröffnung des Polnischen Instituts in Tiflis - Instytut Polski w Wiedniu

<blockquote class="wp-embedded-content" data-secret="2hYfljGUu4"><a href="https://instytutpolski.pl/wien/2018/10/29/eroffnung-des-polnischen-instituts-in-tiflis/">Eröffnung des Polnischen Instituts in Tiflis</a></blockquote><iframe sandbox="allow-scripts" security="restricted" src="https://instytutpolski.pl/wien/2018/10/29/eroffnung-des-polnischen-instituts-in-tiflis/embed/#?secret=2hYfljGUu4" width="600" height="338" title="&#8222;Eröffnung des Polnischen Instituts in Tiflis&#8221; &#8212; Instytut Polski w Wiedniu" data-secret="2hYfljGUu4" frameborder="0" marginwidth="0" marginheight="0" scrolling="no" class="wp-embedded-content"></iframe><script type="text/javascript">
/* <![CDATA[ */
/*! This file is auto-generated */
!function(d,l){"use strict";l.querySelector&&d.addEventListener&&"undefined"!=typeof URL&&(d.wp=d.wp||{},d.wp.receiveEmbedMessage||(d.wp.receiveEmbedMessage=function(e){var t=e.data;if((t||t.secret||t.message||t.value)&&!/[^a-zA-Z0-9]/.test(t.secret)){for(var s,r,n,a=l.querySelectorAll('iframe[data-secret="'+t.secret+'"]'),o=l.querySelectorAll('blockquote[data-secret="'+t.secret+'"]'),c=new RegExp("^https?:$","i"),i=0;i<o.length;i++)o[i].style.display="none";for(i=0;i<a.length;i++)s=a[i],e.source===s.contentWindow&&(s.removeAttribute("style"),"height"===t.message?(1e3<(r=parseInt(t.value,10))?r=1e3:~~r<200&&(r=200),s.height=r):"link"===t.message&&(r=new URL(s.getAttribute("src")),n=new URL(t.value),c.test(n.protocol))&&n.host===r.host&&l.activeElement===s&&(d.top.location.href=t.value))}},d.addEventListener("message",d.wp.receiveEmbedMessage,!1),l.addEventListener("DOMContentLoaded",function(){for(var e,t,s=l.querySelectorAll("iframe.wp-embedded-content"),r=0;r<s.length;r++)(t=(e=s[r]).getAttribute("data-secret"))||(t=Math.random().toString(36).substring(2,12),e.src+="#?secret="+t,e.setAttribute("data-secret",t)),e.contentWindow.postMessage({message:"ready",secret:t},"*")},!1)))}(window,document);
/* ]]> */
</script>

07.11.2018 Am 5. und 6. November 2018 nahmen der Sejmmarschall der Republik Polen Marek Kuchciński und der Staatsekretär im Ministerium für Auswärtige Angelegenheiten der Republik Polen Szymon Szynkowski vel Sęk an den Feierlichkeiten anlässlich der Eröffnung des Polnischen Instituts in Tifilis teil. Georgien wurde vom Vorsitzenden des georgischen Parlaments Irakli Kobakhidze vertreten. &#8211;  An diesem für [&hellip;]
