{"version":"1.0","provider_name":"Instytut Polski w Wiedniu","provider_url":"https:\/\/instytutpolski.pl\/wien","author_name":"sienkiewiczj","author_url":"https:\/\/instytutpolski.pl\/wien\/author\/sienkiewiczj\/","title":"Museum Pileckis Elternhaus. Pr\u00e4sentation - Instytut Polski w Wiedniu","type":"rich","width":600,"height":338,"html":"<blockquote class=\"wp-embedded-content\" data-secret=\"yUT8OXxyMW\"><a href=\"https:\/\/instytutpolski.pl\/wien\/2018\/11\/13\/museum-pileckis-elternhaus-prasentation\/\">Museum Pileckis Elternhaus. Pr\u00e4sentation<\/a><\/blockquote><iframe sandbox=\"allow-scripts\" security=\"restricted\" src=\"https:\/\/instytutpolski.pl\/wien\/2018\/11\/13\/museum-pileckis-elternhaus-prasentation\/embed\/#?secret=yUT8OXxyMW\" width=\"600\" height=\"338\" title=\"&#8222;Museum Pileckis Elternhaus. Pr\u00e4sentation&#8221; &#8212; Instytut Polski w Wiedniu\" data-secret=\"yUT8OXxyMW\" frameborder=\"0\" marginwidth=\"0\" marginheight=\"0\" scrolling=\"no\" class=\"wp-embedded-content\"><\/iframe><script type=\"text\/javascript\">\n\/* <![CDATA[ *\/\n\/*! This file is auto-generated *\/\n!function(d,l){\"use strict\";l.querySelector&&d.addEventListener&&\"undefined\"!=typeof URL&&(d.wp=d.wp||{},d.wp.receiveEmbedMessage||(d.wp.receiveEmbedMessage=function(e){var t=e.data;if((t||t.secret||t.message||t.value)&&!\/[^a-zA-Z0-9]\/.test(t.secret)){for(var s,r,n,a=l.querySelectorAll('iframe[data-secret=\"'+t.secret+'\"]'),o=l.querySelectorAll('blockquote[data-secret=\"'+t.secret+'\"]'),c=new RegExp(\"^https?:$\",\"i\"),i=0;i<o.length;i++)o[i].style.display=\"none\";for(i=0;i<a.length;i++)s=a[i],e.source===s.contentWindow&&(s.removeAttribute(\"style\"),\"height\"===t.message?(1e3<(r=parseInt(t.value,10))?r=1e3:~~r<200&&(r=200),s.height=r):\"link\"===t.message&&(r=new URL(s.getAttribute(\"src\")),n=new URL(t.value),c.test(n.protocol))&&n.host===r.host&&l.activeElement===s&&(d.top.location.href=t.value))}},d.addEventListener(\"message\",d.wp.receiveEmbedMessage,!1),l.addEventListener(\"DOMContentLoaded\",function(){for(var e,t,s=l.querySelectorAll(\"iframe.wp-embedded-content\"),r=0;r<s.length;r++)(t=(e=s[r]).getAttribute(\"data-secret\"))||(t=Math.random().toString(36).substring(2,12),e.src+=\"#?secret=\"+t,e.setAttribute(\"data-secret\",t)),e.contentWindow.postMessage({message:\"ready\",secret:t},\"*\")},!1)))}(window,document);\n\/* ]]> *\/\n<\/script>\n","description":"20.11.2018, 18:30 Polnisches Institut Wien Der polnische Widerstandsk\u00e4mpfer\u00a0Witold Pilecki\u00a0ging 1940 freiwillig ins KZ Auschwitz in Gefangenschaft, um die Alliierten vor Ort \u00fcber die Gr\u00e4ueltaten der Nationalsozialisten zu informieren und den Widerstand der H\u00e4ftlinge zu organisieren. Seine Berichte f\u00fchrten jedoch nicht zur erhofften Reaktion der Alliierten. 1943, nachdem keine Hilfe aus dem Ausland gekommen war, entschied [&hellip;]","thumbnail_url":"http:\/\/www.polnisches-institut.at\/99,99,0,de?bn=Muzeum_Pilecki_logo_jpg812876&amp;ex=jpg&amp;t=image&amp;mt=image%2Fjpeg&amp;width=160&amp;height=120"}

Museum Pileckis Elternhaus. Präsentation - Instytut Polski w Wiedniu

<blockquote class="wp-embedded-content" data-secret="yUT8OXxyMW"><a href="https://instytutpolski.pl/wien/2018/11/13/museum-pileckis-elternhaus-prasentation/">Museum Pileckis Elternhaus. Präsentation</a></blockquote><iframe sandbox="allow-scripts" security="restricted" src="https://instytutpolski.pl/wien/2018/11/13/museum-pileckis-elternhaus-prasentation/embed/#?secret=yUT8OXxyMW" width="600" height="338" title="&#8222;Museum Pileckis Elternhaus. Präsentation&#8221; &#8212; Instytut Polski w Wiedniu" data-secret="yUT8OXxyMW" frameborder="0" marginwidth="0" marginheight="0" scrolling="no" class="wp-embedded-content"></iframe><script type="text/javascript">
/* <![CDATA[ */
/*! This file is auto-generated */
!function(d,l){"use strict";l.querySelector&&d.addEventListener&&"undefined"!=typeof URL&&(d.wp=d.wp||{},d.wp.receiveEmbedMessage||(d.wp.receiveEmbedMessage=function(e){var t=e.data;if((t||t.secret||t.message||t.value)&&!/[^a-zA-Z0-9]/.test(t.secret)){for(var s,r,n,a=l.querySelectorAll('iframe[data-secret="'+t.secret+'"]'),o=l.querySelectorAll('blockquote[data-secret="'+t.secret+'"]'),c=new RegExp("^https?:$","i"),i=0;i<o.length;i++)o[i].style.display="none";for(i=0;i<a.length;i++)s=a[i],e.source===s.contentWindow&&(s.removeAttribute("style"),"height"===t.message?(1e3<(r=parseInt(t.value,10))?r=1e3:~~r<200&&(r=200),s.height=r):"link"===t.message&&(r=new URL(s.getAttribute("src")),n=new URL(t.value),c.test(n.protocol))&&n.host===r.host&&l.activeElement===s&&(d.top.location.href=t.value))}},d.addEventListener("message",d.wp.receiveEmbedMessage,!1),l.addEventListener("DOMContentLoaded",function(){for(var e,t,s=l.querySelectorAll("iframe.wp-embedded-content"),r=0;r<s.length;r++)(t=(e=s[r]).getAttribute("data-secret"))||(t=Math.random().toString(36).substring(2,12),e.src+="#?secret="+t,e.setAttribute("data-secret",t)),e.contentWindow.postMessage({message:"ready",secret:t},"*")},!1)))}(window,document);
/* ]]> */
</script>

20.11.2018, 18:30 Polnisches Institut Wien Der polnische Widerstandskämpfer Witold Pilecki ging 1940 freiwillig ins KZ Auschwitz in Gefangenschaft, um die Alliierten vor Ort über die Gräueltaten der Nationalsozialisten zu informieren und den Widerstand der Häftlinge zu organisieren. Seine Berichte führten jedoch nicht zur erhofften Reaktion der Alliierten. 1943, nachdem keine Hilfe aus dem Ausland gekommen war, entschied [&hellip;]
