{"version":"1.0","provider_name":"Instytut Polski w Wiedniu","provider_url":"https:\/\/instytutpolski.pl\/wien","author_name":"kopycinskam","author_url":"https:\/\/instytutpolski.pl\/wien\/author\/kopycinskam\/","title":"Sarakina - Konzert - Instytut Polski w Wiedniu","type":"rich","width":600,"height":338,"html":"<blockquote class=\"wp-embedded-content\" data-secret=\"7cQtkLnH5z\"><a href=\"https:\/\/instytutpolski.pl\/wien\/2019\/02\/22\/sarakina-konzert\/\">Sarakina &#8211; Konzert<\/a><\/blockquote><iframe sandbox=\"allow-scripts\" security=\"restricted\" src=\"https:\/\/instytutpolski.pl\/wien\/2019\/02\/22\/sarakina-konzert\/embed\/#?secret=7cQtkLnH5z\" width=\"600\" height=\"338\" title=\"&#8222;Sarakina &#8211; Konzert&#8221; &#8212; Instytut Polski w Wiedniu\" data-secret=\"7cQtkLnH5z\" frameborder=\"0\" marginwidth=\"0\" marginheight=\"0\" scrolling=\"no\" class=\"wp-embedded-content\"><\/iframe><script type=\"text\/javascript\">\n\/* <![CDATA[ *\/\n\/*! This file is auto-generated *\/\n!function(d,l){\"use strict\";l.querySelector&&d.addEventListener&&\"undefined\"!=typeof URL&&(d.wp=d.wp||{},d.wp.receiveEmbedMessage||(d.wp.receiveEmbedMessage=function(e){var t=e.data;if((t||t.secret||t.message||t.value)&&!\/[^a-zA-Z0-9]\/.test(t.secret)){for(var s,r,n,a=l.querySelectorAll('iframe[data-secret=\"'+t.secret+'\"]'),o=l.querySelectorAll('blockquote[data-secret=\"'+t.secret+'\"]'),c=new RegExp(\"^https?:$\",\"i\"),i=0;i<o.length;i++)o[i].style.display=\"none\";for(i=0;i<a.length;i++)s=a[i],e.source===s.contentWindow&&(s.removeAttribute(\"style\"),\"height\"===t.message?(1e3<(r=parseInt(t.value,10))?r=1e3:~~r<200&&(r=200),s.height=r):\"link\"===t.message&&(r=new URL(s.getAttribute(\"src\")),n=new URL(t.value),c.test(n.protocol))&&n.host===r.host&&l.activeElement===s&&(d.top.location.href=t.value))}},d.addEventListener(\"message\",d.wp.receiveEmbedMessage,!1),l.addEventListener(\"DOMContentLoaded\",function(){for(var e,t,s=l.querySelectorAll(\"iframe.wp-embedded-content\"),r=0;r<s.length;r++)(t=(e=s[r]).getAttribute(\"data-secret\"))||(t=Math.random().toString(36).substring(2,12),e.src+=\"#?secret=\"+t,e.setAttribute(\"data-secret\",t)),e.contentWindow.postMessage({message:\"ready\",secret:t},\"*\")},!1)))}(window,document);\n\/* ]]> *\/\n<\/script>\n","thumbnail_url":"https:\/\/instytutpolski.pl\/wien\/wp-content\/uploads\/sites\/2\/2020\/01\/www-7.png","thumbnail_width":555,"thumbnail_height":333,"description":"Das aktuelle Album \u201eBalkanTron\u201c begeistert das Publikum durch das Geschick, mit dem die K\u00fcnstler traditionelle und ethnische Musik mit Improvisation und Jazzelementen verbinden. Die Stimme der S\u00e4ngerin Anna Klebus erinnert an die Bulgarian Voices mit ihren spektakul\u00e4ren Klangfarben. Die Virtuosit\u00e4t, mit der die Musiker ans Werk gehen, sorgt ebenfalls f\u00fcr eine wunderbare Stimmung, angereichert mit [&hellip;]"}

Das aktuelle Album „BalkanTron“ begeistert das Publikum durch das Geschick, mit dem die Künstler traditionelle und ethnische Musik mit Improvisation und Jazzelementen verbinden. Die Stimme der Sängerin Anna Klebus erinnert an die Bulgarian Voices mit ihren spektakulären Klangfarben. Die Virtuosität, mit der die Musiker ans Werk gehen, sorgt ebenfalls für eine wunderbare Stimmung, angereichert mit [&hellip;]
