{"version":"1.0","provider_name":"Instytut Polski w Wiedniu","provider_url":"https:\/\/instytutpolski.pl\/wien","author_name":"kopycinskam","author_url":"https:\/\/instytutpolski.pl\/wien\/author\/kopycinskam\/","title":"Motion Trio - 20. Akkordeonfestival - Instytut Polski w Wiedniu","type":"rich","width":600,"height":338,"html":"<blockquote class=\"wp-embedded-content\" data-secret=\"2tNdIKpSE2\"><a href=\"https:\/\/instytutpolski.pl\/wien\/2019\/03\/06\/motion-trio-20-akkordeonfestival-2\/\">Motion Trio &#8211; 20. Akkordeonfestival<\/a><\/blockquote><iframe sandbox=\"allow-scripts\" security=\"restricted\" src=\"https:\/\/instytutpolski.pl\/wien\/2019\/03\/06\/motion-trio-20-akkordeonfestival-2\/embed\/#?secret=2tNdIKpSE2\" width=\"600\" height=\"338\" title=\"&#8222;Motion Trio &#8211; 20. Akkordeonfestival&#8221; &#8212; Instytut Polski w Wiedniu\" data-secret=\"2tNdIKpSE2\" frameborder=\"0\" marginwidth=\"0\" marginheight=\"0\" scrolling=\"no\" class=\"wp-embedded-content\"><\/iframe><script type=\"text\/javascript\">\n\/* <![CDATA[ *\/\n\/*! This file is auto-generated *\/\n!function(d,l){\"use strict\";l.querySelector&&d.addEventListener&&\"undefined\"!=typeof URL&&(d.wp=d.wp||{},d.wp.receiveEmbedMessage||(d.wp.receiveEmbedMessage=function(e){var t=e.data;if((t||t.secret||t.message||t.value)&&!\/[^a-zA-Z0-9]\/.test(t.secret)){for(var s,r,n,a=l.querySelectorAll('iframe[data-secret=\"'+t.secret+'\"]'),o=l.querySelectorAll('blockquote[data-secret=\"'+t.secret+'\"]'),c=new RegExp(\"^https?:$\",\"i\"),i=0;i<o.length;i++)o[i].style.display=\"none\";for(i=0;i<a.length;i++)s=a[i],e.source===s.contentWindow&&(s.removeAttribute(\"style\"),\"height\"===t.message?(1e3<(r=parseInt(t.value,10))?r=1e3:~~r<200&&(r=200),s.height=r):\"link\"===t.message&&(r=new URL(s.getAttribute(\"src\")),n=new URL(t.value),c.test(n.protocol))&&n.host===r.host&&l.activeElement===s&&(d.top.location.href=t.value))}},d.addEventListener(\"message\",d.wp.receiveEmbedMessage,!1),l.addEventListener(\"DOMContentLoaded\",function(){for(var e,t,s=l.querySelectorAll(\"iframe.wp-embedded-content\"),r=0;r<s.length;r++)(t=(e=s[r]).getAttribute(\"data-secret\"))||(t=Math.random().toString(36).substring(2,12),e.src+=\"#?secret=\"+t,e.setAttribute(\"data-secret\",t)),e.contentWindow.postMessage({message:\"ready\",secret:t},\"*\")},!1)))}(window,document);\n\/* ]]> *\/\n<\/script>\n","thumbnail_url":"https:\/\/instytutpolski.pl\/wien\/wp-content\/uploads\/sites\/2\/2020\/01\/www-11.png","thumbnail_width":555,"thumbnail_height":333,"description":"Das 1996 von Janusz Wojtarowicz in Polen gegr\u00fcndete Motion Trio euphorisierte schon 2016 das Publikum des Wiener Akkordeonfestivals. Damals feierte die Formation zudem ihr zwanzigj\u00e4hriges Bestehen. W\u00e4hrend des Konzerts spielte das Trio subtil die gesamte Bandbreite und k\u00fcnstlerische Tiefe seiner musikalischen Visionen. Die Band hat bisher zw\u00f6lf CDs ver\u00f6ffentlicht, Tourneen f\u00fchrten sie \u00fcber die ganze [&hellip;]"}

Das 1996 von Janusz Wojtarowicz in Polen gegründete Motion Trio euphorisierte schon 2016 das Publikum des Wiener Akkordeonfestivals. Damals feierte die Formation zudem ihr zwanzigjähriges Bestehen. Während des Konzerts spielte das Trio subtil die gesamte Bandbreite und künstlerische Tiefe seiner musikalischen Visionen. Die Band hat bisher zwölf CDs veröffentlicht, Tourneen führten sie über die ganze [&hellip;]
