{"version":"1.0","provider_name":"Instytut Polski w Wiedniu","provider_url":"https:\/\/instytutpolski.pl\/wien","author_name":"kopycinskam","author_url":"https:\/\/instytutpolski.pl\/wien\/author\/kopycinskam\/","title":"20 Jahre PL in der NATO - 1999-2019 - Instytut Polski w Wiedniu","type":"rich","width":600,"height":338,"html":"<blockquote class=\"wp-embedded-content\" data-secret=\"tur5QojThp\"><a href=\"https:\/\/instytutpolski.pl\/wien\/2019\/03\/12\/1999-2019-20-jahre-pl-in-der-nato\/\">20 Jahre PL in der NATO &#8211; 1999-2019<\/a><\/blockquote><iframe sandbox=\"allow-scripts\" security=\"restricted\" src=\"https:\/\/instytutpolski.pl\/wien\/2019\/03\/12\/1999-2019-20-jahre-pl-in-der-nato\/embed\/#?secret=tur5QojThp\" width=\"600\" height=\"338\" title=\"&#8222;20 Jahre PL in der NATO &#8211; 1999-2019&#8221; &#8212; Instytut Polski w Wiedniu\" data-secret=\"tur5QojThp\" frameborder=\"0\" marginwidth=\"0\" marginheight=\"0\" scrolling=\"no\" class=\"wp-embedded-content\"><\/iframe><script type=\"text\/javascript\">\n\/* <![CDATA[ *\/\n\/*! This file is auto-generated *\/\n!function(d,l){\"use strict\";l.querySelector&&d.addEventListener&&\"undefined\"!=typeof URL&&(d.wp=d.wp||{},d.wp.receiveEmbedMessage||(d.wp.receiveEmbedMessage=function(e){var t=e.data;if((t||t.secret||t.message||t.value)&&!\/[^a-zA-Z0-9]\/.test(t.secret)){for(var s,r,n,a=l.querySelectorAll('iframe[data-secret=\"'+t.secret+'\"]'),o=l.querySelectorAll('blockquote[data-secret=\"'+t.secret+'\"]'),c=new RegExp(\"^https?:$\",\"i\"),i=0;i<o.length;i++)o[i].style.display=\"none\";for(i=0;i<a.length;i++)s=a[i],e.source===s.contentWindow&&(s.removeAttribute(\"style\"),\"height\"===t.message?(1e3<(r=parseInt(t.value,10))?r=1e3:~~r<200&&(r=200),s.height=r):\"link\"===t.message&&(r=new URL(s.getAttribute(\"src\")),n=new URL(t.value),c.test(n.protocol))&&n.host===r.host&&l.activeElement===s&&(d.top.location.href=t.value))}},d.addEventListener(\"message\",d.wp.receiveEmbedMessage,!1),l.addEventListener(\"DOMContentLoaded\",function(){for(var e,t,s=l.querySelectorAll(\"iframe.wp-embedded-content\"),r=0;r<s.length;r++)(t=(e=s[r]).getAttribute(\"data-secret\"))||(t=Math.random().toString(36).substring(2,12),e.src+=\"#?secret=\"+t,e.setAttribute(\"data-secret\",t)),e.contentWindow.postMessage({message:\"ready\",secret:t},\"*\")},!1)))}(window,document);\n\/* ]]> *\/\n<\/script>\n","description":"Das Jubil\u00e4um 2019 ist gleichzeitig der 70. Jahrestag der Entstehung von NATO. Deshalb feiern wir doppelt! Der Weg Polens zur NATO begann offiziell 1992 und endete 1999. Jedoch kn\u00fcpfte Polen seine offiziellen Kontakte zur NATO schon im Jahr 1990, wie der Besuch des ersten nicht-kommunistischen Au\u00dfenministers Polens Krzysztof Skubiszewski im Quartier des B\u00fcndnisses in Br\u00fcssel [&hellip;]"}

Das Jubiläum 2019 ist gleichzeitig der 70. Jahrestag der Entstehung von NATO. Deshalb feiern wir doppelt! Der Weg Polens zur NATO begann offiziell 1992 und endete 1999. Jedoch knüpfte Polen seine offiziellen Kontakte zur NATO schon im Jahr 1990, wie der Besuch des ersten nicht-kommunistischen Außenministers Polens Krzysztof Skubiszewski im Quartier des Bündnisses in Brüssel [&hellip;]
