{"version":"1.0","provider_name":"Instytut Polski w Wiedniu","provider_url":"https:\/\/instytutpolski.pl\/wien","author_name":"kopycinskam","author_url":"https:\/\/instytutpolski.pl\/wien\/author\/kopycinskam\/","title":"Mit Volldampf nach Posen - Pr\u00e4sentation - Instytut Polski w Wiedniu","type":"rich","width":600,"height":338,"html":"<blockquote class=\"wp-embedded-content\" data-secret=\"chzKRzZ3CL\"><a href=\"https:\/\/instytutpolski.pl\/wien\/2019\/05\/14\/mit-volldampf-nach-posen-prasentation\/\">Mit Volldampf nach Posen &#8211; Pr\u00e4sentation<\/a><\/blockquote><iframe sandbox=\"allow-scripts\" security=\"restricted\" src=\"https:\/\/instytutpolski.pl\/wien\/2019\/05\/14\/mit-volldampf-nach-posen-prasentation\/embed\/#?secret=chzKRzZ3CL\" width=\"600\" height=\"338\" title=\"&#8222;Mit Volldampf nach Posen &#8211; Pr\u00e4sentation&#8221; &#8212; Instytut Polski w Wiedniu\" data-secret=\"chzKRzZ3CL\" frameborder=\"0\" marginwidth=\"0\" marginheight=\"0\" scrolling=\"no\" class=\"wp-embedded-content\"><\/iframe><script type=\"text\/javascript\">\n\/* <![CDATA[ *\/\n\/*! This file is auto-generated *\/\n!function(d,l){\"use strict\";l.querySelector&&d.addEventListener&&\"undefined\"!=typeof URL&&(d.wp=d.wp||{},d.wp.receiveEmbedMessage||(d.wp.receiveEmbedMessage=function(e){var t=e.data;if((t||t.secret||t.message||t.value)&&!\/[^a-zA-Z0-9]\/.test(t.secret)){for(var s,r,n,a=l.querySelectorAll('iframe[data-secret=\"'+t.secret+'\"]'),o=l.querySelectorAll('blockquote[data-secret=\"'+t.secret+'\"]'),c=new RegExp(\"^https?:$\",\"i\"),i=0;i<o.length;i++)o[i].style.display=\"none\";for(i=0;i<a.length;i++)s=a[i],e.source===s.contentWindow&&(s.removeAttribute(\"style\"),\"height\"===t.message?(1e3<(r=parseInt(t.value,10))?r=1e3:~~r<200&&(r=200),s.height=r):\"link\"===t.message&&(r=new URL(s.getAttribute(\"src\")),n=new URL(t.value),c.test(n.protocol))&&n.host===r.host&&l.activeElement===s&&(d.top.location.href=t.value))}},d.addEventListener(\"message\",d.wp.receiveEmbedMessage,!1),l.addEventListener(\"DOMContentLoaded\",function(){for(var e,t,s=l.querySelectorAll(\"iframe.wp-embedded-content\"),r=0;r<s.length;r++)(t=(e=s[r]).getAttribute(\"data-secret\"))||(t=Math.random().toString(36).substring(2,12),e.src+=\"#?secret=\"+t,e.setAttribute(\"data-secret\",t)),e.contentWindow.postMessage({message:\"ready\",secret:t},\"*\")},!1)))}(window,document);\n\/* ]]> *\/\n<\/script>\n","thumbnail_url":"https:\/\/instytutpolski.pl\/wien\/wp-content\/uploads\/sites\/2\/2020\/01\/www-1.jpg","thumbnail_width":555,"thumbnail_height":333,"description":"Das mehr als 1.000 Jahre alte Pozna\u0144, ein dynamisches, Wirtschafts-, Messe- und Kulturzentrum des Landes, ist die Hauptstadt der Region Gro\u00dfpolen (Wielkopolska). Die historische Altstadt ist das Schmuckst\u00fcck der Stadt an der Warta. Das um 1550 auf dem Alten Markt errichtete Rathaus z\u00e4hlt zu den sch\u00f6nsten Renaissancebauten Mitteleuropas. Liebevoll sanierte B\u00fcrgerh\u00e4user, mittelalterliche Kr\u00e4merladen und die [&hellip;]"}

Mit Volldampf nach Posen - Präsentation - Instytut Polski w Wiedniu

<blockquote class="wp-embedded-content" data-secret="chzKRzZ3CL"><a href="https://instytutpolski.pl/wien/2019/05/14/mit-volldampf-nach-posen-prasentation/">Mit Volldampf nach Posen &#8211; Präsentation</a></blockquote><iframe sandbox="allow-scripts" security="restricted" src="https://instytutpolski.pl/wien/2019/05/14/mit-volldampf-nach-posen-prasentation/embed/#?secret=chzKRzZ3CL" width="600" height="338" title="&#8222;Mit Volldampf nach Posen &#8211; Präsentation&#8221; &#8212; Instytut Polski w Wiedniu" data-secret="chzKRzZ3CL" frameborder="0" marginwidth="0" marginheight="0" scrolling="no" class="wp-embedded-content"></iframe><script type="text/javascript">
/* <![CDATA[ */
/*! This file is auto-generated */
!function(d,l){"use strict";l.querySelector&&d.addEventListener&&"undefined"!=typeof URL&&(d.wp=d.wp||{},d.wp.receiveEmbedMessage||(d.wp.receiveEmbedMessage=function(e){var t=e.data;if((t||t.secret||t.message||t.value)&&!/[^a-zA-Z0-9]/.test(t.secret)){for(var s,r,n,a=l.querySelectorAll('iframe[data-secret="'+t.secret+'"]'),o=l.querySelectorAll('blockquote[data-secret="'+t.secret+'"]'),c=new RegExp("^https?:$","i"),i=0;i<o.length;i++)o[i].style.display="none";for(i=0;i<a.length;i++)s=a[i],e.source===s.contentWindow&&(s.removeAttribute("style"),"height"===t.message?(1e3<(r=parseInt(t.value,10))?r=1e3:~~r<200&&(r=200),s.height=r):"link"===t.message&&(r=new URL(s.getAttribute("src")),n=new URL(t.value),c.test(n.protocol))&&n.host===r.host&&l.activeElement===s&&(d.top.location.href=t.value))}},d.addEventListener("message",d.wp.receiveEmbedMessage,!1),l.addEventListener("DOMContentLoaded",function(){for(var e,t,s=l.querySelectorAll("iframe.wp-embedded-content"),r=0;r<s.length;r++)(t=(e=s[r]).getAttribute("data-secret"))||(t=Math.random().toString(36).substring(2,12),e.src+="#?secret="+t,e.setAttribute("data-secret",t)),e.contentWindow.postMessage({message:"ready",secret:t},"*")},!1)))}(window,document);
/* ]]> */
</script>

Das mehr als 1.000 Jahre alte Poznań, ein dynamisches, Wirtschafts-, Messe- und Kulturzentrum des Landes, ist die Hauptstadt der Region Großpolen (Wielkopolska). Die historische Altstadt ist das Schmuckstück der Stadt an der Warta. Das um 1550 auf dem Alten Markt errichtete Rathaus zählt zu den schönsten Renaissancebauten Mitteleuropas. Liebevoll sanierte Bürgerhäuser, mittelalterliche Krämerladen und die [&hellip;]
