{"version":"1.0","provider_name":"Instytut Polski w Wiedniu","provider_url":"https:\/\/instytutpolski.pl\/wien","author_name":"cicheckaj","author_url":"https:\/\/instytutpolski.pl\/wien\/author\/cicheckaj\/","title":"Polnisches Institut Wien im Sommer - Instytut Polski w Wiedniu","type":"rich","width":600,"height":338,"html":"<blockquote class=\"wp-embedded-content\" data-secret=\"jY9R2JISWn\"><a href=\"https:\/\/instytutpolski.pl\/wien\/2019\/06\/16\/polnisches-institut-wien-im-sommer\/\">Polnisches Institut Wien im Sommer<\/a><\/blockquote><iframe sandbox=\"allow-scripts\" security=\"restricted\" src=\"https:\/\/instytutpolski.pl\/wien\/2019\/06\/16\/polnisches-institut-wien-im-sommer\/embed\/#?secret=jY9R2JISWn\" width=\"600\" height=\"338\" title=\"&#8222;Polnisches Institut Wien im Sommer&#8221; &#8212; Instytut Polski w Wiedniu\" data-secret=\"jY9R2JISWn\" frameborder=\"0\" marginwidth=\"0\" marginheight=\"0\" scrolling=\"no\" class=\"wp-embedded-content\"><\/iframe><script type=\"text\/javascript\">\n\/* <![CDATA[ *\/\n\/*! This file is auto-generated *\/\n!function(d,l){\"use strict\";l.querySelector&&d.addEventListener&&\"undefined\"!=typeof URL&&(d.wp=d.wp||{},d.wp.receiveEmbedMessage||(d.wp.receiveEmbedMessage=function(e){var t=e.data;if((t||t.secret||t.message||t.value)&&!\/[^a-zA-Z0-9]\/.test(t.secret)){for(var s,r,n,a=l.querySelectorAll('iframe[data-secret=\"'+t.secret+'\"]'),o=l.querySelectorAll('blockquote[data-secret=\"'+t.secret+'\"]'),c=new RegExp(\"^https?:$\",\"i\"),i=0;i<o.length;i++)o[i].style.display=\"none\";for(i=0;i<a.length;i++)s=a[i],e.source===s.contentWindow&&(s.removeAttribute(\"style\"),\"height\"===t.message?(1e3<(r=parseInt(t.value,10))?r=1e3:~~r<200&&(r=200),s.height=r):\"link\"===t.message&&(r=new URL(s.getAttribute(\"src\")),n=new URL(t.value),c.test(n.protocol))&&n.host===r.host&&l.activeElement===s&&(d.top.location.href=t.value))}},d.addEventListener(\"message\",d.wp.receiveEmbedMessage,!1),l.addEventListener(\"DOMContentLoaded\",function(){for(var e,t,s=l.querySelectorAll(\"iframe.wp-embedded-content\"),r=0;r<s.length;r++)(t=(e=s[r]).getAttribute(\"data-secret\"))||(t=Math.random().toString(36).substring(2,12),e.src+=\"#?secret=\"+t,e.setAttribute(\"data-secret\",t)),e.contentWindow.postMessage({message:\"ready\",secret:t},\"*\")},!1)))}(window,document);\n\/* ]]> *\/\n<\/script>\n","description":"18.06.2019 &#8211; 31.08.2019 Wir w\u00fcnschen Ihnen einen sch\u00f6nen Sommer! Sommer\u00f6ffnungszeiten des Polnischen Instituts Wien: B\u00fcro Montag-Donnerstag 10-16 Uhr &amp; Freitag 10-14 Uhr Bibliothek Im Juli und August bleibt sie geschlossen! Galerie Im Juli: Montag &#8211; Donnerstag 11-16 Uhr Im August bleibt sie geschlossen."}

18.06.2019 &#8211; 31.08.2019 Wir wünschen Ihnen einen schönen Sommer! Sommeröffnungszeiten des Polnischen Instituts Wien: Büro Montag-Donnerstag 10-16 Uhr &amp; Freitag 10-14 Uhr Bibliothek Im Juli und August bleibt sie geschlossen! Galerie Im Juli: Montag &#8211; Donnerstag 11-16 Uhr Im August bleibt sie geschlossen.
