{"version":"1.0","provider_name":"Instytut Polski w Wiedniu","provider_url":"https:\/\/instytutpolski.pl\/wien","author_name":"sienkiewiczj","author_url":"https:\/\/instytutpolski.pl\/wien\/author\/sienkiewiczj\/","title":"\u201eEine Jude spricht Jiddisch\u201c \u2013 Vortrag und Konzert - Instytut Polski w Wiedniu","type":"rich","width":600,"height":338,"html":"<blockquote class=\"wp-embedded-content\" data-secret=\"vRH3Y0bw8H\"><a href=\"https:\/\/instytutpolski.pl\/wien\/2019\/10\/09\/eine-jude-spricht-jiddisch-vortrag-und-konzert\/\">\u201eEine Jude spricht Jiddisch\u201c \u2013 Vortrag und Konzert<\/a><\/blockquote><iframe sandbox=\"allow-scripts\" security=\"restricted\" src=\"https:\/\/instytutpolski.pl\/wien\/2019\/10\/09\/eine-jude-spricht-jiddisch-vortrag-und-konzert\/embed\/#?secret=vRH3Y0bw8H\" width=\"600\" height=\"338\" title=\"&#8222;\u201eEine Jude spricht Jiddisch\u201c \u2013 Vortrag und Konzert&#8221; &#8212; Instytut Polski w Wiedniu\" data-secret=\"vRH3Y0bw8H\" frameborder=\"0\" marginwidth=\"0\" marginheight=\"0\" scrolling=\"no\" class=\"wp-embedded-content\"><\/iframe><script type=\"text\/javascript\">\n\/* <![CDATA[ *\/\n\/*! This file is auto-generated *\/\n!function(d,l){\"use strict\";l.querySelector&&d.addEventListener&&\"undefined\"!=typeof URL&&(d.wp=d.wp||{},d.wp.receiveEmbedMessage||(d.wp.receiveEmbedMessage=function(e){var t=e.data;if((t||t.secret||t.message||t.value)&&!\/[^a-zA-Z0-9]\/.test(t.secret)){for(var s,r,n,a=l.querySelectorAll('iframe[data-secret=\"'+t.secret+'\"]'),o=l.querySelectorAll('blockquote[data-secret=\"'+t.secret+'\"]'),c=new RegExp(\"^https?:$\",\"i\"),i=0;i<o.length;i++)o[i].style.display=\"none\";for(i=0;i<a.length;i++)s=a[i],e.source===s.contentWindow&&(s.removeAttribute(\"style\"),\"height\"===t.message?(1e3<(r=parseInt(t.value,10))?r=1e3:~~r<200&&(r=200),s.height=r):\"link\"===t.message&&(r=new URL(s.getAttribute(\"src\")),n=new URL(t.value),c.test(n.protocol))&&n.host===r.host&&l.activeElement===s&&(d.top.location.href=t.value))}},d.addEventListener(\"message\",d.wp.receiveEmbedMessage,!1),l.addEventListener(\"DOMContentLoaded\",function(){for(var e,t,s=l.querySelectorAll(\"iframe.wp-embedded-content\"),r=0;r<s.length;r++)(t=(e=s[r]).getAttribute(\"data-secret\"))||(t=Math.random().toString(36).substring(2,12),e.src+=\"#?secret=\"+t,e.setAttribute(\"data-secret\",t)),e.contentWindow.postMessage({message:\"ready\",secret:t},\"*\")},!1)))}(window,document);\n\/* ]]> *\/\n<\/script>\n","thumbnail_url":"https:\/\/instytutpolski.pl\/wien\/wp-content\/uploads\/sites\/2\/2020\/01\/Flyer_Yiddish.jpg","thumbnail_width":874,"thumbnail_height":1240,"description":"Dr. Evita Wiecki nutzt als Quelle ihrer Forschung Lehrb\u00fccher, die f\u00fcr den muttersprachlichen Unterricht des Jiddischen zwischen 1886 und 1964 in Polen herausgegeben wurden. An ihrem Beispiel l\u00e4sst sich die Geschichte des modernen Jiddisch gut nachzeichnen. Es ist eine Geschichte, die trotz zahlreicher Br\u00fcche und Umbr\u00fcche durchaus Kontinuit\u00e4ten aufweist. Dr. Evita Wiecki, geboren in Warschau, [&hellip;]"}

Dr. Evita Wiecki nutzt als Quelle ihrer Forschung Lehrbücher, die für den muttersprachlichen Unterricht des Jiddischen zwischen 1886 und 1964 in Polen herausgegeben wurden. An ihrem Beispiel lässt sich die Geschichte des modernen Jiddisch gut nachzeichnen. Es ist eine Geschichte, die trotz zahlreicher Brüche und Umbrüche durchaus Kontinuitäten aufweist. Dr. Evita Wiecki, geboren in Warschau, [&hellip;]
