{"version":"1.0","provider_name":"Instytut Polski w Wiedniu","provider_url":"https:\/\/instytutpolski.pl\/wien","author_name":"sienkiewiczj","author_url":"https:\/\/instytutpolski.pl\/wien\/author\/sienkiewiczj\/","title":"Europa des neuen Gleichgewichts - Instytut Polski w Wiedniu","type":"rich","width":600,"height":338,"html":"<blockquote class=\"wp-embedded-content\" data-secret=\"TTGsFflDDT\"><a href=\"https:\/\/instytutpolski.pl\/wien\/2020\/04\/23\/europa-des-neuen-gleichgewichts\/\">Europa des neuen Gleichgewichts<\/a><\/blockquote><iframe sandbox=\"allow-scripts\" security=\"restricted\" src=\"https:\/\/instytutpolski.pl\/wien\/2020\/04\/23\/europa-des-neuen-gleichgewichts\/embed\/#?secret=TTGsFflDDT\" width=\"600\" height=\"338\" title=\"&#8222;Europa des neuen Gleichgewichts&#8221; &#8212; Instytut Polski w Wiedniu\" data-secret=\"TTGsFflDDT\" frameborder=\"0\" marginwidth=\"0\" marginheight=\"0\" scrolling=\"no\" class=\"wp-embedded-content\"><\/iframe><script type=\"text\/javascript\">\n\/* <![CDATA[ *\/\n\/*! This file is auto-generated *\/\n!function(d,l){\"use strict\";l.querySelector&&d.addEventListener&&\"undefined\"!=typeof URL&&(d.wp=d.wp||{},d.wp.receiveEmbedMessage||(d.wp.receiveEmbedMessage=function(e){var t=e.data;if((t||t.secret||t.message||t.value)&&!\/[^a-zA-Z0-9]\/.test(t.secret)){for(var s,r,n,a=l.querySelectorAll('iframe[data-secret=\"'+t.secret+'\"]'),o=l.querySelectorAll('blockquote[data-secret=\"'+t.secret+'\"]'),c=new RegExp(\"^https?:$\",\"i\"),i=0;i<o.length;i++)o[i].style.display=\"none\";for(i=0;i<a.length;i++)s=a[i],e.source===s.contentWindow&&(s.removeAttribute(\"style\"),\"height\"===t.message?(1e3<(r=parseInt(t.value,10))?r=1e3:~~r<200&&(r=200),s.height=r):\"link\"===t.message&&(r=new URL(s.getAttribute(\"src\")),n=new URL(t.value),c.test(n.protocol))&&n.host===r.host&&l.activeElement===s&&(d.top.location.href=t.value))}},d.addEventListener(\"message\",d.wp.receiveEmbedMessage,!1),l.addEventListener(\"DOMContentLoaded\",function(){for(var e,t,s=l.querySelectorAll(\"iframe.wp-embedded-content\"),r=0;r<s.length;r++)(t=(e=s[r]).getAttribute(\"data-secret\"))||(t=Math.random().toString(36).substring(2,12),e.src+=\"#?secret=\"+t,e.setAttribute(\"data-secret\",t)),e.contentWindow.postMessage({message:\"ready\",secret:t},\"*\")},!1)))}(window,document);\n\/* ]]> *\/\n<\/script>\n","description":"23.04.2020 &#8211; 30.04.2020 Wir empfehlen Ihnen den heutigen Artikel des polnischen Premierministers Mateusz Morawiecki in der Frankfurter Allgemeinen Zeitung \u00fcber wirtschaftliche Zusammenarbeit bei der Bek\u00e4mpfung der Krise. \u201eWir k\u00f6nnen nichts daf\u00fcr und sind doch verantwortlich \u201d \u2013 hat einst Hermann Hesse geschrieben. Heute messen wir uns mit der gr\u00f6\u00dften Krise der \u00f6ffentlichen Gesundheit, der sozialen [&hellip;]"}

23.04.2020 &#8211; 30.04.2020 Wir empfehlen Ihnen den heutigen Artikel des polnischen Premierministers Mateusz Morawiecki in der Frankfurter Allgemeinen Zeitung über wirtschaftliche Zusammenarbeit bei der Bekämpfung der Krise. „Wir können nichts dafür und sind doch verantwortlich ” – hat einst Hermann Hesse geschrieben. Heute messen wir uns mit der größten Krise der öffentlichen Gesundheit, der sozialen [&hellip;]
