{"version":"1.0","provider_name":"Instytut Polski w Wiedniu","provider_url":"https:\/\/instytutpolski.pl\/wien","author_name":"matyjaszczyko","author_url":"https:\/\/instytutpolski.pl\/wien\/author\/matyjaszczyko\/","title":"#PLKulturAmGestade 2.0 - Instytut Polski w Wiedniu","type":"rich","width":600,"height":338,"html":"<blockquote class=\"wp-embedded-content\" data-secret=\"Aqrh0fMgHu\"><a href=\"https:\/\/instytutpolski.pl\/wien\/2020\/08\/11\/plculturamgestade-2-0\/\">#PLKulturAmGestade 2.0<\/a><\/blockquote><iframe sandbox=\"allow-scripts\" security=\"restricted\" src=\"https:\/\/instytutpolski.pl\/wien\/2020\/08\/11\/plculturamgestade-2-0\/embed\/#?secret=Aqrh0fMgHu\" width=\"600\" height=\"338\" title=\"&#8222;#PLKulturAmGestade 2.0&#8221; &#8212; Instytut Polski w Wiedniu\" data-secret=\"Aqrh0fMgHu\" frameborder=\"0\" marginwidth=\"0\" marginheight=\"0\" scrolling=\"no\" class=\"wp-embedded-content\"><\/iframe><script type=\"text\/javascript\">\n\/* <![CDATA[ *\/\n\/*! This file is auto-generated *\/\n!function(d,l){\"use strict\";l.querySelector&&d.addEventListener&&\"undefined\"!=typeof URL&&(d.wp=d.wp||{},d.wp.receiveEmbedMessage||(d.wp.receiveEmbedMessage=function(e){var t=e.data;if((t||t.secret||t.message||t.value)&&!\/[^a-zA-Z0-9]\/.test(t.secret)){for(var s,r,n,a=l.querySelectorAll('iframe[data-secret=\"'+t.secret+'\"]'),o=l.querySelectorAll('blockquote[data-secret=\"'+t.secret+'\"]'),c=new RegExp(\"^https?:$\",\"i\"),i=0;i<o.length;i++)o[i].style.display=\"none\";for(i=0;i<a.length;i++)s=a[i],e.source===s.contentWindow&&(s.removeAttribute(\"style\"),\"height\"===t.message?(1e3<(r=parseInt(t.value,10))?r=1e3:~~r<200&&(r=200),s.height=r):\"link\"===t.message&&(r=new URL(s.getAttribute(\"src\")),n=new URL(t.value),c.test(n.protocol))&&n.host===r.host&&l.activeElement===s&&(d.top.location.href=t.value))}},d.addEventListener(\"message\",d.wp.receiveEmbedMessage,!1),l.addEventListener(\"DOMContentLoaded\",function(){for(var e,t,s=l.querySelectorAll(\"iframe.wp-embedded-content\"),r=0;r<s.length;r++)(t=(e=s[r]).getAttribute(\"data-secret\"))||(t=Math.random().toString(36).substring(2,12),e.src+=\"#?secret=\"+t,e.setAttribute(\"data-secret\",t)),e.contentWindow.postMessage({message:\"ready\",secret:t},\"*\")},!1)))}(window,document);\n\/* ]]> *\/\n<\/script>\n","thumbnail_url":"https:\/\/instytutpolski.pl\/wien\/wp-content\/uploads\/sites\/2\/2020\/08\/WhatsApp-Image-2020-01-24-at-10.13.21.jpg","thumbnail_width":1496,"thumbnail_height":1200,"description":"Design, Fotografie, Malerei, Grafik, Plakatkunst \u2013 Ausstellungen in unserer p_art Galerie und in Kooperation mit \u00f6sterreichischen Museen und Galerien erm\u00f6glichen einem breiten Publikum die polnische Kunst zu genie\u00dfen. Die Ausstellungen werden oft im Zuge der \u00f6sterreichischen Festivals gezeigt(wie z. B.&nbsp;FOTO WIEN&nbsp;oder&nbsp;VIENNA DESIGN WEEK) und mit renommierten Partnern aus Polen und \u00d6sterreich organisiert. Einen wichtigen Teil [&hellip;]"}

Design, Fotografie, Malerei, Grafik, Plakatkunst – Ausstellungen in unserer p_art Galerie und in Kooperation mit österreichischen Museen und Galerien ermöglichen einem breiten Publikum die polnische Kunst zu genießen. Die Ausstellungen werden oft im Zuge der österreichischen Festivals gezeigt(wie z. B.&nbsp;FOTO WIEN&nbsp;oder&nbsp;VIENNA DESIGN WEEK) und mit renommierten Partnern aus Polen und Österreich organisiert. Einen wichtigen Teil [&hellip;]
