{"version":"1.0","provider_name":"Instytut Polski w Wiedniu","provider_url":"https:\/\/instytutpolski.pl\/wien","author_name":"matyjaszczyko","author_url":"https:\/\/instytutpolski.pl\/wien\/author\/matyjaszczyko\/","title":"Die Kraft der Solidarit\u00e4t - Instytut Polski w Wiedniu","type":"rich","width":600,"height":338,"html":"<blockquote class=\"wp-embedded-content\" data-secret=\"Bjlxc783rv\"><a href=\"https:\/\/instytutpolski.pl\/wien\/2020\/08\/31\/die-kraft-der-solidaritat\/\">Die Kraft der Solidarit\u00e4t<\/a><\/blockquote><iframe sandbox=\"allow-scripts\" security=\"restricted\" src=\"https:\/\/instytutpolski.pl\/wien\/2020\/08\/31\/die-kraft-der-solidaritat\/embed\/#?secret=Bjlxc783rv\" width=\"600\" height=\"338\" title=\"&#8222;Die Kraft der Solidarit\u00e4t&#8221; &#8212; Instytut Polski w Wiedniu\" data-secret=\"Bjlxc783rv\" frameborder=\"0\" marginwidth=\"0\" marginheight=\"0\" scrolling=\"no\" class=\"wp-embedded-content\"><\/iframe><script type=\"text\/javascript\">\n\/* <![CDATA[ *\/\n\/*! This file is auto-generated *\/\n!function(d,l){\"use strict\";l.querySelector&&d.addEventListener&&\"undefined\"!=typeof URL&&(d.wp=d.wp||{},d.wp.receiveEmbedMessage||(d.wp.receiveEmbedMessage=function(e){var t=e.data;if((t||t.secret||t.message||t.value)&&!\/[^a-zA-Z0-9]\/.test(t.secret)){for(var s,r,n,a=l.querySelectorAll('iframe[data-secret=\"'+t.secret+'\"]'),o=l.querySelectorAll('blockquote[data-secret=\"'+t.secret+'\"]'),c=new RegExp(\"^https?:$\",\"i\"),i=0;i<o.length;i++)o[i].style.display=\"none\";for(i=0;i<a.length;i++)s=a[i],e.source===s.contentWindow&&(s.removeAttribute(\"style\"),\"height\"===t.message?(1e3<(r=parseInt(t.value,10))?r=1e3:~~r<200&&(r=200),s.height=r):\"link\"===t.message&&(r=new URL(s.getAttribute(\"src\")),n=new URL(t.value),c.test(n.protocol))&&n.host===r.host&&l.activeElement===s&&(d.top.location.href=t.value))}},d.addEventListener(\"message\",d.wp.receiveEmbedMessage,!1),l.addEventListener(\"DOMContentLoaded\",function(){for(var e,t,s=l.querySelectorAll(\"iframe.wp-embedded-content\"),r=0;r<s.length;r++)(t=(e=s[r]).getAttribute(\"data-secret\"))||(t=Math.random().toString(36).substring(2,12),e.src+=\"#?secret=\"+t,e.setAttribute(\"data-secret\",t)),e.contentWindow.postMessage({message:\"ready\",secret:t},\"*\")},!1)))}(window,document);\n\/* ]]> *\/\n<\/script>\n","thumbnail_url":"https:\/\/instytutpolski.pl\/wien\/wp-content\/uploads\/sites\/2\/2020\/08\/logo_100x70-scaled.jpg","thumbnail_width":2560,"thumbnail_height":1792,"description":"Die Entstehung der Solidarno\u015b\u0107 war gegen Ende des 20. Jahrhunderts eines der wichtigsten Ereignisse in Polen, aber auch in der ganzen Welt. Sie war der Moment, der das Wesen des leninistischen Systems ver\u00e4nderte. Bis dahin hatte die kommunistische Partei in diesem System das Herrschaftsmonopol. Dies \u00e4nderte sich mit der Gr\u00fcndung der Solidarno\u015b\u0107. Damals bildete sich [&hellip;]"}

Die Kraft der Solidarität - Instytut Polski w Wiedniu

<blockquote class="wp-embedded-content" data-secret="Bjlxc783rv"><a href="https://instytutpolski.pl/wien/2020/08/31/die-kraft-der-solidaritat/">Die Kraft der Solidarität</a></blockquote><iframe sandbox="allow-scripts" security="restricted" src="https://instytutpolski.pl/wien/2020/08/31/die-kraft-der-solidaritat/embed/#?secret=Bjlxc783rv" width="600" height="338" title="&#8222;Die Kraft der Solidarität&#8221; &#8212; Instytut Polski w Wiedniu" data-secret="Bjlxc783rv" frameborder="0" marginwidth="0" marginheight="0" scrolling="no" class="wp-embedded-content"></iframe><script type="text/javascript">
/* <![CDATA[ */
/*! This file is auto-generated */
!function(d,l){"use strict";l.querySelector&&d.addEventListener&&"undefined"!=typeof URL&&(d.wp=d.wp||{},d.wp.receiveEmbedMessage||(d.wp.receiveEmbedMessage=function(e){var t=e.data;if((t||t.secret||t.message||t.value)&&!/[^a-zA-Z0-9]/.test(t.secret)){for(var s,r,n,a=l.querySelectorAll('iframe[data-secret="'+t.secret+'"]'),o=l.querySelectorAll('blockquote[data-secret="'+t.secret+'"]'),c=new RegExp("^https?:$","i"),i=0;i<o.length;i++)o[i].style.display="none";for(i=0;i<a.length;i++)s=a[i],e.source===s.contentWindow&&(s.removeAttribute("style"),"height"===t.message?(1e3<(r=parseInt(t.value,10))?r=1e3:~~r<200&&(r=200),s.height=r):"link"===t.message&&(r=new URL(s.getAttribute("src")),n=new URL(t.value),c.test(n.protocol))&&n.host===r.host&&l.activeElement===s&&(d.top.location.href=t.value))}},d.addEventListener("message",d.wp.receiveEmbedMessage,!1),l.addEventListener("DOMContentLoaded",function(){for(var e,t,s=l.querySelectorAll("iframe.wp-embedded-content"),r=0;r<s.length;r++)(t=(e=s[r]).getAttribute("data-secret"))||(t=Math.random().toString(36).substring(2,12),e.src+="#?secret="+t,e.setAttribute("data-secret",t)),e.contentWindow.postMessage({message:"ready",secret:t},"*")},!1)))}(window,document);
/* ]]> */
</script>

Die Entstehung der Solidarność war gegen Ende des 20. Jahrhunderts eines der wichtigsten Ereignisse in Polen, aber auch in der ganzen Welt. Sie war der Moment, der das Wesen des leninistischen Systems veränderte. Bis dahin hatte die kommunistische Partei in diesem System das Herrschaftsmonopol. Dies änderte sich mit der Gründung der Solidarność. Damals bildete sich [&hellip;]
