{"version":"1.0","provider_name":"Instytut Polski w Wiedniu","provider_url":"https:\/\/instytutpolski.pl\/wien","author_name":"kopycinskam","author_url":"https:\/\/instytutpolski.pl\/wien\/author\/kopycinskam\/","title":"\u201eDer Mann aus Eisen\u201c von Andrzej Wajda - Instytut Polski w Wiedniu","type":"rich","width":600,"height":338,"html":"<blockquote class=\"wp-embedded-content\" data-secret=\"Rx7WRPb2yT\"><a href=\"https:\/\/instytutpolski.pl\/wien\/2020\/09\/23\/der-mann-aus-eisen-von-andrzej-wajda-2\/\">\u201eDer Mann aus Eisen\u201c von Andrzej Wajda<\/a><\/blockquote><iframe sandbox=\"allow-scripts\" security=\"restricted\" src=\"https:\/\/instytutpolski.pl\/wien\/2020\/09\/23\/der-mann-aus-eisen-von-andrzej-wajda-2\/embed\/#?secret=Rx7WRPb2yT\" width=\"600\" height=\"338\" title=\"&#8222;\u201eDer Mann aus Eisen\u201c von Andrzej Wajda&#8221; &#8212; Instytut Polski w Wiedniu\" data-secret=\"Rx7WRPb2yT\" frameborder=\"0\" marginwidth=\"0\" marginheight=\"0\" scrolling=\"no\" class=\"wp-embedded-content\"><\/iframe><script type=\"text\/javascript\">\n\/* <![CDATA[ *\/\n\/*! This file is auto-generated *\/\n!function(d,l){\"use strict\";l.querySelector&&d.addEventListener&&\"undefined\"!=typeof URL&&(d.wp=d.wp||{},d.wp.receiveEmbedMessage||(d.wp.receiveEmbedMessage=function(e){var t=e.data;if((t||t.secret||t.message||t.value)&&!\/[^a-zA-Z0-9]\/.test(t.secret)){for(var s,r,n,a=l.querySelectorAll('iframe[data-secret=\"'+t.secret+'\"]'),o=l.querySelectorAll('blockquote[data-secret=\"'+t.secret+'\"]'),c=new RegExp(\"^https?:$\",\"i\"),i=0;i<o.length;i++)o[i].style.display=\"none\";for(i=0;i<a.length;i++)s=a[i],e.source===s.contentWindow&&(s.removeAttribute(\"style\"),\"height\"===t.message?(1e3<(r=parseInt(t.value,10))?r=1e3:~~r<200&&(r=200),s.height=r):\"link\"===t.message&&(r=new URL(s.getAttribute(\"src\")),n=new URL(t.value),c.test(n.protocol))&&n.host===r.host&&l.activeElement===s&&(d.top.location.href=t.value))}},d.addEventListener(\"message\",d.wp.receiveEmbedMessage,!1),l.addEventListener(\"DOMContentLoaded\",function(){for(var e,t,s=l.querySelectorAll(\"iframe.wp-embedded-content\"),r=0;r<s.length;r++)(t=(e=s[r]).getAttribute(\"data-secret\"))||(t=Math.random().toString(36).substring(2,12),e.src+=\"#?secret=\"+t,e.setAttribute(\"data-secret\",t)),e.contentWindow.postMessage({message:\"ready\",secret:t},\"*\")},!1)))}(window,document);\n\/* ]]> *\/\n<\/script>\n","thumbnail_url":"https:\/\/instytutpolski.pl\/wien\/wp-content\/uploads\/sites\/2\/2020\/09\/IMG-20200923-WA0002.jpg","thumbnail_width":1600,"thumbnail_height":1200,"description":"Zu 40 Jahre Solidarno\u015b\u0107 hat das Polnische Institut Wien eine Filmvorf\u00fchrung des preisgekr\u00f6ntes Politdrama von Andrzej Wajda &#8222;Der Mann aus Eisen&#8221; veranstaltet. Polen zu Beginn der 80er Jahre. Ein angepasster Radioreporter erlebt den politischen Umschwung des Jahres 1980 und recherchiert die Vorgeschichte in der Biografie eines Streikf\u00fchrers, welcher der Sohn eines Propagandahelden aus der stalinistischen [&hellip;]"}

Zu 40 Jahre Solidarność hat das Polnische Institut Wien eine Filmvorführung des preisgekröntes Politdrama von Andrzej Wajda &#8222;Der Mann aus Eisen&#8221; veranstaltet. Polen zu Beginn der 80er Jahre. Ein angepasster Radioreporter erlebt den politischen Umschwung des Jahres 1980 und recherchiert die Vorgeschichte in der Biografie eines Streikführers, welcher der Sohn eines Propagandahelden aus der stalinistischen [&hellip;]
