{"version":"1.0","provider_name":"Instytut Polski w Wiedniu","provider_url":"https:\/\/instytutpolski.pl\/wien","author_name":"sienkiewiczj","author_url":"https:\/\/instytutpolski.pl\/wien\/author\/sienkiewiczj\/","title":"Gespr\u00e4ch \u00fcber die Projekte rund um das Stanis\u0142aw-Lem-Jahr - Instytut Polski w Wiedniu","type":"rich","width":600,"height":338,"html":"<blockquote class=\"wp-embedded-content\" data-secret=\"lvtAAk43sp\"><a href=\"https:\/\/instytutpolski.pl\/wien\/2021\/07\/09\/8813\/\">Gespr\u00e4ch \u00fcber die Projekte rund um das Stanis\u0142aw-Lem-Jahr<\/a><\/blockquote><iframe sandbox=\"allow-scripts\" security=\"restricted\" src=\"https:\/\/instytutpolski.pl\/wien\/2021\/07\/09\/8813\/embed\/#?secret=lvtAAk43sp\" width=\"600\" height=\"338\" title=\"&#8222;Gespr\u00e4ch \u00fcber die Projekte rund um das Stanis\u0142aw-Lem-Jahr&#8221; &#8212; Instytut Polski w Wiedniu\" data-secret=\"lvtAAk43sp\" frameborder=\"0\" marginwidth=\"0\" marginheight=\"0\" scrolling=\"no\" class=\"wp-embedded-content\"><\/iframe><script type=\"text\/javascript\">\n\/* <![CDATA[ *\/\n\/*! This file is auto-generated *\/\n!function(d,l){\"use strict\";l.querySelector&&d.addEventListener&&\"undefined\"!=typeof URL&&(d.wp=d.wp||{},d.wp.receiveEmbedMessage||(d.wp.receiveEmbedMessage=function(e){var t=e.data;if((t||t.secret||t.message||t.value)&&!\/[^a-zA-Z0-9]\/.test(t.secret)){for(var s,r,n,a=l.querySelectorAll('iframe[data-secret=\"'+t.secret+'\"]'),o=l.querySelectorAll('blockquote[data-secret=\"'+t.secret+'\"]'),c=new RegExp(\"^https?:$\",\"i\"),i=0;i<o.length;i++)o[i].style.display=\"none\";for(i=0;i<a.length;i++)s=a[i],e.source===s.contentWindow&&(s.removeAttribute(\"style\"),\"height\"===t.message?(1e3<(r=parseInt(t.value,10))?r=1e3:~~r<200&&(r=200),s.height=r):\"link\"===t.message&&(r=new URL(s.getAttribute(\"src\")),n=new URL(t.value),c.test(n.protocol))&&n.host===r.host&&l.activeElement===s&&(d.top.location.href=t.value))}},d.addEventListener(\"message\",d.wp.receiveEmbedMessage,!1),l.addEventListener(\"DOMContentLoaded\",function(){for(var e,t,s=l.querySelectorAll(\"iframe.wp-embedded-content\"),r=0;r<s.length;r++)(t=(e=s[r]).getAttribute(\"data-secret\"))||(t=Math.random().toString(36).substring(2,12),e.src+=\"#?secret=\"+t,e.setAttribute(\"data-secret\",t)),e.contentWindow.postMessage({message:\"ready\",secret:t},\"*\")},!1)))}(window,document);\n\/* ]]> *\/\n<\/script>\n","thumbnail_url":"https:\/\/instytutpolski.pl\/wien\/wp-content\/uploads\/sites\/2\/2021\/07\/fot1.jpg","thumbnail_width":912,"thumbnail_height":684,"description":"Ende Juli wird in Wien sehr spannend sein! Das Adam-Mickiewicz-Institut organisiert zwei einzigartige Projekte \u2013 eins im Rahmen des Festivals ImPulsTanz und eins in Zusammenarbeit mit dem Klangforum Wien. Wir sind stolz, dass wir Teil dieser Veranstaltungen sein d\u00fcrfen! \u00a0 Wie ein gro\u00dfer Scheinwerfer beleuchtet Lems Werk unsere Zeit \u2013 sein 100. Geburtstag k\u00f6nnte nicht [&hellip;]"}

Gespräch über die Projekte rund um das Stanisław-Lem-Jahr - Instytut Polski w Wiedniu

<blockquote class="wp-embedded-content" data-secret="lvtAAk43sp"><a href="https://instytutpolski.pl/wien/2021/07/09/8813/">Gespräch über die Projekte rund um das Stanisław-Lem-Jahr</a></blockquote><iframe sandbox="allow-scripts" security="restricted" src="https://instytutpolski.pl/wien/2021/07/09/8813/embed/#?secret=lvtAAk43sp" width="600" height="338" title="&#8222;Gespräch über die Projekte rund um das Stanisław-Lem-Jahr&#8221; &#8212; Instytut Polski w Wiedniu" data-secret="lvtAAk43sp" frameborder="0" marginwidth="0" marginheight="0" scrolling="no" class="wp-embedded-content"></iframe><script type="text/javascript">
/* <![CDATA[ */
/*! This file is auto-generated */
!function(d,l){"use strict";l.querySelector&&d.addEventListener&&"undefined"!=typeof URL&&(d.wp=d.wp||{},d.wp.receiveEmbedMessage||(d.wp.receiveEmbedMessage=function(e){var t=e.data;if((t||t.secret||t.message||t.value)&&!/[^a-zA-Z0-9]/.test(t.secret)){for(var s,r,n,a=l.querySelectorAll('iframe[data-secret="'+t.secret+'"]'),o=l.querySelectorAll('blockquote[data-secret="'+t.secret+'"]'),c=new RegExp("^https?:$","i"),i=0;i<o.length;i++)o[i].style.display="none";for(i=0;i<a.length;i++)s=a[i],e.source===s.contentWindow&&(s.removeAttribute("style"),"height"===t.message?(1e3<(r=parseInt(t.value,10))?r=1e3:~~r<200&&(r=200),s.height=r):"link"===t.message&&(r=new URL(s.getAttribute("src")),n=new URL(t.value),c.test(n.protocol))&&n.host===r.host&&l.activeElement===s&&(d.top.location.href=t.value))}},d.addEventListener("message",d.wp.receiveEmbedMessage,!1),l.addEventListener("DOMContentLoaded",function(){for(var e,t,s=l.querySelectorAll("iframe.wp-embedded-content"),r=0;r<s.length;r++)(t=(e=s[r]).getAttribute("data-secret"))||(t=Math.random().toString(36).substring(2,12),e.src+="#?secret="+t,e.setAttribute("data-secret",t)),e.contentWindow.postMessage({message:"ready",secret:t},"*")},!1)))}(window,document);
/* ]]> */
</script>

Ende Juli wird in Wien sehr spannend sein! Das Adam-Mickiewicz-Institut organisiert zwei einzigartige Projekte – eins im Rahmen des Festivals ImPulsTanz und eins in Zusammenarbeit mit dem Klangforum Wien. Wir sind stolz, dass wir Teil dieser Veranstaltungen sein dürfen!   Wie ein großer Scheinwerfer beleuchtet Lems Werk unsere Zeit – sein 100. Geburtstag könnte nicht [&hellip;]
