{"version":"1.0","provider_name":"Instytut Polski w Wiedniu","provider_url":"https:\/\/instytutpolski.pl\/wien","author_name":"madanya","author_url":"https:\/\/instytutpolski.pl\/wien\/author\/madanya\/","title":"\"Wei\u00df-rot-wei\u00df\" - Wettbewerb - Instytut Polski w Wiedniu","type":"rich","width":600,"height":338,"html":"<blockquote class=\"wp-embedded-content\" data-secret=\"QODQtaKGj3\"><a href=\"https:\/\/instytutpolski.pl\/wien\/2022\/08\/09\/weis-rot-weis-wettbewerb\/\">&#8222;Wei\u00df-rot-wei\u00df&#8221; &#8211; Wettbewerb<\/a><\/blockquote><iframe sandbox=\"allow-scripts\" security=\"restricted\" src=\"https:\/\/instytutpolski.pl\/wien\/2022\/08\/09\/weis-rot-weis-wettbewerb\/embed\/#?secret=QODQtaKGj3\" width=\"600\" height=\"338\" title=\"&#8222;&#8222;Wei\u00df-rot-wei\u00df&#8221; &#8211; Wettbewerb&#8221; &#8212; Instytut Polski w Wiedniu\" data-secret=\"QODQtaKGj3\" frameborder=\"0\" marginwidth=\"0\" marginheight=\"0\" scrolling=\"no\" class=\"wp-embedded-content\"><\/iframe><script type=\"text\/javascript\">\n\/* <![CDATA[ *\/\n\/*! This file is auto-generated *\/\n!function(d,l){\"use strict\";l.querySelector&&d.addEventListener&&\"undefined\"!=typeof URL&&(d.wp=d.wp||{},d.wp.receiveEmbedMessage||(d.wp.receiveEmbedMessage=function(e){var t=e.data;if((t||t.secret||t.message||t.value)&&!\/[^a-zA-Z0-9]\/.test(t.secret)){for(var s,r,n,a=l.querySelectorAll('iframe[data-secret=\"'+t.secret+'\"]'),o=l.querySelectorAll('blockquote[data-secret=\"'+t.secret+'\"]'),c=new RegExp(\"^https?:$\",\"i\"),i=0;i<o.length;i++)o[i].style.display=\"none\";for(i=0;i<a.length;i++)s=a[i],e.source===s.contentWindow&&(s.removeAttribute(\"style\"),\"height\"===t.message?(1e3<(r=parseInt(t.value,10))?r=1e3:~~r<200&&(r=200),s.height=r):\"link\"===t.message&&(r=new URL(s.getAttribute(\"src\")),n=new URL(t.value),c.test(n.protocol))&&n.host===r.host&&l.activeElement===s&&(d.top.location.href=t.value))}},d.addEventListener(\"message\",d.wp.receiveEmbedMessage,!1),l.addEventListener(\"DOMContentLoaded\",function(){for(var e,t,s=l.querySelectorAll(\"iframe.wp-embedded-content\"),r=0;r<s.length;r++)(t=(e=s[r]).getAttribute(\"data-secret\"))||(t=Math.random().toString(36).substring(2,12),e.src+=\"#?secret=\"+t,e.setAttribute(\"data-secret\",t)),e.contentWindow.postMessage({message:\"ready\",secret:t},\"*\")},!1)))}(window,document);\n\/* ]]> *\/\n<\/script>\n","thumbnail_url":"https:\/\/instytutpolski.pl\/wien\/wp-content\/uploads\/sites\/2\/2022\/08\/2208_bcb_konkurs_1600x625_slider3.jpg","thumbnail_width":1600,"thumbnail_height":625,"description":"Am 9.8.2022 ist der zweite Jahrestag der manipulierten Pr\u00e4sidentschaftswahlen in Belarus. In Solidarit\u00e4t mit dem belarussischen Volk, das f\u00fcr Freiheit und Menschenrechte k\u00e4mpft, organisierte das Nationale Kulturzentrum in Zusammenarbeit mit dem Ministerium f\u00fcr Kultur und Nationales Erbe und dem polnischen Au\u00dfenministerium einen Wettbewerb und eine Ausstellung von Plakaten, die sich auf die Mobilisierung der belarussischen [&hellip;]"}

"Weiß-rot-weiß" - Wettbewerb - Instytut Polski w Wiedniu

<blockquote class="wp-embedded-content" data-secret="QODQtaKGj3"><a href="https://instytutpolski.pl/wien/2022/08/09/weis-rot-weis-wettbewerb/">&#8222;Weiß-rot-weiß&#8221; &#8211; Wettbewerb</a></blockquote><iframe sandbox="allow-scripts" security="restricted" src="https://instytutpolski.pl/wien/2022/08/09/weis-rot-weis-wettbewerb/embed/#?secret=QODQtaKGj3" width="600" height="338" title="&#8222;&#8222;Weiß-rot-weiß&#8221; &#8211; Wettbewerb&#8221; &#8212; Instytut Polski w Wiedniu" data-secret="QODQtaKGj3" frameborder="0" marginwidth="0" marginheight="0" scrolling="no" class="wp-embedded-content"></iframe><script type="text/javascript">
/* <![CDATA[ */
/*! This file is auto-generated */
!function(d,l){"use strict";l.querySelector&&d.addEventListener&&"undefined"!=typeof URL&&(d.wp=d.wp||{},d.wp.receiveEmbedMessage||(d.wp.receiveEmbedMessage=function(e){var t=e.data;if((t||t.secret||t.message||t.value)&&!/[^a-zA-Z0-9]/.test(t.secret)){for(var s,r,n,a=l.querySelectorAll('iframe[data-secret="'+t.secret+'"]'),o=l.querySelectorAll('blockquote[data-secret="'+t.secret+'"]'),c=new RegExp("^https?:$","i"),i=0;i<o.length;i++)o[i].style.display="none";for(i=0;i<a.length;i++)s=a[i],e.source===s.contentWindow&&(s.removeAttribute("style"),"height"===t.message?(1e3<(r=parseInt(t.value,10))?r=1e3:~~r<200&&(r=200),s.height=r):"link"===t.message&&(r=new URL(s.getAttribute("src")),n=new URL(t.value),c.test(n.protocol))&&n.host===r.host&&l.activeElement===s&&(d.top.location.href=t.value))}},d.addEventListener("message",d.wp.receiveEmbedMessage,!1),l.addEventListener("DOMContentLoaded",function(){for(var e,t,s=l.querySelectorAll("iframe.wp-embedded-content"),r=0;r<s.length;r++)(t=(e=s[r]).getAttribute("data-secret"))||(t=Math.random().toString(36).substring(2,12),e.src+="#?secret="+t,e.setAttribute("data-secret",t)),e.contentWindow.postMessage({message:"ready",secret:t},"*")},!1)))}(window,document);
/* ]]> */
</script>

Am 9.8.2022 ist der zweite Jahrestag der manipulierten Präsidentschaftswahlen in Belarus. In Solidarität mit dem belarussischen Volk, das für Freiheit und Menschenrechte kämpft, organisierte das Nationale Kulturzentrum in Zusammenarbeit mit dem Ministerium für Kultur und Nationales Erbe und dem polnischen Außenministerium einen Wettbewerb und eine Ausstellung von Plakaten, die sich auf die Mobilisierung der belarussischen [&hellip;]
