{"version":"1.0","provider_name":"Instytut Polski w Wiedniu","provider_url":"https:\/\/instytutpolski.pl\/wien","author_name":"madanya","author_url":"https:\/\/instytutpolski.pl\/wien\/author\/madanya\/","title":"Polnisches Institut auf der Buchmesse Wien - Instytut Polski w Wiedniu","type":"rich","width":600,"height":338,"html":"<blockquote class=\"wp-embedded-content\" data-secret=\"dRD1i0NIzQ\"><a href=\"https:\/\/instytutpolski.pl\/wien\/2022\/11\/28\/polnisches-institut-auf-der-buchmesse-wien\/\">Polnisches Institut auf der Buchmesse Wien<\/a><\/blockquote><iframe sandbox=\"allow-scripts\" security=\"restricted\" src=\"https:\/\/instytutpolski.pl\/wien\/2022\/11\/28\/polnisches-institut-auf-der-buchmesse-wien\/embed\/#?secret=dRD1i0NIzQ\" width=\"600\" height=\"338\" title=\"&#8222;Polnisches Institut auf der Buchmesse Wien&#8221; &#8212; Instytut Polski w Wiedniu\" data-secret=\"dRD1i0NIzQ\" frameborder=\"0\" marginwidth=\"0\" marginheight=\"0\" scrolling=\"no\" class=\"wp-embedded-content\"><\/iframe><script type=\"text\/javascript\">\n\/* <![CDATA[ *\/\n\/*! This file is auto-generated *\/\n!function(d,l){\"use strict\";l.querySelector&&d.addEventListener&&\"undefined\"!=typeof URL&&(d.wp=d.wp||{},d.wp.receiveEmbedMessage||(d.wp.receiveEmbedMessage=function(e){var t=e.data;if((t||t.secret||t.message||t.value)&&!\/[^a-zA-Z0-9]\/.test(t.secret)){for(var s,r,n,a=l.querySelectorAll('iframe[data-secret=\"'+t.secret+'\"]'),o=l.querySelectorAll('blockquote[data-secret=\"'+t.secret+'\"]'),c=new RegExp(\"^https?:$\",\"i\"),i=0;i<o.length;i++)o[i].style.display=\"none\";for(i=0;i<a.length;i++)s=a[i],e.source===s.contentWindow&&(s.removeAttribute(\"style\"),\"height\"===t.message?(1e3<(r=parseInt(t.value,10))?r=1e3:~~r<200&&(r=200),s.height=r):\"link\"===t.message&&(r=new URL(s.getAttribute(\"src\")),n=new URL(t.value),c.test(n.protocol))&&n.host===r.host&&l.activeElement===s&&(d.top.location.href=t.value))}},d.addEventListener(\"message\",d.wp.receiveEmbedMessage,!1),l.addEventListener(\"DOMContentLoaded\",function(){for(var e,t,s=l.querySelectorAll(\"iframe.wp-embedded-content\"),r=0;r<s.length;r++)(t=(e=s[r]).getAttribute(\"data-secret\"))||(t=Math.random().toString(36).substring(2,12),e.src+=\"#?secret=\"+t,e.setAttribute(\"data-secret\",t)),e.contentWindow.postMessage({message:\"ready\",secret:t},\"*\")},!1)))}(window,document);\n\/* ]]> *\/\n<\/script>\n","thumbnail_url":"https:\/\/instytutpolski.pl\/wien\/wp-content\/uploads\/sites\/2\/2022\/11\/Buch-Wien-22-Thursday-Small-\u00a9-Nicola-Montfort-07.jpg","thumbnail_width":1365,"thumbnail_height":2048,"description":"Hunderte Autor:innen, Verleger:innen und Journalist:innen sowie zahlreiche Pers\u00f6nlichkeiten aus Politik, Wirtschaft, Wissenschaft und Kultur machten in den letzten Tagen die Buch Wien zum zentralen Ort f\u00fcr Meinungsaustausch und positionierten sie als Impulsgeber f\u00fcr die Branche und den kultur- und gesellschaftspolitischen Diskurs. Das Interesse der \u00fcber 51.000 Besucher:innen an den mehr als 400 Veranstaltungen und den [&hellip;]"}

Hunderte Autor:innen, Verleger:innen und Journalist:innen sowie zahlreiche Persönlichkeiten aus Politik, Wirtschaft, Wissenschaft und Kultur machten in den letzten Tagen die Buch Wien zum zentralen Ort für Meinungsaustausch und positionierten sie als Impulsgeber für die Branche und den kultur- und gesellschaftspolitischen Diskurs. Das Interesse der über 51.000 Besucher:innen an den mehr als 400 Veranstaltungen und den [&hellip;]
