{"version":"1.0","provider_name":"Instytut Polski w Wiedniu","provider_url":"https:\/\/instytutpolski.pl\/wien","author_name":"madanya","author_url":"https:\/\/instytutpolski.pl\/wien\/author\/madanya\/","title":"Ausstellung: SYSTEMRELEVANT - Instytut Polski w Wiedniu","type":"rich","width":600,"height":338,"html":"<blockquote class=\"wp-embedded-content\" data-secret=\"pMX8JD3rZQ\"><a href=\"https:\/\/instytutpolski.pl\/wien\/2023\/09\/07\/ausstellung-systemrelevant\/\">Ausstellung: SYSTEMRELEVANT<\/a><\/blockquote><iframe sandbox=\"allow-scripts\" security=\"restricted\" src=\"https:\/\/instytutpolski.pl\/wien\/2023\/09\/07\/ausstellung-systemrelevant\/embed\/#?secret=pMX8JD3rZQ\" width=\"600\" height=\"338\" title=\"&#8222;Ausstellung: SYSTEMRELEVANT&#8221; &#8212; Instytut Polski w Wiedniu\" data-secret=\"pMX8JD3rZQ\" frameborder=\"0\" marginwidth=\"0\" marginheight=\"0\" scrolling=\"no\" class=\"wp-embedded-content\"><\/iframe><script type=\"text\/javascript\">\n\/* <![CDATA[ *\/\n\/*! This file is auto-generated *\/\n!function(d,l){\"use strict\";l.querySelector&&d.addEventListener&&\"undefined\"!=typeof URL&&(d.wp=d.wp||{},d.wp.receiveEmbedMessage||(d.wp.receiveEmbedMessage=function(e){var t=e.data;if((t||t.secret||t.message||t.value)&&!\/[^a-zA-Z0-9]\/.test(t.secret)){for(var s,r,n,a=l.querySelectorAll('iframe[data-secret=\"'+t.secret+'\"]'),o=l.querySelectorAll('blockquote[data-secret=\"'+t.secret+'\"]'),c=new RegExp(\"^https?:$\",\"i\"),i=0;i<o.length;i++)o[i].style.display=\"none\";for(i=0;i<a.length;i++)s=a[i],e.source===s.contentWindow&&(s.removeAttribute(\"style\"),\"height\"===t.message?(1e3<(r=parseInt(t.value,10))?r=1e3:~~r<200&&(r=200),s.height=r):\"link\"===t.message&&(r=new URL(s.getAttribute(\"src\")),n=new URL(t.value),c.test(n.protocol))&&n.host===r.host&&l.activeElement===s&&(d.top.location.href=t.value))}},d.addEventListener(\"message\",d.wp.receiveEmbedMessage,!1),l.addEventListener(\"DOMContentLoaded\",function(){for(var e,t,s=l.querySelectorAll(\"iframe.wp-embedded-content\"),r=0;r<s.length;r++)(t=(e=s[r]).getAttribute(\"data-secret\"))||(t=Math.random().toString(36).substring(2,12),e.src+=\"#?secret=\"+t,e.setAttribute(\"data-secret\",t)),e.contentWindow.postMessage({message:\"ready\",secret:t},\"*\")},!1)))}(window,document);\n\/* ]]> *\/\n<\/script>\n","thumbnail_url":"https:\/\/instytutpolski.pl\/wien\/wp-content\/uploads\/sites\/2\/2023\/09\/MT.jpg","thumbnail_width":614,"thumbnail_height":569,"description":"ER\u00d6FFNUNG: 4. Oktober, 18:30 Uhr, K\u00fcnstlerhaus. Zu sehen bis 18.02.2024.\u00a0 \u00a0 In der sehr pers\u00f6nlichen Schau stellt G\u00fcnther Oberhollenzer k\u00fcnstlerische Positionen vor, die in ihren Arbeiten bewusst Anspruch auf gesellschaftliche Relevanz erheben, aber er fragt auch bei Kunstschaffenden nach, wie sie ihre Rolle sehen, welche Themen sie aktuell diskutieren. SYSTEMRELEVANT versteht sich auch als eine [&hellip;]"}

ERÖFFNUNG: 4. Oktober, 18:30 Uhr, Künstlerhaus. Zu sehen bis 18.02.2024.    In der sehr persönlichen Schau stellt Günther Oberhollenzer künstlerische Positionen vor, die in ihren Arbeiten bewusst Anspruch auf gesellschaftliche Relevanz erheben, aber er fragt auch bei Kunstschaffenden nach, wie sie ihre Rolle sehen, welche Themen sie aktuell diskutieren. SYSTEMRELEVANT versteht sich auch als eine [&hellip;]
