{"version":"1.0","provider_name":"Instytut Polski w Wiedniu","provider_url":"https:\/\/instytutpolski.pl\/wien","author_name":"madanya","author_url":"https:\/\/instytutpolski.pl\/wien\/author\/madanya\/","title":"Wystawa \u201eJan Pawe\u0142 II. \u2013 Aposto\u0142 pokoju\u201d, Enkplatz - Instytut Polski w Wiedniu","type":"rich","width":600,"height":338,"html":"<blockquote class=\"wp-embedded-content\" data-secret=\"MVipWTyVuz\"><a href=\"https:\/\/instytutpolski.pl\/wien\/pl\/2021\/09\/28\/wystawa-jan-pawel-ii-apostol-pokoju-enkplatz\/\">Wystawa \u201eJan Pawe\u0142 II. \u2013 Aposto\u0142 pokoju\u201d, Enkplatz<\/a><\/blockquote><iframe sandbox=\"allow-scripts\" security=\"restricted\" src=\"https:\/\/instytutpolski.pl\/wien\/pl\/2021\/09\/28\/wystawa-jan-pawel-ii-apostol-pokoju-enkplatz\/embed\/#?secret=MVipWTyVuz\" width=\"600\" height=\"338\" title=\"&#8222;Wystawa \u201eJan Pawe\u0142 II. \u2013 Aposto\u0142 pokoju\u201d, Enkplatz&#8221; &#8212; Instytut Polski w Wiedniu\" data-secret=\"MVipWTyVuz\" frameborder=\"0\" marginwidth=\"0\" marginheight=\"0\" scrolling=\"no\" class=\"wp-embedded-content\"><\/iframe><script type=\"text\/javascript\">\n\/* <![CDATA[ *\/\n\/*! This file is auto-generated *\/\n!function(d,l){\"use strict\";l.querySelector&&d.addEventListener&&\"undefined\"!=typeof URL&&(d.wp=d.wp||{},d.wp.receiveEmbedMessage||(d.wp.receiveEmbedMessage=function(e){var t=e.data;if((t||t.secret||t.message||t.value)&&!\/[^a-zA-Z0-9]\/.test(t.secret)){for(var s,r,n,a=l.querySelectorAll('iframe[data-secret=\"'+t.secret+'\"]'),o=l.querySelectorAll('blockquote[data-secret=\"'+t.secret+'\"]'),c=new RegExp(\"^https?:$\",\"i\"),i=0;i<o.length;i++)o[i].style.display=\"none\";for(i=0;i<a.length;i++)s=a[i],e.source===s.contentWindow&&(s.removeAttribute(\"style\"),\"height\"===t.message?(1e3<(r=parseInt(t.value,10))?r=1e3:~~r<200&&(r=200),s.height=r):\"link\"===t.message&&(r=new URL(s.getAttribute(\"src\")),n=new URL(t.value),c.test(n.protocol))&&n.host===r.host&&l.activeElement===s&&(d.top.location.href=t.value))}},d.addEventListener(\"message\",d.wp.receiveEmbedMessage,!1),l.addEventListener(\"DOMContentLoaded\",function(){for(var e,t,s=l.querySelectorAll(\"iframe.wp-embedded-content\"),r=0;r<s.length;r++)(t=(e=s[r]).getAttribute(\"data-secret\"))||(t=Math.random().toString(36).substring(2,12),e.src+=\"#?secret=\"+t,e.setAttribute(\"data-secret\",t)),e.contentWindow.postMessage({message:\"ready\",secret:t},\"*\")},!1)))}(window,document);\n\/* ]]> *\/\n<\/script>\n","thumbnail_url":"https:\/\/instytutpolski.pl\/wien\/wp-content\/uploads\/sites\/2\/2021\/09\/\u00a9Instytut-Polski-w-Wiedniu-scaled.jpg","thumbnail_width":2560,"thumbnail_height":1656,"description":"Instytut Polski w Wiedniu wraz z ko\u015bcio\u0142em Zur G\u00f6ttlichen Liebe po\u0142o\u017conym w dzielnicy Simmering prezentuje wystaw\u0119 fotograficzn\u0105 \u201eJan Pawe\u0142 II \u2013 Aposto\u0142 Pokoju\u201d, kt\u00f3ra by\u0142a ju\u017c pokazywana w pa\u017adzierniku 2020 r. w ko\u015bciele \u015bw. Micha\u0142a w Wiedniu z okazji 100. urodzin Karola Wojty\u0142y, a w sierpniu 2021 r. w ko\u015bciele \u015bw. J\u00f3zefa na Kahlenbergu. Prace [&hellip;]"}

Wystawa „Jan Paweł II. – Apostoł pokoju”, Enkplatz - Instytut Polski w Wiedniu

<blockquote class="wp-embedded-content" data-secret="MVipWTyVuz"><a href="https://instytutpolski.pl/wien/pl/2021/09/28/wystawa-jan-pawel-ii-apostol-pokoju-enkplatz/">Wystawa „Jan Paweł II. – Apostoł pokoju”, Enkplatz</a></blockquote><iframe sandbox="allow-scripts" security="restricted" src="https://instytutpolski.pl/wien/pl/2021/09/28/wystawa-jan-pawel-ii-apostol-pokoju-enkplatz/embed/#?secret=MVipWTyVuz" width="600" height="338" title="&#8222;Wystawa „Jan Paweł II. – Apostoł pokoju”, Enkplatz&#8221; &#8212; Instytut Polski w Wiedniu" data-secret="MVipWTyVuz" frameborder="0" marginwidth="0" marginheight="0" scrolling="no" class="wp-embedded-content"></iframe><script type="text/javascript">
/* <![CDATA[ */
/*! This file is auto-generated */
!function(d,l){"use strict";l.querySelector&&d.addEventListener&&"undefined"!=typeof URL&&(d.wp=d.wp||{},d.wp.receiveEmbedMessage||(d.wp.receiveEmbedMessage=function(e){var t=e.data;if((t||t.secret||t.message||t.value)&&!/[^a-zA-Z0-9]/.test(t.secret)){for(var s,r,n,a=l.querySelectorAll('iframe[data-secret="'+t.secret+'"]'),o=l.querySelectorAll('blockquote[data-secret="'+t.secret+'"]'),c=new RegExp("^https?:$","i"),i=0;i<o.length;i++)o[i].style.display="none";for(i=0;i<a.length;i++)s=a[i],e.source===s.contentWindow&&(s.removeAttribute("style"),"height"===t.message?(1e3<(r=parseInt(t.value,10))?r=1e3:~~r<200&&(r=200),s.height=r):"link"===t.message&&(r=new URL(s.getAttribute("src")),n=new URL(t.value),c.test(n.protocol))&&n.host===r.host&&l.activeElement===s&&(d.top.location.href=t.value))}},d.addEventListener("message",d.wp.receiveEmbedMessage,!1),l.addEventListener("DOMContentLoaded",function(){for(var e,t,s=l.querySelectorAll("iframe.wp-embedded-content"),r=0;r<s.length;r++)(t=(e=s[r]).getAttribute("data-secret"))||(t=Math.random().toString(36).substring(2,12),e.src+="#?secret="+t,e.setAttribute("data-secret",t)),e.contentWindow.postMessage({message:"ready",secret:t},"*")},!1)))}(window,document);
/* ]]> */
</script>

Instytut Polski w Wiedniu wraz z kościołem Zur Göttlichen Liebe położonym w dzielnicy Simmering prezentuje wystawę fotograficzną „Jan Paweł II – Apostoł Pokoju”, która była już pokazywana w październiku 2020 r. w kościele św. Michała w Wiedniu z okazji 100. urodzin Karola Wojtyły, a w sierpniu 2021 r. w kościele św. Józefa na Kahlenbergu. Prace [&hellip;]
