{"version":"1.0","provider_name":"Instytut Polski w Wiedniu","provider_url":"https:\/\/instytutpolski.pl\/wien","author_name":"sienkiewiczj","author_url":"https:\/\/instytutpolski.pl\/wien\/author\/sienkiewiczj\/","title":"Projekt online: WIS\u0141AWA SZYMBORSKA \/ ROCZNICA \u015aMIERCI - Instytut Polski w Wiedniu","type":"rich","width":600,"height":338,"html":"<blockquote class=\"wp-embedded-content\" data-secret=\"sgDalJPkuw\"><a href=\"https:\/\/instytutpolski.pl\/wien\/pl\/2022\/01\/20\/projekt-online-wislawa-szymborska-rocznica-smierci\/\">Projekt online: WIS\u0141AWA SZYMBORSKA \/ ROCZNICA \u015aMIERCI<\/a><\/blockquote><iframe sandbox=\"allow-scripts\" security=\"restricted\" src=\"https:\/\/instytutpolski.pl\/wien\/pl\/2022\/01\/20\/projekt-online-wislawa-szymborska-rocznica-smierci\/embed\/#?secret=sgDalJPkuw\" width=\"600\" height=\"338\" title=\"&#8222;Projekt online: WIS\u0141AWA SZYMBORSKA \/ ROCZNICA \u015aMIERCI&#8221; &#8212; Instytut Polski w Wiedniu\" data-secret=\"sgDalJPkuw\" frameborder=\"0\" marginwidth=\"0\" marginheight=\"0\" scrolling=\"no\" class=\"wp-embedded-content\"><\/iframe><script type=\"text\/javascript\">\n\/* <![CDATA[ *\/\n\/*! This file is auto-generated *\/\n!function(d,l){\"use strict\";l.querySelector&&d.addEventListener&&\"undefined\"!=typeof URL&&(d.wp=d.wp||{},d.wp.receiveEmbedMessage||(d.wp.receiveEmbedMessage=function(e){var t=e.data;if((t||t.secret||t.message||t.value)&&!\/[^a-zA-Z0-9]\/.test(t.secret)){for(var s,r,n,a=l.querySelectorAll('iframe[data-secret=\"'+t.secret+'\"]'),o=l.querySelectorAll('blockquote[data-secret=\"'+t.secret+'\"]'),c=new RegExp(\"^https?:$\",\"i\"),i=0;i<o.length;i++)o[i].style.display=\"none\";for(i=0;i<a.length;i++)s=a[i],e.source===s.contentWindow&&(s.removeAttribute(\"style\"),\"height\"===t.message?(1e3<(r=parseInt(t.value,10))?r=1e3:~~r<200&&(r=200),s.height=r):\"link\"===t.message&&(r=new URL(s.getAttribute(\"src\")),n=new URL(t.value),c.test(n.protocol))&&n.host===r.host&&l.activeElement===s&&(d.top.location.href=t.value))}},d.addEventListener(\"message\",d.wp.receiveEmbedMessage,!1),l.addEventListener(\"DOMContentLoaded\",function(){for(var e,t,s=l.querySelectorAll(\"iframe.wp-embedded-content\"),r=0;r<s.length;r++)(t=(e=s[r]).getAttribute(\"data-secret\"))||(t=Math.random().toString(36).substring(2,12),e.src+=\"#?secret=\"+t,e.setAttribute(\"data-secret\",t)),e.contentWindow.postMessage({message:\"ready\",secret:t},\"*\")},!1)))}(window,document);\n\/* ]]> *\/\n<\/script>\n","thumbnail_url":"https:\/\/instytutpolski.pl\/wien\/wp-content\/uploads\/sites\/2\/2022\/02\/markus-meyer.png","thumbnail_width":1679,"thumbnail_height":928,"description":"1.2.2022 mija 10 lat od \u015bmierci Wis\u0142awy Szymborskiej &#8211; jednej z najwybitniejszych polskich poetek, kt\u00f3rej tw\u00f3rczo\u015b\u0107 w 1996 roku zosta\u0142a uhonorowana Literack\u0105 Nagrod\u0105 Nobla. Jej wiersze, cho\u0107 cz\u0119sto proste w swej formie literackiej, poruszaj\u0105 wa\u017cne tematy, kwestionuj\u0105 to, co wydaje si\u0119 nam oczywiste i sk\u0142aniaj\u0105 do refleksji. Prezentujemy dwie cz\u0119\u015bci czytania wybranych dzie\u0142 noblistki we [&hellip;]"}

Projekt online: WISŁAWA SZYMBORSKA / ROCZNICA ŚMIERCI - Instytut Polski w Wiedniu

<blockquote class="wp-embedded-content" data-secret="sgDalJPkuw"><a href="https://instytutpolski.pl/wien/pl/2022/01/20/projekt-online-wislawa-szymborska-rocznica-smierci/">Projekt online: WISŁAWA SZYMBORSKA / ROCZNICA ŚMIERCI</a></blockquote><iframe sandbox="allow-scripts" security="restricted" src="https://instytutpolski.pl/wien/pl/2022/01/20/projekt-online-wislawa-szymborska-rocznica-smierci/embed/#?secret=sgDalJPkuw" width="600" height="338" title="&#8222;Projekt online: WISŁAWA SZYMBORSKA / ROCZNICA ŚMIERCI&#8221; &#8212; Instytut Polski w Wiedniu" data-secret="sgDalJPkuw" frameborder="0" marginwidth="0" marginheight="0" scrolling="no" class="wp-embedded-content"></iframe><script type="text/javascript">
/* <![CDATA[ */
/*! This file is auto-generated */
!function(d,l){"use strict";l.querySelector&&d.addEventListener&&"undefined"!=typeof URL&&(d.wp=d.wp||{},d.wp.receiveEmbedMessage||(d.wp.receiveEmbedMessage=function(e){var t=e.data;if((t||t.secret||t.message||t.value)&&!/[^a-zA-Z0-9]/.test(t.secret)){for(var s,r,n,a=l.querySelectorAll('iframe[data-secret="'+t.secret+'"]'),o=l.querySelectorAll('blockquote[data-secret="'+t.secret+'"]'),c=new RegExp("^https?:$","i"),i=0;i<o.length;i++)o[i].style.display="none";for(i=0;i<a.length;i++)s=a[i],e.source===s.contentWindow&&(s.removeAttribute("style"),"height"===t.message?(1e3<(r=parseInt(t.value,10))?r=1e3:~~r<200&&(r=200),s.height=r):"link"===t.message&&(r=new URL(s.getAttribute("src")),n=new URL(t.value),c.test(n.protocol))&&n.host===r.host&&l.activeElement===s&&(d.top.location.href=t.value))}},d.addEventListener("message",d.wp.receiveEmbedMessage,!1),l.addEventListener("DOMContentLoaded",function(){for(var e,t,s=l.querySelectorAll("iframe.wp-embedded-content"),r=0;r<s.length;r++)(t=(e=s[r]).getAttribute("data-secret"))||(t=Math.random().toString(36).substring(2,12),e.src+="#?secret="+t,e.setAttribute("data-secret",t)),e.contentWindow.postMessage({message:"ready",secret:t},"*")},!1)))}(window,document);
/* ]]> */
</script>

1.2.2022 mija 10 lat od śmierci Wisławy Szymborskiej &#8211; jednej z najwybitniejszych polskich poetek, której twórczość w 1996 roku została uhonorowana Literacką Nagrodą Nobla. Jej wiersze, choć często proste w swej formie literackiej, poruszają ważne tematy, kwestionują to, co wydaje się nam oczywiste i skłaniają do refleksji. Prezentujemy dwie części czytania wybranych dzieł noblistki we [&hellip;]
