{"id":4464,"date":"2020-06-01T22:37:00","date_gmt":"2020-06-01T20:37:00","guid":{"rendered":"https:\/\/instytutpolski.pl\/wien\/?page_id=4464"},"modified":"2020-06-05T22:55:17","modified_gmt":"2020-06-05T20:55:17","slug":"erklarung-uber-barrierefreiheit","status":"publish","type":"page","link":"https:\/\/instytutpolski.pl\/wien\/erklarung-uber-barrierefreiheit\/","title":{"rendered":"Erkl\u00e4rung \u00fcber Barrierefreiheit"},"content":{"rendered":"\n<p>Das Ministerium f\u00fcr Ausw\u00e4rtige Angelegenheiten der Republik Polen verpflichtet sich, die Barrierefreiheit seiner Website in \u00dcbereinstimmung mit den Bestimmungen des polnischen Gesetzes vom 4. April 2019 \u00fcber die digitale Zug\u00e4nglichkeit von Websites und mobilen Anwendungen \u00f6ffentlicher Einrichtungen zu gew\u00e4hrleisten. Die Erkl\u00e4rung \u00fcber die Barrierefreiheit gilt f\u00fcr die Website des Au\u00dfenministeriums institutpolski.pl\/wien<\/p>\n<p>Datum der Ver\u00f6ffentlichung der Website: 1. Juni 2020<\/p>\n<p>Datum der letzten gr\u00f6\u00dferen Aktualisierung: 1. Juni 2020<\/p>\n<p>Die Website entspricht aufgrund der unten aufgef\u00fchrten Unvereinbarkeiten oder Ausschl\u00fcsse teilweise dem Gesetz \u00fcber die digitale Zug\u00e4nglichkeit \u00f6ffentlicher Einrichtungen f\u00fcr Websites und mobile Anwendungen.<\/p>\n<p>Die Website kann Videos enthalten, zu denen keine Untertitel f\u00fcr geh\u00f6rlose Personen hinzugef\u00fcgt wurden. Wenn Sie in einer der drei Formen kommunizieren m\u00fcssen: Geb\u00e4rdensprache (PJM), Sprache und Prop-System (SJM), die Art und Weise, wie Geh\u00f6rlose kommunizieren (SKOGN), senden Sie bitte eine Nachricht an <a href=\"mailto:bazi.tlumaczenia@msz.gov.pl\">bazi.tlumaczenia@msz.gov.pl<\/a>.<\/p>\n<p>Die Erkl\u00e4rung wurde am 29. Mai 2020 abgegeben.<\/p>\n<p>Diese Erkl\u00e4rung wurde auf der Grundlage einer Selbsteinsch\u00e4tzung durch eine \u00f6ffentliche Stelle abgegeben.<\/p>\n<p>Auf der Website k\u00f6nnen Standard-Tastaturk\u00fcrzel verwendet werden.<\/p>\n<p><strong>Feedback und Kontaktdaten<\/strong><\/p>\n<p>Bei Problemen mit der Zug\u00e4nglichkeit der Website kontaktieren Sie uns bitte unter redakcja@msz.gov.pl. Sie k\u00f6nnen sich auch unter der Telefonnummer 22 523 93 56 mit uns in Verbindung setzen. Auf dieselbe Weise k\u00f6nnen Sie nicht verf\u00fcgbare Informationen beantragen und sich \u00fcber mangelnde Zug\u00e4nglichkeit beschweren.<\/p>\n<p>Jeder hat das Recht, die Verf\u00fcgbarkeit einer digitalen Website, einer mobilen Anwendung oder eines ihrer Elemente zu beantragen. Sie k\u00f6nnen Informationen auch \u00fcber eine alternative Zugangsm\u00f6glichkeit anfordern, z.B. durch Lesen eines digital nicht verf\u00fcgbaren Dokuments, durch Beschreibung des Inhalts eines Films ohne Audiotranskription usw. Die Anfrage sollte die Identit\u00e4t der Person, die die Anfrage stellt, sowie einen Hinweis darauf enthalten, um welche Website oder mobile Anwendung es sich handelt und wie man kontaktiert werden kann. Wenn der Antragsteller Informationen \u00fcber eine alternative Zugangsm\u00f6glichkeit w\u00fcnscht, sollte er auch eine bequeme Art der Darstellung dieser Informationen angeben. Die \u00f6ffentliche Einrichtung sollte dem Ersuchen so bald wie m\u00f6glich, sp\u00e4testens jedoch innerhalb von 7 Tagen ab dem Datum des Ersuchens nachkommen. Ist es nicht m\u00f6glich, diese Frist einzuhalten, so teilt die \u00f6ffentliche Stelle der antragstellenden Person unverz\u00fcglich mit, wann sie dem Antrag nachkommen kann, was nicht mehr als zwei Monate ab dem Datum des Antrags betragen darf. Wenn die digitale Zug\u00e4nglichkeit nicht gew\u00e4hrleistet werden kann, kann die \u00f6ffentliche Stelle eine alternative Zugangsm\u00f6glichkeit zu den Informationen vorschlagen. Weigert sich die \u00f6ffentliche Stelle, einem Ersuchen um Zug\u00e4nglichkeit oder einen alternativen Weg f\u00fcr den Zugang zu Informationen nachzukommen, so kann sich die ersuchende \u00f6ffentliche Stelle \u00fcber die Bereitstellung der digitalen Zug\u00e4nglichkeit einer Website, einer mobilen Anwendung oder eines Elements einer Website oder einer mobilen Anwendung beschweren. Wenn das oben genannte Verfahren ausgesch\u00f6pft ist, kann auch ein Antrag an den Ombudsmann gestellt werden.<\/p>\n<p>Wenn alle M\u00f6glichkeiten ausgesch\u00f6pft sind, kann eine Beschwerde auch an den <a href=\"https:\/\/www.rpo.gov.pl\/content\/jak-zglosic-sie-do-rzecznika-praw-obywatelskich\">Ombudsmann<\/a> gerichtet werden.<\/p>\n<p>\u00a0<\/p>\n<p><strong>Architektonische Zug\u00e4nglichkeit<\/strong><\/p>\n<p>Das Polnische Institut in Wien teilt mit, dass im Rahmen der architektonischen Zug\u00e4nglichkeit des Hauptgeb\u00e4udes der Institution, in dem sich die Galerie, der Konferenzraum und die B\u00fcros des Instituts befinden, ein barrierefreier Zugang (von der Tiefer Graben Stra\u00dfe) besteht. Der Zugang zur Bibliothek des Polnischen Instituts in Wien ist nicht barrierefrei. Personen mit k\u00f6rperlichen Behinderungen, die die Best\u00e4nde der Bibliothek nutzen m\u00f6chten, werden gebeten, dies dem Mitarbeiter des Instituts telefonisch mitzuteilen. Es ist m\u00f6glich, die elektronische Datenbank einzusehen und ein verf\u00fcgbares Objekt auszuleihen. Der Parkplatz f\u00fcr Fahrzeuge befindet sich direkt am Eingang des Geb\u00e4udes und ist nicht barrierefrei.<\/p>\n","protected":false},"excerpt":{"rendered":"<p>Das Ministerium f\u00fcr Ausw\u00e4rtige Angelegenheiten der Republik Polen verpflichtet sich, die Barrierefreiheit seiner Website in \u00dcbereinstimmung mit den Bestimmungen des polnischen Gesetzes vom 4. April 2019 \u00fcber die digitale Zug\u00e4nglichkeit von Websites und mobilen Anwendungen \u00f6ffentlicher Einrichtungen zu gew\u00e4hrleisten. Die Erkl\u00e4rung \u00fcber die Barrierefreiheit gilt f\u00fcr die Website des Au\u00dfenministeriums institutpolski.pl\/wien Datum der Ver\u00f6ffentlichung der [&hellip;]<\/p>\n","protected":false},"author":26,"featured_media":4248,"parent":0,"menu_order":0,"comment_status":"closed","ping_status":"closed","template":"","meta":{"inline_featured_image":false,"_monsterinsights_skip_tracking":false,"_monsterinsights_sitenote_active":false,"_monsterinsights_sitenote_note":"","_monsterinsights_sitenote_category":0,"footnotes":""},"class_list":["post-4464","page","type-page","status-publish","has-post-thumbnail","hentry"],"yoast_head":"<!-- This site is optimized with the Yoast SEO plugin v24.6 - https:\/\/yoast.com\/wordpress\/plugins\/seo\/ -->\n<title>Erkl\u00e4rung \u00fcber Barrierefreiheit - Instytut Polski w Wiedniu<\/title>\n<meta name=\"robots\" content=\"index, follow, max-snippet:-1, max-image-preview:large, max-video-preview:-1\" \/>\n<link rel=\"canonical\" href=\"https:\/\/instytutpolski.pl\/wien\/erklarung-uber-barrierefreiheit\/\" \/>\n<meta property=\"og:locale\" content=\"pl_PL\" \/>\n<meta property=\"og:type\" content=\"article\" \/>\n<meta property=\"og:title\" content=\"Erkl\u00e4rung \u00fcber Barrierefreiheit - Instytut Polski w Wiedniu\" \/>\n<meta property=\"og:description\" content=\"Das Ministerium f\u00fcr Ausw\u00e4rtige Angelegenheiten der Republik Polen verpflichtet sich, die Barrierefreiheit seiner Website in \u00dcbereinstimmung mit den Bestimmungen des polnischen Gesetzes vom 4. April 2019 \u00fcber die digitale Zug\u00e4nglichkeit von Websites und mobilen Anwendungen \u00f6ffentlicher Einrichtungen zu gew\u00e4hrleisten. Die Erkl\u00e4rung \u00fcber die Barrierefreiheit gilt f\u00fcr die Website des Au\u00dfenministeriums institutpolski.pl\/wien Datum der Ver\u00f6ffentlichung der [&hellip;]\" \/>\n<meta property=\"og:url\" content=\"https:\/\/instytutpolski.pl\/wien\/erklarung-uber-barrierefreiheit\/\" \/>\n<meta property=\"og:site_name\" content=\"Instytut Polski w Wiedniu\" \/>\n<meta property=\"article:modified_time\" content=\"2020-06-05T20:55:17+00:00\" \/>\n<meta property=\"og:image\" content=\"https:\/\/instytutpolski.pl\/wien\/wp-content\/uploads\/sites\/2\/2020\/05\/Instytut-Polski-2.jpg\" \/>\n\t<meta property=\"og:image:width\" content=\"1500\" \/>\n\t<meta property=\"og:image:height\" content=\"500\" \/>\n\t<meta property=\"og:image:type\" content=\"image\/jpeg\" \/>\n<meta name=\"twitter:card\" content=\"summary_large_image\" \/>\n<meta name=\"twitter:label1\" content=\"Szacowany czas czytania\" \/>\n\t<meta name=\"twitter:data1\" content=\"3 minuty\" \/>\n<script type=\"application\/ld+json\" class=\"yoast-schema-graph\">{\"@context\":\"https:\/\/schema.org\",\"@graph\":[{\"@type\":\"WebPage\",\"@id\":\"https:\/\/instytutpolski.pl\/wien\/erklarung-uber-barrierefreiheit\/\",\"url\":\"https:\/\/instytutpolski.pl\/wien\/erklarung-uber-barrierefreiheit\/\",\"name\":\"Erkl\u00e4rung \u00fcber Barrierefreiheit - Instytut Polski w Wiedniu\",\"isPartOf\":{\"@id\":\"https:\/\/instytutpolski.pl\/wien\/#website\"},\"primaryImageOfPage\":{\"@id\":\"https:\/\/instytutpolski.pl\/wien\/erklarung-uber-barrierefreiheit\/#primaryimage\"},\"image\":{\"@id\":\"https:\/\/instytutpolski.pl\/wien\/erklarung-uber-barrierefreiheit\/#primaryimage\"},\"thumbnailUrl\":\"https:\/\/instytutpolski.pl\/wien\/wp-content\/uploads\/sites\/2\/2020\/05\/Instytut-Polski-2.jpg\",\"datePublished\":\"2020-06-01T20:37:00+00:00\",\"dateModified\":\"2020-06-05T20:55:17+00:00\",\"breadcrumb\":{\"@id\":\"https:\/\/instytutpolski.pl\/wien\/erklarung-uber-barrierefreiheit\/#breadcrumb\"},\"inLanguage\":\"pl-PL\",\"potentialAction\":[{\"@type\":\"ReadAction\",\"target\":[\"https:\/\/instytutpolski.pl\/wien\/erklarung-uber-barrierefreiheit\/\"]}]},{\"@type\":\"ImageObject\",\"inLanguage\":\"pl-PL\",\"@id\":\"https:\/\/instytutpolski.pl\/wien\/erklarung-uber-barrierefreiheit\/#primaryimage\",\"url\":\"https:\/\/instytutpolski.pl\/wien\/wp-content\/uploads\/sites\/2\/2020\/05\/Instytut-Polski-2.jpg\",\"contentUrl\":\"https:\/\/instytutpolski.pl\/wien\/wp-content\/uploads\/sites\/2\/2020\/05\/Instytut-Polski-2.jpg\",\"width\":1500,\"height\":500},{\"@type\":\"BreadcrumbList\",\"@id\":\"https:\/\/instytutpolski.pl\/wien\/erklarung-uber-barrierefreiheit\/#breadcrumb\",\"itemListElement\":[{\"@type\":\"ListItem\",\"position\":1,\"name\":\"Home\",\"item\":\"https:\/\/instytutpolski.pl\/wien\/pl\/\"},{\"@type\":\"ListItem\",\"position\":2,\"name\":\"Erkl\u00e4rung \u00fcber Barrierefreiheit\"}]},{\"@type\":\"WebSite\",\"@id\":\"https:\/\/instytutpolski.pl\/wien\/#website\",\"url\":\"https:\/\/instytutpolski.pl\/wien\/\",\"name\":\"Instytut Polski w Wiedniu\",\"description\":\"Instytuty Polskie\",\"potentialAction\":[{\"@type\":\"SearchAction\",\"target\":{\"@type\":\"EntryPoint\",\"urlTemplate\":\"https:\/\/instytutpolski.pl\/wien\/?s={search_term_string}\"},\"query-input\":{\"@type\":\"PropertyValueSpecification\",\"valueRequired\":true,\"valueName\":\"search_term_string\"}}],\"inLanguage\":\"pl-PL\"}]}<\/script>\n<!-- \/ Yoast SEO plugin. -->","yoast_head_json":{"title":"Erkl\u00e4rung \u00fcber Barrierefreiheit - Instytut Polski w Wiedniu","robots":{"index":"index","follow":"follow","max-snippet":"max-snippet:-1","max-image-preview":"max-image-preview:large","max-video-preview":"max-video-preview:-1"},"canonical":"https:\/\/instytutpolski.pl\/wien\/erklarung-uber-barrierefreiheit\/","og_locale":"pl_PL","og_type":"article","og_title":"Erkl\u00e4rung \u00fcber Barrierefreiheit - Instytut Polski w Wiedniu","og_description":"Das Ministerium f\u00fcr Ausw\u00e4rtige Angelegenheiten der Republik Polen verpflichtet sich, die Barrierefreiheit seiner Website in \u00dcbereinstimmung mit den Bestimmungen des polnischen Gesetzes vom 4. April 2019 \u00fcber die digitale Zug\u00e4nglichkeit von Websites und mobilen Anwendungen \u00f6ffentlicher Einrichtungen zu gew\u00e4hrleisten. Die Erkl\u00e4rung \u00fcber die Barrierefreiheit gilt f\u00fcr die Website des Au\u00dfenministeriums institutpolski.pl\/wien Datum der Ver\u00f6ffentlichung der [&hellip;]","og_url":"https:\/\/instytutpolski.pl\/wien\/erklarung-uber-barrierefreiheit\/","og_site_name":"Instytut Polski w Wiedniu","article_modified_time":"2020-06-05T20:55:17+00:00","og_image":[{"width":1500,"height":500,"url":"https:\/\/instytutpolski.pl\/wien\/wp-content\/uploads\/sites\/2\/2020\/05\/Instytut-Polski-2.jpg","type":"image\/jpeg"}],"twitter_card":"summary_large_image","twitter_misc":{"Szacowany czas czytania":"3 minuty"},"schema":{"@context":"https:\/\/schema.org","@graph":[{"@type":"WebPage","@id":"https:\/\/instytutpolski.pl\/wien\/erklarung-uber-barrierefreiheit\/","url":"https:\/\/instytutpolski.pl\/wien\/erklarung-uber-barrierefreiheit\/","name":"Erkl\u00e4rung \u00fcber Barrierefreiheit - Instytut Polski w Wiedniu","isPartOf":{"@id":"https:\/\/instytutpolski.pl\/wien\/#website"},"primaryImageOfPage":{"@id":"https:\/\/instytutpolski.pl\/wien\/erklarung-uber-barrierefreiheit\/#primaryimage"},"image":{"@id":"https:\/\/instytutpolski.pl\/wien\/erklarung-uber-barrierefreiheit\/#primaryimage"},"thumbnailUrl":"https:\/\/instytutpolski.pl\/wien\/wp-content\/uploads\/sites\/2\/2020\/05\/Instytut-Polski-2.jpg","datePublished":"2020-06-01T20:37:00+00:00","dateModified":"2020-06-05T20:55:17+00:00","breadcrumb":{"@id":"https:\/\/instytutpolski.pl\/wien\/erklarung-uber-barrierefreiheit\/#breadcrumb"},"inLanguage":"pl-PL","potentialAction":[{"@type":"ReadAction","target":["https:\/\/instytutpolski.pl\/wien\/erklarung-uber-barrierefreiheit\/"]}]},{"@type":"ImageObject","inLanguage":"pl-PL","@id":"https:\/\/instytutpolski.pl\/wien\/erklarung-uber-barrierefreiheit\/#primaryimage","url":"https:\/\/instytutpolski.pl\/wien\/wp-content\/uploads\/sites\/2\/2020\/05\/Instytut-Polski-2.jpg","contentUrl":"https:\/\/instytutpolski.pl\/wien\/wp-content\/uploads\/sites\/2\/2020\/05\/Instytut-Polski-2.jpg","width":1500,"height":500},{"@type":"BreadcrumbList","@id":"https:\/\/instytutpolski.pl\/wien\/erklarung-uber-barrierefreiheit\/#breadcrumb","itemListElement":[{"@type":"ListItem","position":1,"name":"Home","item":"https:\/\/instytutpolski.pl\/wien\/pl\/"},{"@type":"ListItem","position":2,"name":"Erkl\u00e4rung \u00fcber Barrierefreiheit"}]},{"@type":"WebSite","@id":"https:\/\/instytutpolski.pl\/wien\/#website","url":"https:\/\/instytutpolski.pl\/wien\/","name":"Instytut Polski w Wiedniu","description":"Instytuty Polskie","potentialAction":[{"@type":"SearchAction","target":{"@type":"EntryPoint","urlTemplate":"https:\/\/instytutpolski.pl\/wien\/?s={search_term_string}"},"query-input":{"@type":"PropertyValueSpecification","valueRequired":true,"valueName":"search_term_string"}}],"inLanguage":"pl-PL"}]}},"_links":{"self":[{"href":"https:\/\/instytutpolski.pl\/wien\/wp-json\/wp\/v2\/pages\/4464","targetHints":{"allow":["GET"]}}],"collection":[{"href":"https:\/\/instytutpolski.pl\/wien\/wp-json\/wp\/v2\/pages"}],"about":[{"href":"https:\/\/instytutpolski.pl\/wien\/wp-json\/wp\/v2\/types\/page"}],"author":[{"embeddable":true,"href":"https:\/\/instytutpolski.pl\/wien\/wp-json\/wp\/v2\/users\/26"}],"replies":[{"embeddable":true,"href":"https:\/\/instytutpolski.pl\/wien\/wp-json\/wp\/v2\/comments?post=4464"}],"version-history":[{"count":3,"href":"https:\/\/instytutpolski.pl\/wien\/wp-json\/wp\/v2\/pages\/4464\/revisions"}],"predecessor-version":[{"id":4470,"href":"https:\/\/instytutpolski.pl\/wien\/wp-json\/wp\/v2\/pages\/4464\/revisions\/4470"}],"wp:featuredmedia":[{"embeddable":true,"href":"https:\/\/instytutpolski.pl\/wien\/wp-json\/wp\/v2\/media\/4248"}],"wp:attachment":[{"href":"https:\/\/instytutpolski.pl\/wien\/wp-json\/wp\/v2\/media?parent=4464"}],"curies":[{"name":"wp","href":"https:\/\/api.w.org\/{rel}","templated":true}]}}