{"id":570,"date":"2019-05-23T13:38:55","date_gmt":"2019-05-23T11:38:55","guid":{"rendered":"https:\/\/instytutpolski.pl\/wieden\/?page_id=570"},"modified":"2025-07-24T15:34:47","modified_gmt":"2025-07-24T13:34:47","slug":"wissenschaft","status":"publish","type":"page","link":"https:\/\/instytutpolski.pl\/wien\/lernen-sie-polen-kennen\/uber-polen-2\/wissenschaft\/","title":{"rendered":"Wissenschaftliche Institutionen in Polen"},"content":{"rendered":"\n<div class=\"wp-block-columns has-2-columns is-layout-flex wp-container-core-columns-is-layout-1 wp-block-columns-is-layout-flex\">\n<div class=\"wp-block-column is-layout-flow wp-block-column-is-layout-flow\"><div class=\"wp-block-image\">\n<figure class=\"aligncenter size-large is-resized\"><img loading=\"lazy\" decoding=\"async\" width=\"1024\" height=\"438\" src=\"https:\/\/instytutpolski.pl\/wien\/wp-content\/uploads\/sites\/2\/2025\/07\/logo_wersja_podstawowa_rgb-1024x438.jpg\" alt=\"\" class=\"wp-image-27229\" style=\"width:292px;height:auto\" srcset=\"https:\/\/instytutpolski.pl\/wien\/wp-content\/uploads\/sites\/2\/2025\/07\/logo_wersja_podstawowa_rgb-1024x438.jpg 1024w, https:\/\/instytutpolski.pl\/wien\/wp-content\/uploads\/sites\/2\/2025\/07\/logo_wersja_podstawowa_rgb-300x128.jpg 300w, https:\/\/instytutpolski.pl\/wien\/wp-content\/uploads\/sites\/2\/2025\/07\/logo_wersja_podstawowa_rgb-768x329.jpg 768w, https:\/\/instytutpolski.pl\/wien\/wp-content\/uploads\/sites\/2\/2025\/07\/logo_wersja_podstawowa_rgb-350x150.jpg 350w, https:\/\/instytutpolski.pl\/wien\/wp-content\/uploads\/sites\/2\/2025\/07\/logo_wersja_podstawowa_rgb.jpg 1353w\" sizes=\"auto, (max-width: 1024px) 100vw, 1024px\" \/><\/figure><\/div><\/div>\n\n\n\n<div class=\"wp-block-column is-layout-flow wp-block-column-is-layout-flow\">\n<p style=\"text-align: left\"><strong><a href=\"http:\/\/www.naukawpolsce.pap.pl\/\" target=\"_blank\" rel=\"noopener noreferrer\">Wissenschaft in Polen \/ Nauka w Polsce \u00a0<\/a><\/strong><\/p>\n<p>Diese der Wissenschaft gewidmete Internetseite wurde von der Polnischen Presseagentur (PAP) eingerichtet und wird vom Ministerium f\u00fcr Wissenschaft und Hochschulwesen finanziert. \u201enaukawpolce\u201c ist ein aktuelles Nachrichtenportal, das \u00fcber wissenschaftliche Errungenschaften aus Polen informiert.<\/p>\n<p>Das Portal ist in polnischer und englischer Version verf\u00fcgbar.<\/p>\n<\/div>\n<\/div>\n\n\n\n<div class=\"wp-block-columns has-2-columns is-layout-flex wp-container-core-columns-is-layout-2 wp-block-columns-is-layout-flex\">\n<div class=\"wp-block-column is-layout-flow wp-block-column-is-layout-flow\"><div class=\"wp-block-image\">\n<figure class=\"aligncenter size-full is-resized\"><img loading=\"lazy\" decoding=\"async\" width=\"512\" height=\"128\" src=\"https:\/\/instytutpolski.pl\/wien\/wp-content\/uploads\/sites\/2\/2025\/07\/Centrum_Nauki_Kopernik.svg-1.png\" alt=\"\" class=\"wp-image-27232\" style=\"width:350px;height:auto\" srcset=\"https:\/\/instytutpolski.pl\/wien\/wp-content\/uploads\/sites\/2\/2025\/07\/Centrum_Nauki_Kopernik.svg-1.png 512w, https:\/\/instytutpolski.pl\/wien\/wp-content\/uploads\/sites\/2\/2025\/07\/Centrum_Nauki_Kopernik.svg-1-300x75.png 300w\" sizes=\"auto, (max-width: 512px) 100vw, 512px\" \/><\/figure><\/div><\/div>\n\n\n\n<div class=\"wp-block-column is-layout-flow wp-block-column-is-layout-flow\">\n<p><a href=\"http:\/\/www.kopernik.org.pl\/\" target=\"_blank\" rel=\"noopener noreferrer\"><strong>Kopernikus-Wissenschaftszentrum \/ Centrum Nauki Kopernik<\/strong><\/a><\/p>\n<p>Dieses im Jahre 2010 in Warschau er\u00f6ffnete Zentrum ist sowohl ein modernes Museum als auch ein Forschungszentrum, dessen Ziel die Verbreitung von Wissen und die Entwicklung einer modernen Gesellschaft ist.<\/p>\n<p>Das Portal ist in polnischer und englischer Version verf\u00fcgbar.<\/p>\n<\/div>\n<\/div>\n\n\n\n<div class=\"wp-block-columns has-2-columns is-layout-flex wp-container-core-columns-is-layout-3 wp-block-columns-is-layout-flex\">\n<div class=\"wp-block-column is-layout-flow wp-block-column-is-layout-flow\"><div class=\"wp-block-image\">\n<figure class=\"aligncenter size-full is-resized\"><img loading=\"lazy\" decoding=\"async\" width=\"472\" height=\"401\" src=\"https:\/\/instytutpolski.pl\/wien\/wp-content\/uploads\/sites\/2\/2025\/07\/PanLogo.jpg\" alt=\"\" class=\"wp-image-27235\" style=\"width:170px;height:auto\" srcset=\"https:\/\/instytutpolski.pl\/wien\/wp-content\/uploads\/sites\/2\/2025\/07\/PanLogo.jpg 472w, https:\/\/instytutpolski.pl\/wien\/wp-content\/uploads\/sites\/2\/2025\/07\/PanLogo-300x255.jpg 300w\" sizes=\"auto, (max-width: 472px) 100vw, 472px\" \/><\/figure><\/div><\/div>\n\n\n\n<div class=\"wp-block-column is-layout-flow wp-block-column-is-layout-flow\">\n<p><a href=\"http:\/\/www.pan.pl\/\" target=\"_blank\" rel=\"noopener noreferrer\"><strong>Polnische Akademie der Wissenschaften \/ Polska Akademia Nauk (PAN)<\/strong><\/a><\/p>\n<p>Die Polnische Akademie der Wissenschaften ist ein gesamtpolnisches selbstst\u00e4ndiges Wissenschaftsinstitut, das der Entwicklung der Wissenschaft, ihrer F\u00f6rderung, Integration und Verbreitung dient. Die PAN f\u00fchrt herausragende polnische Wissenschaftler und Forscher in allen Bereichen, von den Geisteswissenschaften bis zur Medizin, zusammen. Das Institut hat auch eine Filiale in Wien.<\/p>\n<p>Das Portal ist in polnischer und englischer Version verf\u00fcgbar.<\/p>\n<\/div>\n<\/div>\n\n\n\n<div class=\"wp-block-columns has-2-columns is-layout-flex wp-container-core-columns-is-layout-4 wp-block-columns-is-layout-flex\">\n<div class=\"wp-block-column is-layout-flow wp-block-column-is-layout-flow\"><div class=\"wp-block-image\">\n<figure class=\"aligncenter size-large is-resized\"><img loading=\"lazy\" decoding=\"async\" width=\"1024\" height=\"539\" src=\"https:\/\/instytutpolski.pl\/wien\/wp-content\/uploads\/sites\/2\/2025\/07\/EURAXESS_Logo1200x630-1024x539.png\" alt=\"\" class=\"wp-image-27238\" style=\"width:266px;height:auto\" srcset=\"https:\/\/instytutpolski.pl\/wien\/wp-content\/uploads\/sites\/2\/2025\/07\/EURAXESS_Logo1200x630-1024x539.png 1024w, https:\/\/instytutpolski.pl\/wien\/wp-content\/uploads\/sites\/2\/2025\/07\/EURAXESS_Logo1200x630-300x158.png 300w, https:\/\/instytutpolski.pl\/wien\/wp-content\/uploads\/sites\/2\/2025\/07\/EURAXESS_Logo1200x630-768x404.png 768w, https:\/\/instytutpolski.pl\/wien\/wp-content\/uploads\/sites\/2\/2025\/07\/EURAXESS_Logo1200x630.png 1197w\" sizes=\"auto, (max-width: 1024px) 100vw, 1024px\" \/><\/figure><\/div><\/div>\n\n\n\n<div class=\"wp-block-column is-layout-flow wp-block-column-is-layout-flow\">\n<p><a href=\"https:\/\/www.euraxess.pl\/\"><strong>EURAXESS Polen f\u00fcr internationale Wissenschaftler<\/strong><\/a>\u00a0<\/p>\n<p>Das Portal ist eine gemeinsame Initiative der Europ\u00e4ischen Kommission und der L\u00e4nder, die am europ\u00e4ischen Rahmenprogramm f\u00fcr Forschung und technologische Entwicklung teilnehmen. Euraxess Polska dient der F\u00f6rderung von international t\u00e4tigen Wissenschaftlern, indem kostenlos vollst\u00e4ndige und praktische Informationen zur Verf\u00fcgung gestellt und notwendige Hilfeleistungen w\u00e4hrend eines Auslandsaufenthalts sichergestellt werden.<\/p>\n<p>Das Portal ist in polnischer und englischer Version verf\u00fcgbar.<\/p>\n<\/div>\n<\/div>\n\n\n\n<div class=\"wp-block-columns has-2-columns is-layout-flex wp-container-core-columns-is-layout-5 wp-block-columns-is-layout-flex\">\n<div class=\"wp-block-column is-layout-flow wp-block-column-is-layout-flow\"><\/div>\n\n\n\n<div class=\"wp-block-column is-layout-flow wp-block-column-is-layout-flow\"><\/div>\n<\/div>\n","protected":false},"excerpt":{"rendered":"<p>Wissenschaft in Polen \/ Nauka w Polsce \u00a0 Diese der Wissenschaft gewidmete Internetseite wurde von der Polnischen Presseagentur (PAP) eingerichtet und wird vom Ministerium f\u00fcr Wissenschaft und Hochschulwesen finanziert. \u201enaukawpolce\u201c ist ein aktuelles Nachrichtenportal, das \u00fcber wissenschaftliche Errungenschaften aus Polen informiert. Das Portal ist in polnischer und englischer Version verf\u00fcgbar. Kopernikus-Wissenschaftszentrum \/ Centrum Nauki Kopernik [&hellip;]<\/p>\n","protected":false},"author":1,"featured_media":751,"parent":551,"menu_order":0,"comment_status":"closed","ping_status":"closed","template":"","meta":{"inline_featured_image":false,"_monsterinsights_skip_tracking":false,"_monsterinsights_sitenote_active":false,"_monsterinsights_sitenote_note":"","_monsterinsights_sitenote_category":0,"footnotes":""},"class_list":["post-570","page","type-page","status-publish","has-post-thumbnail","hentry"],"yoast_head":"<!-- This site is optimized with the Yoast SEO plugin v24.6 - https:\/\/yoast.com\/wordpress\/plugins\/seo\/ -->\n<title>Wissenschaftliche Institutionen in Polen - Instytut Polski w Wiedniu<\/title>\n<meta name=\"robots\" content=\"index, follow, max-snippet:-1, max-image-preview:large, max-video-preview:-1\" \/>\n<link rel=\"canonical\" href=\"https:\/\/instytutpolski.pl\/wien\/lernen-sie-polen-kennen\/uber-polen-2\/wissenschaft\/\" \/>\n<meta property=\"og:locale\" content=\"pl_PL\" \/>\n<meta property=\"og:type\" content=\"article\" \/>\n<meta property=\"og:title\" content=\"Wissenschaftliche Institutionen in Polen - Instytut Polski w Wiedniu\" \/>\n<meta property=\"og:description\" content=\"Wissenschaft in Polen \/ Nauka w Polsce \u00a0 Diese der Wissenschaft gewidmete Internetseite wurde von der Polnischen Presseagentur (PAP) eingerichtet und wird vom Ministerium f\u00fcr Wissenschaft und Hochschulwesen finanziert. \u201enaukawpolce\u201c ist ein aktuelles Nachrichtenportal, das \u00fcber wissenschaftliche Errungenschaften aus Polen informiert. Das Portal ist in polnischer und englischer Version verf\u00fcgbar. Kopernikus-Wissenschaftszentrum \/ Centrum Nauki Kopernik [&hellip;]\" \/>\n<meta property=\"og:url\" content=\"https:\/\/instytutpolski.pl\/wien\/lernen-sie-polen-kennen\/uber-polen-2\/wissenschaft\/\" \/>\n<meta property=\"og:site_name\" content=\"Instytut Polski w Wiedniu\" \/>\n<meta property=\"article:modified_time\" content=\"2025-07-24T13:34:47+00:00\" \/>\n<meta property=\"og:image\" content=\"https:\/\/instytutpolski.pl\/wien\/wp-content\/uploads\/sites\/2\/2019\/06\/nauka-w-polsce.jpg\" \/>\n\t<meta property=\"og:image:width\" content=\"1920\" \/>\n\t<meta property=\"og:image:height\" content=\"700\" \/>\n\t<meta property=\"og:image:type\" content=\"image\/jpeg\" \/>\n<meta name=\"twitter:card\" content=\"summary_large_image\" \/>\n<meta name=\"twitter:label1\" content=\"Szacowany czas czytania\" \/>\n\t<meta name=\"twitter:data1\" content=\"3 minuty\" \/>\n<script type=\"application\/ld+json\" class=\"yoast-schema-graph\">{\"@context\":\"https:\/\/schema.org\",\"@graph\":[{\"@type\":\"WebPage\",\"@id\":\"https:\/\/instytutpolski.pl\/wien\/lernen-sie-polen-kennen\/uber-polen-2\/wissenschaft\/\",\"url\":\"https:\/\/instytutpolski.pl\/wien\/lernen-sie-polen-kennen\/uber-polen-2\/wissenschaft\/\",\"name\":\"Wissenschaftliche Institutionen in Polen - Instytut Polski w Wiedniu\",\"isPartOf\":{\"@id\":\"https:\/\/instytutpolski.pl\/wien\/#website\"},\"primaryImageOfPage\":{\"@id\":\"https:\/\/instytutpolski.pl\/wien\/lernen-sie-polen-kennen\/uber-polen-2\/wissenschaft\/#primaryimage\"},\"image\":{\"@id\":\"https:\/\/instytutpolski.pl\/wien\/lernen-sie-polen-kennen\/uber-polen-2\/wissenschaft\/#primaryimage\"},\"thumbnailUrl\":\"https:\/\/instytutpolski.pl\/wien\/wp-content\/uploads\/sites\/2\/2019\/06\/nauka-w-polsce.jpg\",\"datePublished\":\"2019-05-23T11:38:55+00:00\",\"dateModified\":\"2025-07-24T13:34:47+00:00\",\"breadcrumb\":{\"@id\":\"https:\/\/instytutpolski.pl\/wien\/lernen-sie-polen-kennen\/uber-polen-2\/wissenschaft\/#breadcrumb\"},\"inLanguage\":\"pl-PL\",\"potentialAction\":[{\"@type\":\"ReadAction\",\"target\":[\"https:\/\/instytutpolski.pl\/wien\/lernen-sie-polen-kennen\/uber-polen-2\/wissenschaft\/\"]}]},{\"@type\":\"ImageObject\",\"inLanguage\":\"pl-PL\",\"@id\":\"https:\/\/instytutpolski.pl\/wien\/lernen-sie-polen-kennen\/uber-polen-2\/wissenschaft\/#primaryimage\",\"url\":\"https:\/\/instytutpolski.pl\/wien\/wp-content\/uploads\/sites\/2\/2019\/06\/nauka-w-polsce.jpg\",\"contentUrl\":\"https:\/\/instytutpolski.pl\/wien\/wp-content\/uploads\/sites\/2\/2019\/06\/nauka-w-polsce.jpg\",\"width\":1920,\"height\":700},{\"@type\":\"BreadcrumbList\",\"@id\":\"https:\/\/instytutpolski.pl\/wien\/lernen-sie-polen-kennen\/uber-polen-2\/wissenschaft\/#breadcrumb\",\"itemListElement\":[{\"@type\":\"ListItem\",\"position\":1,\"name\":\"Home\",\"item\":\"https:\/\/instytutpolski.pl\/wien\/pl\/\"},{\"@type\":\"ListItem\",\"position\":2,\"name\":\"Lernen Sie Polen kennen\",\"item\":\"https:\/\/instytutpolski.pl\/wien\/lernen-sie-polen-kennen\/\"},{\"@type\":\"ListItem\",\"position\":3,\"name\":\"\u00dcber Polen\",\"item\":\"https:\/\/instytutpolski.pl\/wien\/lernen-sie-polen-kennen\/uber-polen-2\/\"},{\"@type\":\"ListItem\",\"position\":4,\"name\":\"Wissenschaftliche Institutionen in Polen\"}]},{\"@type\":\"WebSite\",\"@id\":\"https:\/\/instytutpolski.pl\/wien\/#website\",\"url\":\"https:\/\/instytutpolski.pl\/wien\/\",\"name\":\"Instytut Polski w Wiedniu\",\"description\":\"Instytuty Polskie\",\"potentialAction\":[{\"@type\":\"SearchAction\",\"target\":{\"@type\":\"EntryPoint\",\"urlTemplate\":\"https:\/\/instytutpolski.pl\/wien\/?s={search_term_string}\"},\"query-input\":{\"@type\":\"PropertyValueSpecification\",\"valueRequired\":true,\"valueName\":\"search_term_string\"}}],\"inLanguage\":\"pl-PL\"}]}<\/script>\n<!-- \/ Yoast SEO plugin. -->","yoast_head_json":{"title":"Wissenschaftliche Institutionen in Polen - Instytut Polski w Wiedniu","robots":{"index":"index","follow":"follow","max-snippet":"max-snippet:-1","max-image-preview":"max-image-preview:large","max-video-preview":"max-video-preview:-1"},"canonical":"https:\/\/instytutpolski.pl\/wien\/lernen-sie-polen-kennen\/uber-polen-2\/wissenschaft\/","og_locale":"pl_PL","og_type":"article","og_title":"Wissenschaftliche Institutionen in Polen - Instytut Polski w Wiedniu","og_description":"Wissenschaft in Polen \/ Nauka w Polsce \u00a0 Diese der Wissenschaft gewidmete Internetseite wurde von der Polnischen Presseagentur (PAP) eingerichtet und wird vom Ministerium f\u00fcr Wissenschaft und Hochschulwesen finanziert. \u201enaukawpolce\u201c ist ein aktuelles Nachrichtenportal, das \u00fcber wissenschaftliche Errungenschaften aus Polen informiert. Das Portal ist in polnischer und englischer Version verf\u00fcgbar. Kopernikus-Wissenschaftszentrum \/ Centrum Nauki Kopernik [&hellip;]","og_url":"https:\/\/instytutpolski.pl\/wien\/lernen-sie-polen-kennen\/uber-polen-2\/wissenschaft\/","og_site_name":"Instytut Polski w Wiedniu","article_modified_time":"2025-07-24T13:34:47+00:00","og_image":[{"width":1920,"height":700,"url":"https:\/\/instytutpolski.pl\/wien\/wp-content\/uploads\/sites\/2\/2019\/06\/nauka-w-polsce.jpg","type":"image\/jpeg"}],"twitter_card":"summary_large_image","twitter_misc":{"Szacowany czas czytania":"3 minuty"},"schema":{"@context":"https:\/\/schema.org","@graph":[{"@type":"WebPage","@id":"https:\/\/instytutpolski.pl\/wien\/lernen-sie-polen-kennen\/uber-polen-2\/wissenschaft\/","url":"https:\/\/instytutpolski.pl\/wien\/lernen-sie-polen-kennen\/uber-polen-2\/wissenschaft\/","name":"Wissenschaftliche Institutionen in Polen - Instytut Polski w Wiedniu","isPartOf":{"@id":"https:\/\/instytutpolski.pl\/wien\/#website"},"primaryImageOfPage":{"@id":"https:\/\/instytutpolski.pl\/wien\/lernen-sie-polen-kennen\/uber-polen-2\/wissenschaft\/#primaryimage"},"image":{"@id":"https:\/\/instytutpolski.pl\/wien\/lernen-sie-polen-kennen\/uber-polen-2\/wissenschaft\/#primaryimage"},"thumbnailUrl":"https:\/\/instytutpolski.pl\/wien\/wp-content\/uploads\/sites\/2\/2019\/06\/nauka-w-polsce.jpg","datePublished":"2019-05-23T11:38:55+00:00","dateModified":"2025-07-24T13:34:47+00:00","breadcrumb":{"@id":"https:\/\/instytutpolski.pl\/wien\/lernen-sie-polen-kennen\/uber-polen-2\/wissenschaft\/#breadcrumb"},"inLanguage":"pl-PL","potentialAction":[{"@type":"ReadAction","target":["https:\/\/instytutpolski.pl\/wien\/lernen-sie-polen-kennen\/uber-polen-2\/wissenschaft\/"]}]},{"@type":"ImageObject","inLanguage":"pl-PL","@id":"https:\/\/instytutpolski.pl\/wien\/lernen-sie-polen-kennen\/uber-polen-2\/wissenschaft\/#primaryimage","url":"https:\/\/instytutpolski.pl\/wien\/wp-content\/uploads\/sites\/2\/2019\/06\/nauka-w-polsce.jpg","contentUrl":"https:\/\/instytutpolski.pl\/wien\/wp-content\/uploads\/sites\/2\/2019\/06\/nauka-w-polsce.jpg","width":1920,"height":700},{"@type":"BreadcrumbList","@id":"https:\/\/instytutpolski.pl\/wien\/lernen-sie-polen-kennen\/uber-polen-2\/wissenschaft\/#breadcrumb","itemListElement":[{"@type":"ListItem","position":1,"name":"Home","item":"https:\/\/instytutpolski.pl\/wien\/pl\/"},{"@type":"ListItem","position":2,"name":"Lernen Sie Polen kennen","item":"https:\/\/instytutpolski.pl\/wien\/lernen-sie-polen-kennen\/"},{"@type":"ListItem","position":3,"name":"\u00dcber Polen","item":"https:\/\/instytutpolski.pl\/wien\/lernen-sie-polen-kennen\/uber-polen-2\/"},{"@type":"ListItem","position":4,"name":"Wissenschaftliche Institutionen in Polen"}]},{"@type":"WebSite","@id":"https:\/\/instytutpolski.pl\/wien\/#website","url":"https:\/\/instytutpolski.pl\/wien\/","name":"Instytut Polski w Wiedniu","description":"Instytuty Polskie","potentialAction":[{"@type":"SearchAction","target":{"@type":"EntryPoint","urlTemplate":"https:\/\/instytutpolski.pl\/wien\/?s={search_term_string}"},"query-input":{"@type":"PropertyValueSpecification","valueRequired":true,"valueName":"search_term_string"}}],"inLanguage":"pl-PL"}]}},"_links":{"self":[{"href":"https:\/\/instytutpolski.pl\/wien\/wp-json\/wp\/v2\/pages\/570","targetHints":{"allow":["GET"]}}],"collection":[{"href":"https:\/\/instytutpolski.pl\/wien\/wp-json\/wp\/v2\/pages"}],"about":[{"href":"https:\/\/instytutpolski.pl\/wien\/wp-json\/wp\/v2\/types\/page"}],"author":[{"embeddable":true,"href":"https:\/\/instytutpolski.pl\/wien\/wp-json\/wp\/v2\/users\/1"}],"replies":[{"embeddable":true,"href":"https:\/\/instytutpolski.pl\/wien\/wp-json\/wp\/v2\/comments?post=570"}],"version-history":[{"count":16,"href":"https:\/\/instytutpolski.pl\/wien\/wp-json\/wp\/v2\/pages\/570\/revisions"}],"predecessor-version":[{"id":27253,"href":"https:\/\/instytutpolski.pl\/wien\/wp-json\/wp\/v2\/pages\/570\/revisions\/27253"}],"up":[{"embeddable":true,"href":"https:\/\/instytutpolski.pl\/wien\/wp-json\/wp\/v2\/pages\/551"}],"wp:featuredmedia":[{"embeddable":true,"href":"https:\/\/instytutpolski.pl\/wien\/wp-json\/wp\/v2\/media\/751"}],"wp:attachment":[{"href":"https:\/\/instytutpolski.pl\/wien\/wp-json\/wp\/v2\/media?parent=570"}],"curies":[{"name":"wp","href":"https:\/\/api.w.org\/{rel}","templated":true}]}}